File manager - Edit - /usr/local/apache/domlogs/webtrixia/primafinancegroup.com.webtrixia.com-ssl_log
Back
66.249.68.137 - - [10/Jul/2026:11:26:13 +0300] "GET /items/U992498520/ HTTP/1.1" 200 76159 "-" "Mozilla/5.0 (Linux; Android 6.0.1; Nexus 5X Build/MMB29P) AppleWebKit/537.36 (KHTML, like Gecko) Chrome/150.0.7871.46 Mobile Safari/537.36 (compatible; Googlebot/2.1; +http://www.google.com/bot.html)"
66.249.68.135 - - [10/Jul/2026:11:28:55 +0300] "GET /items/N621781415/ HTTP/1.1" 200 76159 "-" "Mozilla/5.0 (Linux; Android 6.0.1; Nexus 5X Build/MMB29P) AppleWebKit/537.36 (KHTML, like Gecko) Chrome/150.0.7871.46 Mobile Safari/537.36 (compatible; Googlebot/2.1; +http://www.google.com/bot.html)"
5.161.194.92 - - [10/Jul/2026:11:29:12 +0300] "HEAD / HTTP/1.1" 200 0 "https://primafinancegroup.com" "Mozilla/5.0+(compatible; UptimeRobot/2.0; http://www.uptimerobot.com/)"
66.249.68.136 - - [10/Jul/2026:11:31:01 +0300] "GET /items/N621345377/ HTTP/1.1" 200 76159 "-" "Mozilla/5.0 (Linux; Android 6.0.1; Nexus 5X Build/MMB29P) AppleWebKit/537.36 (KHTML, like Gecko) Chrome/150.0.7871.46 Mobile Safari/537.36 (compatible; Googlebot/2.1; +http://www.google.com/bot.html)"
150.40.100.101 - - [10/Jul/2026:11:32:27 +0300] "GET / HTTP/1.1" 200 79063 "-" "Mozilla/5.0 (Windows NT 10.0; Win64; x64) AppleWebKit/537.36 (KHTML, like Gecko) Chrome/131.0.0.0 Safari/537.36"
66.249.68.135 - - [10/Jul/2026:11:33:03 +0300] "GET /items/N621582983/ HTTP/1.1" 200 76159 "-" "Mozilla/5.0 (Linux; Android 6.0.1; Nexus 5X Build/MMB29P) AppleWebKit/537.36 (KHTML, like Gecko) Chrome/150.0.7871.46 Mobile Safari/537.36 (compatible; Googlebot/2.1; +http://www.google.com/bot.html)"
66.249.68.137 - - [10/Jul/2026:11:34:04 +0300] "GET /items/N622790850/ HTTP/1.1" 200 76159 "-" "Mozilla/5.0 (Linux; Android 6.0.1; Nexus 5X Build/MMB29P) AppleWebKit/537.36 (KHTML, like Gecko) Chrome/150.0.7871.46 Mobile Safari/537.36 (compatible; Googlebot/2.1; +http://www.google.com/bot.html)"
178.156.189.249 - - [10/Jul/2026:11:34:17 +0300] "HEAD / HTTP/1.1" 200 0 "https://primafinancegroup.com" "Mozilla/5.0+(compatible; UptimeRobot/2.0; http://www.uptimerobot.com/)"
66.249.68.135 - - [10/Jul/2026:11:36:06 +0300] "GET /items/N622676270/ HTTP/1.1" 200 76159 "-" "Mozilla/5.0 (Linux; Android 6.0.1; Nexus 5X Build/MMB29P) AppleWebKit/537.36 (KHTML, like Gecko) Chrome/150.0.7871.46 Mobile Safari/537.36 (compatible; Googlebot/2.1; +http://www.google.com/bot.html)"
66.249.68.137 - - [10/Jul/2026:11:38:08 +0300] "GET /items/N622596580/ HTTP/1.1" 200 76159 "-" "Mozilla/5.0 (Linux; Android 6.0.1; Nexus 5X Build/MMB29P) AppleWebKit/537.36 (KHTML, like Gecko) Chrome/150.0.7871.46 Mobile Safari/537.36 (compatible; Googlebot/2.1; +http://www.google.com/bot.html)"
3.133.226.214 - - [10/Jul/2026:11:39:23 +0300] "HEAD / HTTP/1.1" 200 0 "https://primafinancegroup.com" "Mozilla/5.0+(compatible; UptimeRobot/2.0; http://www.uptimerobot.com/)"
66.249.68.136 - - [10/Jul/2026:11:40:10 +0300] "GET /items/N621405549/ HTTP/1.1" 200 76159 "-" "Mozilla/5.0 (Linux; Android 6.0.1; Nexus 5X Build/MMB29P) AppleWebKit/537.36 (KHTML, like Gecko) Chrome/150.0.7871.46 Mobile Safari/537.36 (compatible; Googlebot/2.1; +http://www.google.com/bot.html)"
193.111.248.191 - - [10/Jul/2026:11:41:08 +0300] "GET / HTTP/1.1" 200 79063 "-" "BossBacklinkChecker/2.3 (crawler)"
109.120.246.3 - - [10/Jul/2026:11:41:35 +0300] "GET / HTTP/1.1" 200 79063 "-" "Mozilla/5.0 (X11; Linux x86_64) AppleWebKit/537.36 (KHTML, like Gecko) Chrome/148.0.0.0 Safari/537.36 OPR/132.0.0.0"
109.120.246.3 - - [10/Jul/2026:11:41:36 +0300] "GET /wp-includes/js/dist/script-modules/interactivity/index.min.js?ver=efaa5193bbad9c60ffd1 HTTP/1.1" 200 40106 "-" "Mozilla/5.0 (X11; Linux x86_64) AppleWebKit/537.36 (KHTML, like Gecko) Chrome/148.0.0.0 Safari/537.36 OPR/132.0.0.0"
109.120.246.3 - - [10/Jul/2026:11:41:36 +0300] "GET /wp-content/uploads/2025/01/close-up-executive-pointing-graph_1098-3905.jpg HTTP/1.1" 200 170972 "https://primafinancegroup.com/" "Mozilla/5.0 (X11; Linux x86_64) AppleWebKit/537.36 (KHTML, like Gecko) Chrome/148.0.0.0 Safari/537.36 OPR/132.0.0.0"
109.120.246.3 - - [10/Jul/2026:11:41:36 +0300] "GET /wp-content/uploads/2025/01/5.png HTTP/1.1" 200 20403 "https://primafinancegroup.com/" "Mozilla/5.0 (X11; Linux x86_64) AppleWebKit/537.36 (KHTML, like Gecko) Chrome/148.0.0.0 Safari/537.36 OPR/132.0.0.0"
109.120.246.3 - - [10/Jul/2026:11:41:36 +0300] "GET /wp-content/uploads/2025/01/6.png HTTP/1.1" 200 11385 "https://primafinancegroup.com/" "Mozilla/5.0 (X11; Linux x86_64) AppleWebKit/537.36 (KHTML, like Gecko) Chrome/148.0.0.0 Safari/537.36 OPR/132.0.0.0"
109.120.246.3 - - [10/Jul/2026:11:41:36 +0300] "GET /wp-content/themes/twentytwentyfour/assets/fonts/cardo/cardo_normal_400.woff2 HTTP/1.1" 200 146060 "https://primafinancegroup.com/" "Mozilla/5.0 (X11; Linux x86_64) AppleWebKit/537.36 (KHTML, like Gecko) Chrome/148.0.0.0 Safari/537.36 OPR/132.0.0.0"
109.120.246.3 - - [10/Jul/2026:11:41:36 +0300] "GET /wp-includes/js/dist/script-modules/block-library/navigation/view.min.js?ver=96a846e1d7b789c39ab9 HTTP/1.1" 200 3053 "https://primafinancegroup.com/" "Mozilla/5.0 (X11; Linux x86_64) AppleWebKit/537.36 (KHTML, like Gecko) Chrome/148.0.0.0 Safari/537.36 OPR/132.0.0.0"
109.120.246.3 - - [10/Jul/2026:11:41:36 +0300] "GET /wp-content/themes/twentytwentyfour/assets/fonts/inter/Inter-VariableFont_slnt,wght.woff2 HTTP/1.1" 200 326628 "https://primafinancegroup.com/" "Mozilla/5.0 (X11; Linux x86_64) AppleWebKit/537.36 (KHTML, like Gecko) Chrome/148.0.0.0 Safari/537.36 OPR/132.0.0.0"
66.249.68.137 - - [10/Jul/2026:11:42:15 +0300] "GET /items/U992449028/ HTTP/1.1" 200 76159 "-" "Mozilla/5.0 (Linux; Android 6.0.1; Nexus 5X Build/MMB29P) AppleWebKit/537.36 (KHTML, like Gecko) Chrome/150.0.7871.46 Mobile Safari/537.36 (compatible; Googlebot/2.1; +http://www.google.com/bot.html)"
66.249.68.137 - - [10/Jul/2026:11:44:24 +0300] "GET /items/U991025173/ HTTP/1.1" 200 76159 "-" "Mozilla/5.0 (Linux; Android 6.0.1; Nexus 5X Build/MMB29P) AppleWebKit/537.36 (KHTML, like Gecko) Chrome/150.0.7871.46 Mobile Safari/537.36 (compatible; Googlebot/2.1; +http://www.google.com/bot.html)"
3.149.57.90 - - [10/Jul/2026:11:44:29 +0300] "HEAD / HTTP/1.1" 200 0 "https://primafinancegroup.com" "Mozilla/5.0+(compatible; UptimeRobot/2.0; http://www.uptimerobot.com/)"
180.252.252.86 - - [10/Jul/2026:11:44:40 +0300] "GET /admin/ HTTP/1.1" 200 11 "https://url-opener.com/" "Mozilla/5.0 (Windows NT 10.0; Win64; x64) AppleWebKit/537.36 (KHTML, like Gecko) Chrome/150.0.0.0 Safari/537.36"
180.252.252.86 - - [10/Jul/2026:11:44:41 +0300] "GET /favicon.ico HTTP/1.1" 200 11 "https://primafinancegroup.com/admin/" "Mozilla/5.0 (Windows NT 10.0; Win64; x64) AppleWebKit/537.36 (KHTML, like Gecko) Chrome/150.0.0.0 Safari/537.36"
150.40.100.101 - - [10/Jul/2026:11:46:05 +0300] "GET / HTTP/1.1" 200 79063 "-" "Mozilla/5.0 (Windows NT 10.0; Win64; x64) AppleWebKit/537.36 (KHTML, like Gecko) Chrome/131.0.0.0 Safari/537.36"
66.249.68.137 - - [10/Jul/2026:11:46:07 +0300] "GET /items/U993299304/ HTTP/1.1" 200 76159 "-" "Mozilla/5.0 (Linux; Android 6.0.1; Nexus 5X Build/MMB29P) AppleWebKit/537.36 (KHTML, like Gecko) Chrome/150.0.7871.46 Mobile Safari/537.36 (compatible; Googlebot/2.1; +http://www.google.com/bot.html)"
66.249.68.136 - - [10/Jul/2026:11:48:11 +0300] "GET /items/U991905265/ HTTP/1.1" 200 76159 "-" "Mozilla/5.0 (Linux; Android 6.0.1; Nexus 5X Build/MMB29P) AppleWebKit/537.36 (KHTML, like Gecko) Chrome/150.0.7871.46 Mobile Safari/537.36 (compatible; Googlebot/2.1; +http://www.google.com/bot.html)"
208.84.100.78 - - [10/Jul/2026:11:48:42 +0300] "GET / HTTP/1.1" 200 11 "-" "Mozilla/5.0 (Windows NT 10.0; Win64; x64) AppleWebKit/537.36 (KHTML, like Gecko) Chrome/146.0.0.0 Safari/537.36 Edg/146.0.0.0"
208.84.100.78 - - [10/Jul/2026:11:48:43 +0300] "GET / HTTP/1.1" 200 11 "-" "Mozilla/5.0 (Windows NT 10.0; Win64; x64) AppleWebKit/537.36 (KHTML, like Gecko) Chrome/146.0.0.0 Safari/537.36"
208.84.100.78 - - [10/Jul/2026:11:48:43 +0300] "GET / HTTP/1.1" 200 11 "-" "Mozilla/5.0 (Macintosh; Intel Mac OS X 10_15_7) AppleWebKit/537.36 (KHTML, like Gecko) Chrome/146.0.0.0 Safari/537.36"
5.161.61.238 - - [10/Jul/2026:11:49:34 +0300] "HEAD / HTTP/1.1" 200 0 "https://primafinancegroup.com" "Mozilla/5.0+(compatible; UptimeRobot/2.0; http://www.uptimerobot.com/)"
93.94.140.42 - - [10/Jul/2026:11:50:13 +0300] "POST /wp-cron.php?doing_wp_cron=1783673413.0672340393066406250000 HTTP/1.1" 200 0 "-" "WordPress/7.0.1; https://primafinancegroup.com"
66.249.68.136 - - [10/Jul/2026:11:50:13 +0300] "GET /items/U992888586/ HTTP/1.1" 200 76159 "-" "Mozilla/5.0 (Linux; Android 6.0.1; Nexus 5X Build/MMB29P) AppleWebKit/537.36 (KHTML, like Gecko) Chrome/150.0.7871.46 Mobile Safari/537.36 (compatible; Googlebot/2.1; +http://www.google.com/bot.html)"
93.94.140.42 - - [10/Jul/2026:11:50:14 +0300] "POST /wp-cron.php HTTP/1.1" 200 0 "-" "WordPress/7.0.1; https://primafinancegroup.com"
93.94.140.42 - - [10/Jul/2026:11:50:15 +0300] "GET / HTTP/1.1" 200 79063 "-" "WordPress/7.0.1; https://primafinancegroup.com"
93.94.140.42 - - [10/Jul/2026:11:50:15 +0300] "GET / HTTP/1.1" 200 79063 "-" "WordPress/7.0.1; https://primafinancegroup.com"
93.94.140.42 - - [10/Jul/2026:11:50:16 +0300] "GET / HTTP/1.1" 200 79063 "-" "WordPress/7.0.1; https://primafinancegroup.com"
93.94.140.42 - - [10/Jul/2026:11:50:16 +0300] "GET / HTTP/1.1" 200 79063 "-" "WordPress/7.0.1; https://primafinancegroup.com"
93.94.140.42 - - [10/Jul/2026:11:54:38 +0300] "POST /wp-cron.php?doing_wp_cron=1783673678.4383029937744140625000 HTTP/1.1" 200 0 "-" "WordPress/7.0.1; https://primafinancegroup.com"
3.20.63.178 - - [10/Jul/2026:11:54:38 +0300] "HEAD / HTTP/1.1" 200 0 "https://primafinancegroup.com" "Mozilla/5.0+(compatible; UptimeRobot/2.0; http://www.uptimerobot.com/)"
66.249.68.135 - - [10/Jul/2026:11:56:14 +0300] "GET /items/U991251647/ HTTP/1.1" 200 76159 "-" "Mozilla/5.0 (Linux; Android 6.0.1; Nexus 5X Build/MMB29P) AppleWebKit/537.36 (KHTML, like Gecko) Chrome/150.0.7871.46 Mobile Safari/537.36 (compatible; Googlebot/2.1; +http://www.google.com/bot.html)"
178.156.181.172 - - [10/Jul/2026:11:59:43 +0300] "HEAD / HTTP/1.1" 200 0 "https://primafinancegroup.com" "Mozilla/5.0+(compatible; UptimeRobot/2.0; http://www.uptimerobot.com/)"
113.15.123.55 - - [10/Jul/2026:12:00:29 +0300] "POST /wp-comments-post.php HTTP/1.1" 302 0 "-" "Mozilla/5.0 (Windows NT 10.0; Win64; x64) AppleWebKit/537.36 (KHTML, like Gecko) Chrome/108.0.0.0 Safari/537.36 Edg/108.0.1462.46"
113.15.123.55 - - [10/Jul/2026:12:00:31 +0300] "GET /2025/01/30/hello-world/?unapproved=382&moderation-hash=cd800b008fbdae6937be257c85d68d43 HTTP/1.1" 200 100420 "-" "Mozilla/5.0 (Windows NT 10.0; Win64; x64) AppleWebKit/537.36 (KHTML, like Gecko) Chrome/108.0.0.0 Safari/537.36 Edg/108.0.1462.46"
150.40.100.101 - - [10/Jul/2026:12:00:46 +0300] "GET / HTTP/1.1" 200 79063 "-" "Mozilla/5.0 (Windows NT 10.0; Win64; x64) AppleWebKit/537.36 (KHTML, like Gecko) Chrome/131.0.0.0 Safari/537.36"
66.249.68.136 - - [10/Jul/2026:12:02:18 +0300] "GET /items/U992066779/ HTTP/1.1" 200 76159 "-" "Mozilla/5.0 (Linux; Android 6.0.1; Nexus 5X Build/MMB29P) AppleWebKit/537.36 (KHTML, like Gecko) Chrome/150.0.7871.46 Mobile Safari/537.36 (compatible; Googlebot/2.1; +http://www.google.com/bot.html)"
52.87.72.16 - - [10/Jul/2026:12:04:49 +0300] "HEAD / HTTP/1.1" 200 0 "https://primafinancegroup.com" "Mozilla/5.0+(compatible; UptimeRobot/2.0; http://www.uptimerobot.com/)"
66.249.68.137 - - [10/Jul/2026:12:08:19 +0300] "GET /items/U992019074/ HTTP/1.1" 200 76159 "-" "Mozilla/5.0 (Linux; Android 6.0.1; Nexus 5X Build/MMB29P) AppleWebKit/537.36 (KHTML, like Gecko) Chrome/150.0.7871.46 Mobile Safari/537.36 (compatible; Googlebot/2.1; +http://www.google.com/bot.html)"
5.161.61.238 - - [10/Jul/2026:12:09:54 +0300] "HEAD / HTTP/1.1" 200 0 "https://primafinancegroup.com" "Mozilla/5.0+(compatible; UptimeRobot/2.0; http://www.uptimerobot.com/)"
150.40.100.101 - - [10/Jul/2026:12:14:25 +0300] "GET / HTTP/1.1" 200 79063 "-" "Mozilla/5.0 (Windows NT 10.0; Win64; x64) AppleWebKit/537.36 (KHTML, like Gecko) Chrome/131.0.0.0 Safari/537.36"
66.249.68.137 - - [10/Jul/2026:12:14:30 +0300] "GET /items/U991293982/ HTTP/1.1" 200 76159 "-" "Mozilla/5.0 (Linux; Android 6.0.1; Nexus 5X Build/MMB29P) AppleWebKit/537.36 (KHTML, like Gecko) Chrome/150.0.7871.46 Mobile Safari/537.36 (compatible; Googlebot/2.1; +http://www.google.com/bot.html)"
178.156.185.231 - - [10/Jul/2026:12:15:00 +0300] "HEAD / HTTP/1.1" 200 0 "https://primafinancegroup.com" "Mozilla/5.0+(compatible; UptimeRobot/2.0; http://www.uptimerobot.com/)"
193.111.248.191 - - [10/Jul/2026:12:15:25 +0300] "GET / HTTP/1.1" 200 79063 "-" "BossBacklinkChecker/2.3 (crawler)"
89.124.83.75 - - [10/Jul/2026:12:19:52 +0300] "GET /2025/01/30/hello-world/?replytocom=1 HTTP/1.0" 200 98340 "https://primafinancegroup.com/2025/01/30/hello-world/?replytocom=1" "Mozilla/5.0 (Windows NT 10.0; Win64; x64) AppleWebKit/537.36 (KHTML, like Gecko) Chrome/129.0.0.0 Safari/537.36"
89.124.83.75 - - [10/Jul/2026:12:19:53 +0300] "GET /2025/01/30/hello-world/ HTTP/1.0" 200 98295 "https://primafinancegroup.com/2025/01/30/hello-world/" "Mozilla/5.0 (Windows NT 10.0; Win64; x64) AppleWebKit/537.36 (KHTML, like Gecko) Chrome/129.0.0.0 Safari/537.36"
89.124.83.75 - - [10/Jul/2026:12:19:54 +0300] "GET /2025/01/30/hello-world/ HTTP/1.0" 200 98295 "https://primafinancegroup.com/2025/01/30/hello-world/" "Mozilla/5.0 (Windows NT 10.0; Win64; x64) AppleWebKit/537.36 (KHTML, like Gecko) Chrome/129.0.0.0 Safari/537.36"
89.124.83.75 - - [10/Jul/2026:12:19:54 +0300] "POST /wp-comments-post.php HTTP/1.0" 302 0 "https://primafinancegroup.com/2025/01/30/hello-world/" "Mozilla/5.0 (Windows NT 10.0; Win64; x64) AppleWebKit/537.36 (KHTML, like Gecko) Chrome/129.0.0.0 Safari/537.36"
89.124.83.75 - - [10/Jul/2026:12:19:55 +0300] "GET /2025/01/30/hello-world/ HTTP/1.0" 200 65406 "https://primafinancegroup.com/2025/01/30/hello-world/#comment-383" "Mozilla/5.0 (Windows NT 10.0; Win64; x64) AppleWebKit/537.36 (KHTML, like Gecko) Chrome/129.0.0.0 Safari/537.36"
5.161.194.92 - - [10/Jul/2026:12:20:05 +0300] "HEAD / HTTP/1.1" 200 0 "https://primafinancegroup.com" "Mozilla/5.0+(compatible; UptimeRobot/2.0; http://www.uptimerobot.com/)"
66.249.68.137 - - [10/Jul/2026:12:20:24 +0300] "GET /items/U992626282/ HTTP/1.1" 200 76159 "-" "Mozilla/5.0 (Linux; Android 6.0.1; Nexus 5X Build/MMB29P) AppleWebKit/537.36 (KHTML, like Gecko) Chrome/150.0.7871.46 Mobile Safari/537.36 (compatible; Googlebot/2.1; +http://www.google.com/bot.html)"
52.167.144.189 - - [10/Jul/2026:12:23:07 +0300] "GET /wp-sitemap.xml HTTP/1.1" 200 59353 "-" "Mozilla/5.0 AppleWebKit/537.36 (KHTML, like Gecko; compatible; bingbot/2.0; +http://www.bing.com/bingbot.htm) Chrome/116.0.1938.76 Safari/537.36"
54.167.223.174 - - [10/Jul/2026:12:25:10 +0300] "HEAD / HTTP/1.1" 200 0 "https://primafinancegroup.com" "Mozilla/5.0+(compatible; UptimeRobot/2.0; http://www.uptimerobot.com/)"
66.249.68.136 - - [10/Jul/2026:12:26:25 +0300] "GET /items/U991127713/ HTTP/1.1" 200 76159 "-" "Mozilla/5.0 (Linux; Android 6.0.1; Nexus 5X Build/MMB29P) AppleWebKit/537.36 (KHTML, like Gecko) Chrome/150.0.7871.46 Mobile Safari/537.36 (compatible; Googlebot/2.1; +http://www.google.com/bot.html)"
150.40.100.101 - - [10/Jul/2026:12:27:10 +0300] "GET / HTTP/1.1" 200 79063 "-" "Mozilla/5.0 (Windows NT 10.0; Win64; x64) AppleWebKit/537.36 (KHTML, like Gecko) Chrome/131.0.0.0 Safari/537.36"
52.87.72.16 - - [10/Jul/2026:12:30:15 +0300] "HEAD / HTTP/1.1" 200 0 "https://primafinancegroup.com" "Mozilla/5.0+(compatible; UptimeRobot/2.0; http://www.uptimerobot.com/)"
66.249.68.137 - - [10/Jul/2026:12:32:35 +0300] "GET /items/U993006178/ HTTP/1.1" 200 76159 "-" "Mozilla/5.0 (Linux; Android 6.0.1; Nexus 5X Build/MMB29P) AppleWebKit/537.36 (KHTML, like Gecko) Chrome/150.0.7871.46 Mobile Safari/537.36 (compatible; Googlebot/2.1; +http://www.google.com/bot.html)"
5.161.61.238 - - [10/Jul/2026:12:35:20 +0300] "HEAD / HTTP/1.1" 200 0 "https://primafinancegroup.com" "Mozilla/5.0+(compatible; UptimeRobot/2.0; http://www.uptimerobot.com/)"
66.249.68.137 - - [10/Jul/2026:12:39:30 +0300] "GET /items/U992596580/ HTTP/1.1" 200 76159 "-" "Mozilla/5.0 (Linux; Android 6.0.1; Nexus 5X Build/MMB29P) AppleWebKit/537.36 (KHTML, like Gecko) Chrome/150.0.7871.46 Mobile Safari/537.36 (compatible; Googlebot/2.1; +http://www.google.com/bot.html)"
178.156.184.20 - - [10/Jul/2026:12:40:25 +0300] "HEAD / HTTP/1.1" 200 0 "https://primafinancegroup.com" "Mozilla/5.0+(compatible; UptimeRobot/2.0; http://www.uptimerobot.com/)"
150.40.100.101 - - [10/Jul/2026:12:40:41 +0300] "GET / HTTP/1.1" 200 79063 "-" "Mozilla/5.0 (Windows NT 10.0; Win64; x64) AppleWebKit/537.36 (KHTML, like Gecko) Chrome/131.0.0.0 Safari/537.36"
18.116.205.62 - - [10/Jul/2026:12:45:31 +0300] "HEAD / HTTP/1.1" 200 0 "https://primafinancegroup.com" "Mozilla/5.0+(compatible; UptimeRobot/2.0; http://www.uptimerobot.com/)"
66.249.68.137 - - [10/Jul/2026:12:45:32 +0300] "GET /items/U993144544/ HTTP/1.1" 200 76159 "-" "Mozilla/5.0 (Linux; Android 6.0.1; Nexus 5X Build/MMB29P) AppleWebKit/537.36 (KHTML, like Gecko) Chrome/150.0.7871.46 Mobile Safari/537.36 (compatible; Googlebot/2.1; +http://www.google.com/bot.html)"
141.98.11.171 - - [10/Jul/2026:12:45:41 +0300] "GET /.env HTTP/1.1" 403 76159 "-" "Mozilla/5.0 (Windows NT 10.0; Win64; x64) AppleWebKit/537.36"
193.111.248.191 - - [10/Jul/2026:12:49:58 +0300] "GET / HTTP/1.1" 200 79063 "-" "BossBacklinkChecker/2.3 (crawler)"
93.94.140.42 - - [10/Jul/2026:12:50:36 +0300] "POST /wp-cron.php?doing_wp_cron=1783677035.9531381130218505859375 HTTP/1.1" 200 0 "-" "WordPress/7.0.1; https://primafinancegroup.com"
3.133.226.214 - - [10/Jul/2026:12:50:36 +0300] "HEAD / HTTP/1.1" 200 0 "https://primafinancegroup.com" "Mozilla/5.0+(compatible; UptimeRobot/2.0; http://www.uptimerobot.com/)"
66.249.68.137 - - [10/Jul/2026:12:51:11 +0300] "GET /items/N621688307/ HTTP/1.1" 200 76159 "-" "Mozilla/5.0 (Linux; Android 6.0.1; Nexus 5X Build/MMB29P) AppleWebKit/537.36 (KHTML, like Gecko) Chrome/150.0.7871.46 Mobile Safari/537.36 (compatible; Googlebot/2.1; +http://www.google.com/bot.html)"
66.249.68.136 - - [10/Jul/2026:12:51:15 +0300] "GET /shop/customer/entry HTTP/1.1" 200 76159 "-" "Mozilla/5.0 (Linux; Android 6.0.1; Nexus 5X Build/MMB29P) AppleWebKit/537.36 (KHTML, like Gecko) Chrome/150.0.7871.46 Mobile Safari/537.36 (compatible; Googlebot/2.1; +http://www.google.com/bot.html)"
52.15.147.27 - - [10/Jul/2026:12:55:41 +0300] "HEAD / HTTP/1.1" 200 0 "https://primafinancegroup.com" "Mozilla/5.0+(compatible; UptimeRobot/2.0; http://www.uptimerobot.com/)"
3.133.226.214 - - [10/Jul/2026:13:00:46 +0300] "HEAD / HTTP/1.1" 200 0 "https://primafinancegroup.com" "Mozilla/5.0+(compatible; UptimeRobot/2.0; http://www.uptimerobot.com/)"
18.116.205.62 - - [10/Jul/2026:13:05:53 +0300] "HEAD / HTTP/1.1" 200 0 "https://primafinancegroup.com" "Mozilla/5.0+(compatible; UptimeRobot/2.0; http://www.uptimerobot.com/)"
150.40.100.101 - - [10/Jul/2026:13:07:52 +0300] "GET / HTTP/1.1" 200 79063 "-" "Mozilla/5.0 (Windows NT 10.0; Win64; x64) AppleWebKit/537.36 (KHTML, like Gecko) Chrome/131.0.0.0 Safari/537.36"
5.161.117.52 - - [10/Jul/2026:13:10:59 +0300] "HEAD / HTTP/1.1" 200 0 "https://primafinancegroup.com" "Mozilla/5.0+(compatible; UptimeRobot/2.0; http://www.uptimerobot.com/)"
3.149.57.90 - - [10/Jul/2026:13:16:06 +0300] "HEAD / HTTP/1.1" 200 0 "https://primafinancegroup.com" "Mozilla/5.0+(compatible; UptimeRobot/2.0; http://www.uptimerobot.com/)"
138.246.253.24 - - [10/Jul/2026:13:19:11 +0300] "GET /robots.txt HTTP/1.1" 200 75 "-" "Mozilla/5.0 (Windows NT 10.0; Win64; x64) AppleWebKit/537.36 (KHTML, like Gecko) Chrome/103.0.5060.134 Safari/537.36"
178.156.185.231 - - [10/Jul/2026:13:21:11 +0300] "HEAD / HTTP/1.1" 200 0 "https://primafinancegroup.com" "Mozilla/5.0+(compatible; UptimeRobot/2.0; http://www.uptimerobot.com/)"
150.40.100.101 - - [10/Jul/2026:13:24:21 +0300] "GET / HTTP/1.1" 200 79063 "-" "Mozilla/5.0 (Windows NT 10.0; Win64; x64) AppleWebKit/537.36 (KHTML, like Gecko) Chrome/131.0.0.0 Safari/537.36"
193.111.248.191 - - [10/Jul/2026:13:24:51 +0300] "GET / HTTP/1.1" 200 79063 "-" "BossBacklinkChecker/2.3 (crawler)"
34.198.201.66 - - [10/Jul/2026:13:26:17 +0300] "HEAD / HTTP/1.1" 200 0 "https://primafinancegroup.com" "Mozilla/5.0+(compatible; UptimeRobot/2.0; http://www.uptimerobot.com/)"
103.149.59.35 - - [10/Jul/2026:13:28:00 +0300] "POST /xmlrpc.php HTTP/1.1" 200 403 "-" "WordPress.com; https://wordpress.com"
103.149.59.35 - - [10/Jul/2026:13:28:10 +0300] "POST /xmlrpc.php HTTP/1.1" 200 403 "-" "Jetpack by WordPress.com (Jetpack 12.5; WordPress 6.2)"
103.149.59.35 - - [10/Jul/2026:13:28:20 +0300] "POST /xmlrpc.php HTTP/1.1" 200 403 "-" "WordPress.com; https://wordpress.com"
103.149.59.35 - - [10/Jul/2026:13:28:31 +0300] "POST /xmlrpc.php HTTP/1.1" 200 403 "-" "Jetpack/12.5; WordPress/6.3; http://site68604362.com"
103.149.59.35 - - [10/Jul/2026:13:28:41 +0300] "POST /xmlrpc.php HTTP/1.1" 200 403 "-" "Jetpack by WordPress.com (Jetpack 12.5; WordPress 6.3)"
103.149.59.35 - - [10/Jul/2026:13:28:52 +0300] "POST /xmlrpc.php HTTP/1.1" 200 403 "-" "WordPress.com; https://wordpress.com"
103.149.59.35 - - [10/Jul/2026:13:29:02 +0300] "POST /xmlrpc.php HTTP/1.1" 200 403 "-" "Jetpack/12.1; WordPress/6.1; http://site78497972.com"
103.149.59.35 - - [10/Jul/2026:13:29:13 +0300] "POST /xmlrpc.php HTTP/1.1" 200 403 "-" "Jetpack/12.5; WordPress/6.4; http://site73985034.com"
103.149.59.35 - - [10/Jul/2026:13:29:23 +0300] "POST /xmlrpc.php HTTP/1.1" 200 403 "-" "WordPress.com; https://wordpress.com"
103.149.59.35 - - [10/Jul/2026:13:29:34 +0300] "POST /xmlrpc.php HTTP/1.1" 200 403 "-" "WordPress.com; https://wordpress.com"
103.149.59.35 - - [10/Jul/2026:13:29:44 +0300] "POST /xmlrpc.php HTTP/1.1" 200 403 "-" "Jetpack by WordPress.com (Jetpack 12.5; WordPress 6.1)"
103.149.59.35 - - [10/Jul/2026:13:29:55 +0300] "POST /xmlrpc.php HTTP/1.1" 200 403 "-" "WordPress.com; https://wordpress.com"
103.149.59.35 - - [10/Jul/2026:13:30:06 +0300] "POST /xmlrpc.php HTTP/1.1" 200 403 "-" "Jetpack/12.0; WordPress/6.2; http://site77940855.com"
103.149.59.35 - - [10/Jul/2026:13:30:16 +0300] "POST /xmlrpc.php HTTP/1.1" 200 403 "-" "Jetpack by WordPress.com"
103.149.59.35 - - [10/Jul/2026:13:30:27 +0300] "POST /xmlrpc.php HTTP/1.1" 200 403 "-" "Jetpack by WordPress.com (Jetpack 13.0; WordPress 6.3)"
103.149.59.35 - - [10/Jul/2026:13:30:37 +0300] "POST /xmlrpc.php HTTP/1.1" 200 403 "-" "Jetpack by WordPress.com (Jetpack 12.0; WordPress 6.4)"
103.149.59.35 - - [10/Jul/2026:13:30:48 +0300] "POST /xmlrpc.php HTTP/1.1" 200 403 "-" "Jetpack/12.1; WordPress/6.2; http://site88392863.com"
103.149.59.35 - - [10/Jul/2026:13:30:58 +0300] "POST /xmlrpc.php HTTP/1.1" 200 403 "-" "WordPress.com; https://wordpress.com"
103.149.59.35 - - [10/Jul/2026:13:31:09 +0300] "POST /xmlrpc.php HTTP/1.1" 200 403 "-" "Jetpack by WordPress.com (Jetpack 12.0; WordPress 6.4)"
103.149.59.35 - - [10/Jul/2026:13:31:19 +0300] "POST /xmlrpc.php HTTP/1.1" 200 403 "-" "Jetpack/12.5; WordPress/6.3; http://site13111117.com"
54.87.112.51 - - [10/Jul/2026:13:31:23 +0300] "HEAD / HTTP/1.1" 200 0 "https://primafinancegroup.com" "Mozilla/5.0+(compatible; UptimeRobot/2.0; http://www.uptimerobot.com/)"
103.149.59.35 - - [10/Jul/2026:13:31:30 +0300] "POST /xmlrpc.php HTTP/1.1" 200 403 "-" "Jetpack/13.0; WordPress/6.3; http://site52655068.com"
103.149.59.35 - - [10/Jul/2026:13:31:40 +0300] "POST /xmlrpc.php HTTP/1.1" 200 403 "-" "Jetpack/12.1; WordPress/6.4; http://site70025461.com"
103.149.59.35 - - [10/Jul/2026:13:31:51 +0300] "POST /xmlrpc.php HTTP/1.1" 200 403 "-" "Jetpack by WordPress.com (Jetpack 12.1; WordPress 6.4)"
103.149.59.35 - - [10/Jul/2026:13:32:02 +0300] "POST /xmlrpc.php HTTP/1.1" 200 403 "-" "Jetpack/12.0; WordPress/6.1; http://site96783362.com"
103.149.59.35 - - [10/Jul/2026:13:32:12 +0300] "POST /xmlrpc.php HTTP/1.1" 200 403 "-" "WordPress.com; https://wordpress.com"
103.149.59.35 - - [10/Jul/2026:13:32:23 +0300] "POST /xmlrpc.php HTTP/1.1" 200 403 "-" "WordPress.com; https://wordpress.com"
103.149.59.35 - - [10/Jul/2026:13:32:33 +0300] "POST /xmlrpc.php HTTP/1.1" 200 403 "-" "Jetpack by WordPress.com"
103.149.59.35 - - [10/Jul/2026:13:32:44 +0300] "POST /xmlrpc.php HTTP/1.1" 200 403 "-" "WordPress.com; https://wordpress.com"
103.149.59.35 - - [10/Jul/2026:13:32:54 +0300] "POST /xmlrpc.php HTTP/1.1" 200 403 "-" "Jetpack by WordPress.com (Jetpack 13.0; WordPress 6.2)"
103.149.59.35 - - [10/Jul/2026:13:33:06 +0300] "POST /xmlrpc.php HTTP/1.1" 200 403 "-" "WordPress.com; https://wordpress.com"
103.149.59.35 - - [10/Jul/2026:13:33:15 +0300] "POST /xmlrpc.php HTTP/1.1" 200 403 "-" "WordPress.com; https://wordpress.com"
103.149.59.35 - - [10/Jul/2026:13:33:26 +0300] "POST /xmlrpc.php HTTP/1.1" 200 403 "-" "Jetpack/12.1; WordPress/6.1; http://site12420847.com"
114.119.146.70 - - [10/Jul/2026:13:33:36 +0300] "GET /items/P461010645/ HTTP/1.1" 200 76159 "https://primafinancegroup.com/sitemap-331.xml" "Mozilla/5.0 (Linux; Android 7.0;) AppleWebKit/537.36 (HTML, like Gecko) Mobile Safari/537.36 (compatible; PetalBot;+https://webmaster.petalsearch.com/site/petalbot)"
103.149.59.35 - - [10/Jul/2026:13:33:36 +0300] "POST /xmlrpc.php HTTP/1.1" 200 403 "-" "Jetpack by WordPress.com"
103.149.59.35 - - [10/Jul/2026:13:33:47 +0300] "POST /xmlrpc.php HTTP/1.1" 200 403 "-" "Jetpack/12.1; WordPress/6.2; http://site97581654.com"
103.149.59.35 - - [10/Jul/2026:13:33:57 +0300] "POST /xmlrpc.php HTTP/1.1" 200 403 "-" "Jetpack by WordPress.com (Jetpack 13.0; WordPress 6.4)"
103.149.59.35 - - [10/Jul/2026:13:34:08 +0300] "POST /xmlrpc.php HTTP/1.1" 200 403 "-" "WordPress.com; https://wordpress.com"
103.149.59.35 - - [10/Jul/2026:13:34:18 +0300] "POST /xmlrpc.php HTTP/1.1" 200 403 "-" "Jetpack by WordPress.com"
103.149.59.35 - - [10/Jul/2026:13:34:29 +0300] "POST /xmlrpc.php HTTP/1.1" 200 403 "-" "Jetpack by WordPress.com"
103.149.59.35 - - [10/Jul/2026:13:34:39 +0300] "POST /xmlrpc.php HTTP/1.1" 200 403 "-" "WordPress.com; https://wordpress.com"
103.149.59.35 - - [10/Jul/2026:13:34:50 +0300] "POST /xmlrpc.php HTTP/1.1" 200 403 "-" "Jetpack by WordPress.com (Jetpack 12.5; WordPress 6.3)"
103.149.59.35 - - [10/Jul/2026:13:35:01 +0300] "POST /xmlrpc.php HTTP/1.1" 200 403 "-" "Jetpack/12.5; WordPress/6.2; http://site76190565.com"
103.149.59.35 - - [10/Jul/2026:13:35:12 +0300] "POST /xmlrpc.php HTTP/1.1" 403 76159 "-" "Jetpack/13.0; WordPress/6.1; http://site92165160.com"
103.149.59.35 - - [10/Jul/2026:13:35:23 +0300] "POST /xmlrpc.php HTTP/1.1" 403 76159 "-" "Jetpack by WordPress.com"
103.149.59.35 - - [10/Jul/2026:13:35:33 +0300] "POST /xmlrpc.php HTTP/1.1" 403 76159 "-" "WordPress.com; https://wordpress.com"
103.149.59.35 - - [10/Jul/2026:13:35:44 +0300] "POST /xmlrpc.php HTTP/1.1" 403 76159 "-" "Jetpack by WordPress.com (Jetpack 13.0; WordPress 6.1)"
103.149.59.35 - - [10/Jul/2026:13:35:54 +0300] "POST /xmlrpc.php HTTP/1.1" 403 76159 "-" "WordPress.com; https://wordpress.com"
103.149.59.35 - - [10/Jul/2026:13:36:05 +0300] "POST /xmlrpc.php HTTP/1.1" 403 76159 "-" "Jetpack by WordPress.com"
103.149.59.35 - - [10/Jul/2026:13:36:16 +0300] "POST /xmlrpc.php HTTP/1.1" 403 76159 "-" "Jetpack by WordPress.com"
103.149.59.35 - - [10/Jul/2026:13:36:26 +0300] "POST /xmlrpc.php HTTP/1.1" 403 76159 "-" "WordPress.com; https://wordpress.com"
178.156.187.238 - - [10/Jul/2026:13:36:29 +0300] "HEAD / HTTP/1.1" 200 0 "https://primafinancegroup.com" "Mozilla/5.0+(compatible; UptimeRobot/2.0; http://www.uptimerobot.com/)"
103.149.59.35 - - [10/Jul/2026:13:36:36 +0300] "POST /xmlrpc.php HTTP/1.1" 403 76159 "-" "Jetpack by WordPress.com (Jetpack 12.1; WordPress 6.3)"
103.149.59.35 - - [10/Jul/2026:13:36:47 +0300] "POST /xmlrpc.php HTTP/1.1" 403 76159 "-" "Jetpack by WordPress.com"
103.149.59.35 - - [10/Jul/2026:13:36:58 +0300] "POST /xmlrpc.php HTTP/1.1" 403 76159 "-" "Jetpack by WordPress.com (Jetpack 12.1; WordPress 6.4)"
103.149.59.35 - - [10/Jul/2026:13:37:08 +0300] "POST /xmlrpc.php HTTP/1.1" 403 76159 "-" "Jetpack/12.0; WordPress/6.3; http://site37289397.com"
103.149.59.35 - - [10/Jul/2026:13:37:19 +0300] "POST /xmlrpc.php HTTP/1.1" 403 76159 "-" "WordPress.com; https://wordpress.com"
103.149.59.35 - - [10/Jul/2026:13:37:29 +0300] "POST /xmlrpc.php HTTP/1.1" 403 76159 "-" "Jetpack by WordPress.com"
103.149.59.35 - - [10/Jul/2026:13:37:40 +0300] "POST /xmlrpc.php HTTP/1.1" 403 76159 "-" "Jetpack by WordPress.com"
103.149.59.35 - - [10/Jul/2026:13:37:52 +0300] "POST /xmlrpc.php HTTP/1.1" 403 76159 "-" "Jetpack by WordPress.com (Jetpack 13.0; WordPress 6.2)"
103.149.59.35 - - [10/Jul/2026:13:38:02 +0300] "POST /xmlrpc.php HTTP/1.1" 403 76159 "-" "WordPress.com; https://wordpress.com"
103.149.59.35 - - [10/Jul/2026:13:38:12 +0300] "POST /xmlrpc.php HTTP/1.1" 403 76159 "-" "Jetpack/12.0; WordPress/6.1; http://site93879477.com"
103.149.59.35 - - [10/Jul/2026:13:38:23 +0300] "POST /xmlrpc.php HTTP/1.1" 403 76159 "-" "Jetpack/12.0; WordPress/6.4; http://site89616247.com"
103.149.59.35 - - [10/Jul/2026:13:38:33 +0300] "POST /xmlrpc.php HTTP/1.1" 403 76159 "-" "Jetpack by WordPress.com (Jetpack 12.1; WordPress 6.4)"
103.149.59.35 - - [10/Jul/2026:13:38:44 +0300] "POST /xmlrpc.php HTTP/1.1" 403 76159 "-" "Jetpack by WordPress.com (Jetpack 12.5; WordPress 6.3)"
103.149.59.35 - - [10/Jul/2026:13:38:54 +0300] "POST /xmlrpc.php HTTP/1.1" 403 76159 "-" "Jetpack/12.5; WordPress/6.2; http://site56381859.com"
103.149.59.35 - - [10/Jul/2026:13:39:05 +0300] "POST /xmlrpc.php HTTP/1.1" 403 76159 "-" "Jetpack by WordPress.com"
66.249.68.137 - - [10/Jul/2026:13:39:14 +0300] "GET /items/N622287082/ HTTP/1.1" 200 76159 "-" "Mozilla/5.0 (Linux; Android 6.0.1; Nexus 5X Build/MMB29P) AppleWebKit/537.36 (KHTML, like Gecko) Chrome/150.0.7871.46 Mobile Safari/537.36 (compatible; Googlebot/2.1; +http://www.google.com/bot.html)"
103.149.59.35 - - [10/Jul/2026:13:39:15 +0300] "POST /xmlrpc.php HTTP/1.1" 200 403 "-" "Jetpack by WordPress.com"
103.149.59.35 - - [10/Jul/2026:13:39:25 +0300] "POST /xmlrpc.php HTTP/1.1" 200 403 "-" "WordPress.com; https://wordpress.com"
103.149.59.35 - - [10/Jul/2026:13:39:36 +0300] "POST /xmlrpc.php HTTP/1.1" 200 403 "-" "Jetpack by WordPress.com (Jetpack 12.1; WordPress 6.4)"
103.149.59.35 - - [10/Jul/2026:13:39:47 +0300] "POST /xmlrpc.php HTTP/1.1" 200 403 "-" "Jetpack by WordPress.com (Jetpack 12.0; WordPress 6.2)"
103.149.59.35 - - [10/Jul/2026:13:39:57 +0300] "POST /xmlrpc.php HTTP/1.1" 200 403 "-" "Jetpack/13.0; WordPress/6.4; http://site12229341.com"
103.149.59.35 - - [10/Jul/2026:13:40:08 +0300] "POST /xmlrpc.php HTTP/1.1" 200 403 "-" "WordPress.com; https://wordpress.com"
103.149.59.35 - - [10/Jul/2026:13:40:18 +0300] "POST /xmlrpc.php HTTP/1.1" 200 403 "-" "Jetpack/12.5; WordPress/6.3; http://site93258464.com"
103.149.59.35 - - [10/Jul/2026:13:40:29 +0300] "POST /xmlrpc.php HTTP/1.1" 200 403 "-" "Jetpack by WordPress.com (Jetpack 13.0; WordPress 6.3)"
103.149.59.35 - - [10/Jul/2026:13:40:39 +0300] "POST /xmlrpc.php HTTP/1.1" 200 403 "-" "Jetpack/12.1; WordPress/6.2; http://site51786711.com"
103.149.59.35 - - [10/Jul/2026:13:40:50 +0300] "POST /xmlrpc.php HTTP/1.1" 200 403 "-" "WordPress.com; https://wordpress.com"
103.149.59.35 - - [10/Jul/2026:13:41:01 +0300] "POST /xmlrpc.php HTTP/1.1" 200 403 "-" "Jetpack by WordPress.com (Jetpack 13.0; WordPress 6.1)"
103.149.59.35 - - [10/Jul/2026:13:41:11 +0300] "POST /xmlrpc.php HTTP/1.1" 200 403 "-" "WordPress.com; https://wordpress.com"
103.149.59.35 - - [10/Jul/2026:13:41:22 +0300] "POST /xmlrpc.php HTTP/1.1" 200 403 "-" "WordPress.com; https://wordpress.com"
103.149.59.35 - - [10/Jul/2026:13:41:32 +0300] "POST /xmlrpc.php HTTP/1.1" 200 403 "-" "Jetpack/12.1; WordPress/6.2; http://site29552246.com"
178.156.184.20 - - [10/Jul/2026:13:41:34 +0300] "HEAD / HTTP/1.1" 200 0 "https://primafinancegroup.com" "Mozilla/5.0+(compatible; UptimeRobot/2.0; http://www.uptimerobot.com/)"
103.149.59.35 - - [10/Jul/2026:13:41:43 +0300] "POST /xmlrpc.php HTTP/1.1" 200 403 "-" "Jetpack/12.5; WordPress/6.2; http://site15877503.com"
103.149.59.35 - - [10/Jul/2026:13:41:53 +0300] "POST /xmlrpc.php HTTP/1.1" 200 403 "-" "Jetpack by WordPress.com (Jetpack 12.5; WordPress 6.1)"
103.149.59.35 - - [10/Jul/2026:13:42:04 +0300] "POST /xmlrpc.php HTTP/1.1" 200 403 "-" "Jetpack/13.0; WordPress/6.1; http://site34349676.com"
103.149.59.35 - - [10/Jul/2026:13:42:14 +0300] "POST /xmlrpc.php HTTP/1.1" 200 403 "-" "Jetpack by WordPress.com"
103.149.59.35 - - [10/Jul/2026:13:42:25 +0300] "POST /xmlrpc.php HTTP/1.1" 200 403 "-" "Jetpack/12.5; WordPress/6.3; http://site90054729.com"
103.149.59.35 - - [10/Jul/2026:13:42:35 +0300] "POST /xmlrpc.php HTTP/1.1" 200 403 "-" "WordPress.com; https://wordpress.com"
103.149.59.35 - - [10/Jul/2026:13:42:47 +0300] "POST /xmlrpc.php HTTP/1.1" 200 403 "-" "Jetpack/13.0; WordPress/6.1; http://site62716703.com"
103.149.59.35 - - [10/Jul/2026:13:42:57 +0300] "POST /xmlrpc.php HTTP/1.1" 200 403 "-" "Jetpack by WordPress.com (Jetpack 12.0; WordPress 6.2)"
103.149.59.35 - - [10/Jul/2026:13:43:08 +0300] "POST /xmlrpc.php HTTP/1.1" 200 403 "-" "Jetpack by WordPress.com (Jetpack 12.1; WordPress 6.1)"
103.149.59.35 - - [10/Jul/2026:13:43:18 +0300] "POST /xmlrpc.php HTTP/1.1" 200 403 "-" "Jetpack by WordPress.com (Jetpack 12.0; WordPress 6.3)"
103.149.59.35 - - [10/Jul/2026:13:43:29 +0300] "POST /xmlrpc.php HTTP/1.1" 200 403 "-" "Jetpack by WordPress.com"
103.149.59.35 - - [10/Jul/2026:13:43:39 +0300] "POST /xmlrpc.php HTTP/1.1" 200 403 "-" "WordPress.com; https://wordpress.com"
103.149.59.35 - - [10/Jul/2026:13:43:50 +0300] "POST /xmlrpc.php HTTP/1.1" 200 403 "-" "Jetpack/13.0; WordPress/6.4; http://site39946294.com"
103.149.59.35 - - [10/Jul/2026:13:44:01 +0300] "POST /xmlrpc.php HTTP/1.1" 200 403 "-" "Jetpack/12.5; WordPress/6.4; http://site95399446.com"
103.149.59.35 - - [10/Jul/2026:13:44:11 +0300] "POST /xmlrpc.php HTTP/1.1" 200 403 "-" "Jetpack by WordPress.com"
103.149.59.35 - - [10/Jul/2026:13:44:27 +0300] "POST /xmlrpc.php HTTP/1.1" 499 0 "-" "WordPress.com; https://wordpress.com"
103.149.59.35 - - [10/Jul/2026:13:44:33 +0300] "POST /xmlrpc.php HTTP/1.1" 200 403 "-" "Jetpack/12.0; WordPress/6.1; http://site88076607.com"
103.149.59.35 - - [10/Jul/2026:13:44:43 +0300] "POST /xmlrpc.php HTTP/1.1" 200 403 "-" "Jetpack/13.0; WordPress/6.4; http://site94331161.com"
103.149.59.35 - - [10/Jul/2026:13:44:54 +0300] "POST /xmlrpc.php HTTP/1.1" 200 403 "-" "WordPress.com; https://wordpress.com"
103.149.59.35 - - [10/Jul/2026:13:45:05 +0300] "POST /xmlrpc.php HTTP/1.1" 200 403 "-" "Jetpack by WordPress.com"
103.149.59.35 - - [10/Jul/2026:13:45:15 +0300] "POST /xmlrpc.php HTTP/1.1" 200 403 "-" "WordPress.com; https://wordpress.com"
103.149.59.35 - - [10/Jul/2026:13:45:26 +0300] "POST /xmlrpc.php HTTP/1.1" 200 403 "-" "Jetpack by WordPress.com"
103.149.59.35 - - [10/Jul/2026:13:45:36 +0300] "POST /xmlrpc.php HTTP/1.1" 200 403 "-" "WordPress.com; https://wordpress.com"
103.149.59.35 - - [10/Jul/2026:13:45:47 +0300] "POST /xmlrpc.php HTTP/1.1" 200 403 "-" "Jetpack by WordPress.com"
103.149.59.35 - - [10/Jul/2026:13:45:57 +0300] "POST /xmlrpc.php HTTP/1.1" 200 403 "-" "WordPress.com; https://wordpress.com"
103.149.59.35 - - [10/Jul/2026:13:46:08 +0300] "POST /xmlrpc.php HTTP/1.1" 200 403 "-" "Jetpack by WordPress.com"
103.149.59.35 - - [10/Jul/2026:13:46:18 +0300] "POST /xmlrpc.php HTTP/1.1" 200 403 "-" "Jetpack by WordPress.com"
66.249.68.136 - - [10/Jul/2026:13:46:18 +0300] "GET /items/N622603219/ HTTP/1.1" 200 76159 "-" "Mozilla/5.0 (Linux; Android 6.0.1; Nexus 5X Build/MMB29P) AppleWebKit/537.36 (KHTML, like Gecko) Chrome/150.0.7871.46 Mobile Safari/537.36 (compatible; Googlebot/2.1; +http://www.google.com/bot.html)"
103.149.59.35 - - [10/Jul/2026:13:46:29 +0300] "POST /xmlrpc.php HTTP/1.1" 200 403 "-" "Jetpack by WordPress.com"
5.161.61.238 - - [10/Jul/2026:13:46:39 +0300] "HEAD / HTTP/1.1" 200 0 "https://primafinancegroup.com" "Mozilla/5.0+(compatible; UptimeRobot/2.0; http://www.uptimerobot.com/)"
103.149.59.35 - - [10/Jul/2026:13:46:40 +0300] "POST /xmlrpc.php HTTP/1.1" 403 76159 "-" "Jetpack by WordPress.com"
103.149.59.35 - - [10/Jul/2026:13:46:50 +0300] "POST /xmlrpc.php HTTP/1.1" 403 76159 "-" "Jetpack by WordPress.com (Jetpack 13.0; WordPress 6.2)"
103.149.59.35 - - [10/Jul/2026:13:47:02 +0300] "POST /xmlrpc.php HTTP/1.1" 403 76159 "-" "WordPress.com; https://wordpress.com"
103.149.59.35 - - [10/Jul/2026:13:47:12 +0300] "POST /xmlrpc.php HTTP/1.1" 403 76159 "-" "WordPress.com; https://wordpress.com"
103.149.59.35 - - [10/Jul/2026:13:47:23 +0300] "POST /xmlrpc.php HTTP/1.1" 403 76159 "-" "Jetpack by WordPress.com (Jetpack 12.5; WordPress 6.3)"
103.149.59.35 - - [10/Jul/2026:13:47:33 +0300] "POST /xmlrpc.php HTTP/1.1" 403 76159 "-" "Jetpack/12.5; WordPress/6.2; http://site43583994.com"
103.149.59.35 - - [10/Jul/2026:13:47:44 +0300] "POST /xmlrpc.php HTTP/1.1" 403 76159 "-" "Jetpack by WordPress.com (Jetpack 12.0; WordPress 6.2)"
103.149.59.35 - - [10/Jul/2026:13:47:54 +0300] "POST /xmlrpc.php HTTP/1.1" 403 76159 "-" "Jetpack/13.0; WordPress/6.3; http://site50767476.com"
103.149.59.35 - - [10/Jul/2026:13:48:05 +0300] "POST /xmlrpc.php HTTP/1.1" 403 76159 "-" "WordPress.com; https://wordpress.com"
103.149.59.35 - - [10/Jul/2026:13:48:16 +0300] "POST /xmlrpc.php HTTP/1.1" 403 76159 "-" "Jetpack by WordPress.com"
103.149.59.35 - - [10/Jul/2026:13:48:26 +0300] "POST /xmlrpc.php HTTP/1.1" 403 76159 "-" "WordPress.com; https://wordpress.com"
103.149.59.35 - - [10/Jul/2026:13:48:37 +0300] "POST /xmlrpc.php HTTP/1.1" 403 76159 "-" "Jetpack by WordPress.com"
103.149.59.35 - - [10/Jul/2026:13:48:47 +0300] "POST /xmlrpc.php HTTP/1.1" 403 76159 "-" "Jetpack/12.5; WordPress/6.1; http://site50955224.com"
103.149.59.35 - - [10/Jul/2026:13:48:58 +0300] "POST /xmlrpc.php HTTP/1.1" 403 76159 "-" "WordPress.com; https://wordpress.com"
103.149.59.35 - - [10/Jul/2026:13:49:08 +0300] "POST /xmlrpc.php HTTP/1.1" 403 76159 "-" "WordPress.com; https://wordpress.com"
103.149.59.35 - - [10/Jul/2026:13:49:19 +0300] "POST /xmlrpc.php HTTP/1.1" 403 76159 "-" "Jetpack by WordPress.com (Jetpack 12.0; WordPress 6.1)"
103.149.59.35 - - [10/Jul/2026:13:49:30 +0300] "POST /xmlrpc.php HTTP/1.1" 403 76159 "-" "WordPress.com; https://wordpress.com"
103.149.59.35 - - [10/Jul/2026:13:49:40 +0300] "POST /xmlrpc.php HTTP/1.1" 403 76159 "-" "Jetpack by WordPress.com"
103.149.59.35 - - [10/Jul/2026:13:49:51 +0300] "POST /xmlrpc.php HTTP/1.1" 403 76159 "-" "Jetpack by WordPress.com (Jetpack 13.0; WordPress 6.2)"
93.94.140.42 - - [10/Jul/2026:13:50:02 +0300] "POST /wp-cron.php?doing_wp_cron=1783680601.9527668952941894531250 HTTP/1.1" 200 0 "-" "WordPress/7.0.1; https://primafinancegroup.com"
103.149.59.35 - - [10/Jul/2026:13:50:02 +0300] "POST /xmlrpc.php HTTP/1.1" 403 76159 "-" "WordPress.com; https://wordpress.com"
103.149.59.35 - - [10/Jul/2026:13:50:12 +0300] "POST /xmlrpc.php HTTP/1.1" 403 76159 "-" "WordPress.com; https://wordpress.com"
103.149.59.35 - - [10/Jul/2026:13:50:22 +0300] "POST /xmlrpc.php HTTP/1.1" 403 76159 "-" "Jetpack by WordPress.com"
103.149.59.35 - - [10/Jul/2026:13:50:33 +0300] "POST /xmlrpc.php HTTP/1.1" 403 76159 "-" "Jetpack/12.5; WordPress/6.3; http://site76351904.com"
103.149.59.35 - - [10/Jul/2026:13:50:43 +0300] "POST /xmlrpc.php HTTP/1.1" 200 403 "-" "Jetpack by WordPress.com (Jetpack 13.0; WordPress 6.1)"
103.149.59.35 - - [10/Jul/2026:13:50:54 +0300] "POST /xmlrpc.php HTTP/1.1" 200 403 "-" "Jetpack by WordPress.com"
103.149.59.35 - - [10/Jul/2026:13:51:04 +0300] "POST /xmlrpc.php HTTP/1.1" 200 403 "-" "WordPress.com; https://wordpress.com"
103.149.59.35 - - [10/Jul/2026:13:51:15 +0300] "POST /xmlrpc.php HTTP/1.1" 200 403 "-" "Jetpack by WordPress.com (Jetpack 13.0; WordPress 6.3)"
120.89.73.188 - - [10/Jul/2026:13:51:16 +0300] "POST /xmlrpc.php HTTP/1.1" 200 403 "-" "Jetpack by WordPress.com"
114.119.145.193 - - [10/Jul/2026:13:51:19 +0300] "GET /items/P461278525/ HTTP/1.1" 200 76159 "https://primafinancegroup.com/sitemap-331.xml" "Mozilla/5.0 (Linux; Android 7.0;) AppleWebKit/537.36 (HTML, like Gecko) Mobile Safari/537.36 (compatible; PetalBot;+https://webmaster.petalsearch.com/site/petalbot)"
120.89.73.188 - - [10/Jul/2026:13:51:25 +0300] "POST /xmlrpc.php HTTP/1.1" 200 403 "-" "Jetpack by WordPress.com"
103.149.59.35 - - [10/Jul/2026:13:51:26 +0300] "POST /xmlrpc.php HTTP/1.1" 200 403 "-" "Jetpack by WordPress.com"
120.89.73.188 - - [10/Jul/2026:13:51:36 +0300] "POST /xmlrpc.php HTTP/1.1" 200 403 "-" "Jetpack by WordPress.com (Jetpack 12.5; WordPress 6.4)"
103.149.59.35 - - [10/Jul/2026:13:51:37 +0300] "POST /xmlrpc.php HTTP/1.1" 200 403 "-" "WordPress.com; https://wordpress.com"
178.156.189.113 - - [10/Jul/2026:13:51:45 +0300] "HEAD / HTTP/1.1" 200 0 "https://primafinancegroup.com" "Mozilla/5.0+(compatible; UptimeRobot/2.0; http://www.uptimerobot.com/)"
120.89.73.188 - - [10/Jul/2026:13:51:46 +0300] "POST /xmlrpc.php HTTP/1.1" 200 403 "-" "Jetpack by WordPress.com (Jetpack 12.5; WordPress 6.1)"
103.149.59.35 - - [10/Jul/2026:13:51:47 +0300] "POST /xmlrpc.php HTTP/1.1" 200 403 "-" "WordPress.com; https://wordpress.com"
120.89.73.188 - - [10/Jul/2026:13:51:57 +0300] "POST /xmlrpc.php HTTP/1.1" 200 403 "-" "Jetpack by WordPress.com (Jetpack 12.1; WordPress 6.3)"
103.149.59.35 - - [10/Jul/2026:13:51:58 +0300] "POST /xmlrpc.php HTTP/1.1" 200 403 "-" "Jetpack by WordPress.com"
114.119.131.245 - - [10/Jul/2026:13:52:03 +0300] "GET /items/P461181115/ HTTP/1.1" 200 76159 "https://primafinancegroup.com/sitemap-331.xml" "Mozilla/5.0 (Linux; Android 7.0;) AppleWebKit/537.36 (HTML, like Gecko) Mobile Safari/537.36 (compatible; PetalBot;+https://webmaster.petalsearch.com/site/petalbot)"
120.89.73.188 - - [10/Jul/2026:13:52:07 +0300] "POST /xmlrpc.php HTTP/1.1" 200 403 "-" "WordPress.com; https://wordpress.com"
103.149.59.35 - - [10/Jul/2026:13:52:08 +0300] "POST /xmlrpc.php HTTP/1.1" 200 403 "-" "Jetpack/12.1; WordPress/6.4; http://site74289315.com"
120.89.73.188 - - [10/Jul/2026:13:52:18 +0300] "POST /xmlrpc.php HTTP/1.1" 200 403 "-" "Jetpack by WordPress.com (Jetpack 12.1; WordPress 6.1)"
103.149.59.35 - - [10/Jul/2026:13:52:19 +0300] "POST /xmlrpc.php HTTP/1.1" 200 403 "-" "Jetpack/12.5; WordPress/6.2; http://site36685399.com"
120.89.73.188 - - [10/Jul/2026:13:52:28 +0300] "POST /xmlrpc.php HTTP/1.1" 200 403 "-" "Jetpack by WordPress.com (Jetpack 13.0; WordPress 6.3)"
103.149.59.35 - - [10/Jul/2026:13:52:29 +0300] "POST /xmlrpc.php HTTP/1.1" 200 403 "-" "Jetpack by WordPress.com"
120.89.73.188 - - [10/Jul/2026:13:52:39 +0300] "POST /xmlrpc.php HTTP/1.1" 200 403 "-" "Jetpack by WordPress.com"
103.149.59.35 - - [10/Jul/2026:13:52:40 +0300] "POST /xmlrpc.php HTTP/1.1" 200 403 "-" "Jetpack by WordPress.com"
120.89.73.188 - - [10/Jul/2026:13:52:49 +0300] "POST /xmlrpc.php HTTP/1.1" 200 403 "-" "Jetpack by WordPress.com (Jetpack 12.5; WordPress 6.3)"
103.149.59.35 - - [10/Jul/2026:13:52:51 +0300] "POST /xmlrpc.php HTTP/1.1" 200 403 "-" "Jetpack/13.0; WordPress/6.1; http://site76064358.com"
120.89.73.188 - - [10/Jul/2026:13:53:00 +0300] "POST /xmlrpc.php HTTP/1.1" 200 403 "-" "Jetpack by WordPress.com (Jetpack 12.1; WordPress 6.4)"
103.149.59.35 - - [10/Jul/2026:13:53:01 +0300] "POST /xmlrpc.php HTTP/1.1" 200 403 "-" "Jetpack by WordPress.com (Jetpack 12.0; WordPress 6.4)"
120.89.73.188 - - [10/Jul/2026:13:53:10 +0300] "POST /xmlrpc.php HTTP/1.1" 200 403 "-" "Jetpack by WordPress.com (Jetpack 12.0; WordPress 6.1)"
103.149.59.35 - - [10/Jul/2026:13:53:12 +0300] "POST /xmlrpc.php HTTP/1.1" 200 403 "-" "Jetpack by WordPress.com"
120.89.73.188 - - [10/Jul/2026:13:53:21 +0300] "POST /xmlrpc.php HTTP/1.1" 200 403 "-" "WordPress.com; https://wordpress.com"
103.149.59.35 - - [10/Jul/2026:13:53:22 +0300] "POST /xmlrpc.php HTTP/1.1" 200 403 "-" "Jetpack by WordPress.com"
120.89.73.188 - - [10/Jul/2026:13:53:31 +0300] "POST /xmlrpc.php HTTP/1.1" 200 403 "-" "Jetpack by WordPress.com (Jetpack 12.5; WordPress 6.2)"
103.149.59.35 - - [10/Jul/2026:13:53:33 +0300] "POST /xmlrpc.php HTTP/1.1" 200 403 "-" "Jetpack by WordPress.com (Jetpack 12.5; WordPress 6.4)"
120.89.73.188 - - [10/Jul/2026:13:53:42 +0300] "POST /xmlrpc.php HTTP/1.1" 200 403 "-" "Jetpack by WordPress.com"
103.149.59.35 - - [10/Jul/2026:13:53:44 +0300] "POST /xmlrpc.php HTTP/1.1" 200 403 "-" "Jetpack/12.0; WordPress/6.3; http://site35458768.com"
120.89.73.188 - - [10/Jul/2026:13:53:52 +0300] "POST /xmlrpc.php HTTP/1.1" 200 403 "-" "WordPress.com; https://wordpress.com"
103.149.59.35 - - [10/Jul/2026:13:53:55 +0300] "POST /xmlrpc.php HTTP/1.1" 200 403 "-" "Jetpack by WordPress.com"
120.89.73.188 - - [10/Jul/2026:13:54:03 +0300] "POST /xmlrpc.php HTTP/1.1" 200 403 "-" "Jetpack by WordPress.com"
103.149.59.35 - - [10/Jul/2026:13:54:05 +0300] "POST /xmlrpc.php HTTP/1.1" 200 403 "-" "WordPress.com; https://wordpress.com"
120.89.73.188 - - [10/Jul/2026:13:54:13 +0300] "POST /xmlrpc.php HTTP/1.1" 200 403 "-" "WordPress.com; https://wordpress.com"
103.149.59.35 - - [10/Jul/2026:13:54:16 +0300] "POST /xmlrpc.php HTTP/1.1" 200 403 "-" "Jetpack/12.5; WordPress/6.3; http://site67698494.com"
120.89.73.188 - - [10/Jul/2026:13:54:24 +0300] "POST /xmlrpc.php HTTP/1.1" 200 403 "-" "WordPress.com; https://wordpress.com"
120.89.73.188 - - [10/Jul/2026:13:54:35 +0300] "POST /xmlrpc.php HTTP/1.1" 200 403 "-" "Jetpack by WordPress.com (Jetpack 12.1; WordPress 6.3)"
120.89.73.188 - - [10/Jul/2026:13:54:46 +0300] "POST /xmlrpc.php HTTP/1.1" 403 76159 "-" "Jetpack by WordPress.com (Jetpack 12.1; WordPress 6.3)"
120.89.73.188 - - [10/Jul/2026:13:54:56 +0300] "POST /xmlrpc.php HTTP/1.1" 403 76159 "-" "Jetpack by WordPress.com (Jetpack 12.1; WordPress 6.3)"
120.89.73.188 - - [10/Jul/2026:13:55:07 +0300] "POST /xmlrpc.php HTTP/1.1" 403 76159 "-" "WordPress.com; https://wordpress.com"
120.89.73.188 - - [10/Jul/2026:13:55:17 +0300] "POST /xmlrpc.php HTTP/1.1" 403 76159 "-" "WordPress.com; https://wordpress.com"
120.89.73.188 - - [10/Jul/2026:13:55:28 +0300] "POST /xmlrpc.php HTTP/1.1" 403 76159 "-" "Jetpack/12.1; WordPress/6.1; http://site45603566.com"
120.89.73.188 - - [10/Jul/2026:13:55:39 +0300] "POST /xmlrpc.php HTTP/1.1" 403 76159 "-" "Jetpack/12.0; WordPress/6.1; http://site37541885.com"
120.89.73.188 - - [10/Jul/2026:13:55:49 +0300] "POST /xmlrpc.php HTTP/1.1" 403 76159 "-" "WordPress.com; https://wordpress.com"
120.89.73.188 - - [10/Jul/2026:13:56:00 +0300] "POST /xmlrpc.php HTTP/1.1" 403 76159 "-" "Jetpack by WordPress.com"
120.89.73.188 - - [10/Jul/2026:13:56:10 +0300] "POST /xmlrpc.php HTTP/1.1" 403 76159 "-" "Jetpack/12.1; WordPress/6.4; http://site66878717.com"
120.89.73.188 - - [10/Jul/2026:13:56:21 +0300] "POST /xmlrpc.php HTTP/1.1" 403 76159 "-" "Jetpack by WordPress.com"
120.89.73.188 - - [10/Jul/2026:13:56:32 +0300] "POST /xmlrpc.php HTTP/1.1" 403 76159 "-" "Jetpack by WordPress.com"
120.89.73.188 - - [10/Jul/2026:13:56:42 +0300] "POST /xmlrpc.php HTTP/1.1" 403 76159 "-" "Jetpack by WordPress.com (Jetpack 13.0; WordPress 6.1)"
178.156.181.172 - - [10/Jul/2026:13:56:50 +0300] "HEAD / HTTP/1.1" 200 0 "https://primafinancegroup.com" "Mozilla/5.0+(compatible; UptimeRobot/2.0; http://www.uptimerobot.com/)"
120.89.73.188 - - [10/Jul/2026:13:56:53 +0300] "POST /xmlrpc.php HTTP/1.1" 403 76159 "-" "Jetpack/12.1; WordPress/6.1; http://site63444311.com"
120.89.73.188 - - [10/Jul/2026:13:57:03 +0300] "POST /xmlrpc.php HTTP/1.1" 403 76159 "-" "Jetpack/12.0; WordPress/6.3; http://site12346535.com"
120.89.73.188 - - [10/Jul/2026:13:57:14 +0300] "POST /xmlrpc.php HTTP/1.1" 403 76159 "-" "Jetpack/12.0; WordPress/6.3; http://site70218786.com"
120.89.73.188 - - [10/Jul/2026:13:57:25 +0300] "POST /xmlrpc.php HTTP/1.1" 403 76159 "-" "Jetpack by WordPress.com"
120.89.73.188 - - [10/Jul/2026:13:57:35 +0300] "POST /xmlrpc.php HTTP/1.1" 403 76159 "-" "Jetpack/13.0; WordPress/6.4; http://site70625289.com"
120.89.73.188 - - [10/Jul/2026:13:57:46 +0300] "POST /xmlrpc.php HTTP/1.1" 403 76159 "-" "Jetpack by WordPress.com (Jetpack 13.0; WordPress 6.1)"
120.89.73.188 - - [10/Jul/2026:13:57:56 +0300] "POST /xmlrpc.php HTTP/1.1" 403 76159 "-" "Jetpack by WordPress.com"
120.89.73.188 - - [10/Jul/2026:13:58:07 +0300] "POST /xmlrpc.php HTTP/1.1" 403 76159 "-" "Jetpack by WordPress.com (Jetpack 12.1; WordPress 6.4)"
120.89.73.188 - - [10/Jul/2026:13:58:17 +0300] "POST /xmlrpc.php HTTP/1.1" 403 76159 "-" "Jetpack by WordPress.com (Jetpack 12.0; WordPress 6.4)"
120.89.73.188 - - [10/Jul/2026:13:58:28 +0300] "POST /xmlrpc.php HTTP/1.1" 403 76159 "-" "Jetpack by WordPress.com (Jetpack 12.0; WordPress 6.1)"
120.89.73.188 - - [10/Jul/2026:13:58:38 +0300] "POST /xmlrpc.php HTTP/1.1" 403 76159 "-" "WordPress.com; https://wordpress.com"
120.89.73.188 - - [10/Jul/2026:13:58:48 +0300] "POST /xmlrpc.php HTTP/1.1" 200 403 "-" "WordPress.com; https://wordpress.com"
120.89.73.188 - - [10/Jul/2026:13:58:59 +0300] "POST /xmlrpc.php HTTP/1.1" 200 403 "-" "Jetpack by WordPress.com (Jetpack 12.1; WordPress 6.1)"
120.89.73.188 - - [10/Jul/2026:13:59:10 +0300] "POST /xmlrpc.php HTTP/1.1" 200 403 "-" "Jetpack/12.0; WordPress/6.1; http://site86976913.com"
193.111.248.191 - - [10/Jul/2026:13:59:20 +0300] "GET / HTTP/1.1" 200 79063 "-" "BossBacklinkChecker/2.3 (crawler)"
120.89.73.188 - - [10/Jul/2026:13:59:20 +0300] "POST /xmlrpc.php HTTP/1.1" 200 403 "-" "Jetpack by WordPress.com"
120.89.73.188 - - [10/Jul/2026:13:59:31 +0300] "POST /xmlrpc.php HTTP/1.1" 200 403 "-" "Jetpack/12.1; WordPress/6.2; http://site34921447.com"
120.89.73.188 - - [10/Jul/2026:13:59:41 +0300] "POST /xmlrpc.php HTTP/1.1" 200 403 "-" "WordPress.com; https://wordpress.com"
120.89.73.188 - - [10/Jul/2026:13:59:52 +0300] "POST /xmlrpc.php HTTP/1.1" 200 403 "-" "Jetpack by WordPress.com"
35.192.232.168 - - [10/Jul/2026:13:59:59 +0300] "POST / HTTP/1.1" 403 79063 "https://primafinancegroup.com/" "Mozilla/5.0 (Windows NT 10.0; Win64; x64) AppleWebKit/537.36 (KHTML, like Gecko) Chrome/146.0.0.0 Safari/537.36"
