150.40.100.101 - - [10/Jul/2026:15:31:48 +0300] "GET / HTTP/1.1" 200 79063 "-" "Mozilla/5.0 (Windows NT 10.0; Win64; x64) AppleWebKit/537.36 (KHTML, like Gecko) Chrome/131.0.0.0 Safari/537.36"
178.156.181.172 - - [10/Jul/2026:15:33:26 +0300] "HEAD / HTTP/1.1" 200 0 "https://primafinancegroup.com" "Mozilla/5.0+(compatible; UptimeRobot/2.0; http://www.uptimerobot.com/)"
178.156.187.238 - - [10/Jul/2026:15:38:31 +0300] "HEAD / HTTP/1.1" 200 0 "https://primafinancegroup.com" "Mozilla/5.0+(compatible; UptimeRobot/2.0; http://www.uptimerobot.com/)"
5.161.215.244 - - [10/Jul/2026:15:43:36 +0300] "HEAD / HTTP/1.1" 200 0 "https://primafinancegroup.com" "Mozilla/5.0+(compatible; UptimeRobot/2.0; http://www.uptimerobot.com/)"
193.111.248.191 - - [10/Jul/2026:15:43:54 +0300] "GET / HTTP/1.1" 200 79063 "-" "BossBacklinkChecker/2.3 (crawler)"
114.119.134.152 - - [10/Jul/2026:15:46:58 +0300] "GET /items/P462590963/ HTTP/1.1" 200 76159 "https://primafinancegroup.com/sitemap-331.xml" "Mozilla/5.0 (Linux; Android 7.0;) AppleWebKit/537.36 (HTML, like Gecko) Mobile Safari/537.36 (compatible; PetalBot;+https://webmaster.petalsearch.com/site/petalbot)"
150.40.100.101 - - [10/Jul/2026:15:48:20 +0300] "GET / HTTP/1.1" 200 79063 "-" "Mozilla/5.0 (Windows NT 10.0; Win64; x64) AppleWebKit/537.36 (KHTML, like Gecko) Chrome/131.0.0.0 Safari/537.36"
114.119.133.14 - - [10/Jul/2026:15:48:21 +0300] "GET /items/P462579708/ HTTP/1.1" 200 76159 "https://primafinancegroup.com/sitemap-331.xml" "Mozilla/5.0 (Linux; Android 7.0;) AppleWebKit/537.36 (HTML, like Gecko) Mobile Safari/537.36 (compatible; PetalBot;+https://webmaster.petalsearch.com/site/petalbot)"
52.22.236.30 - - [10/Jul/2026:15:48:41 +0300] "HEAD / HTTP/1.1" 200 0 "https://primafinancegroup.com" "Mozilla/5.0+(compatible; UptimeRobot/2.0; http://www.uptimerobot.com/)"
114.119.158.50 - - [10/Jul/2026:15:49:45 +0300] "GET /items/P461651032/ HTTP/1.1" 200 76159 "https://primafinancegroup.com/sitemap-331.xml" "Mozilla/5.0 (Linux; Android 7.0;) AppleWebKit/537.36 (HTML, like Gecko) Mobile Safari/537.36 (compatible; PetalBot;+https://webmaster.petalsearch.com/site/petalbot)"
93.94.140.42 - - [10/Jul/2026:15:51:08 +0300] "POST /wp-cron.php?doing_wp_cron=1783687868.8534419536590576171875 HTTP/1.1" 200 0 "-" "WordPress/7.0.1; https://primafinancegroup.com"
114.119.145.193 - - [10/Jul/2026:15:51:08 +0300] "GET /items/P461553425/ HTTP/1.1" 200 76159 "https://primafinancegroup.com/sitemap-331.xml" "Mozilla/5.0 (Linux; Android 7.0;) AppleWebKit/537.36 (HTML, like Gecko) Mobile Safari/537.36 (compatible; PetalBot;+https://webmaster.petalsearch.com/site/petalbot)"
66.249.68.135 - - [10/Jul/2026:15:51:23 +0300] "GET /items/N623057115/ HTTP/1.1" 200 76159 "-" "Mozilla/5.0 (Linux; Android 6.0.1; Nexus 5X Build/MMB29P) AppleWebKit/537.36 (KHTML, like Gecko) Chrome/150.0.7871.46 Mobile Safari/537.36 (compatible; Googlebot/2.1; +http://www.google.com/bot.html)"
178.156.181.172 - - [10/Jul/2026:15:53:45 +0300] "HEAD / HTTP/1.1" 200 0 "https://primafinancegroup.com" "Mozilla/5.0+(compatible; UptimeRobot/2.0; http://www.uptimerobot.com/)"
178.156.189.249 - - [10/Jul/2026:15:58:53 +0300] "HEAD / HTTP/1.1" 200 0 "https://primafinancegroup.com" "Mozilla/5.0+(compatible; UptimeRobot/2.0; http://www.uptimerobot.com/)"
93.94.140.42 - - [10/Jul/2026:16:02:37 +0300] "POST /wp-cron.php?doing_wp_cron=1783688557.6453299522399902343750 HTTP/1.1" 200 0 "-" "WordPress/7.0.1; https://primafinancegroup.com"
66.249.68.137 - - [10/Jul/2026:16:02:37 +0300] "GET /items/W221543239 HTTP/1.1" 200 76159 "-" "Mozilla/5.0 (Linux; Android 6.0.1; Nexus 5X Build/MMB29P) AppleWebKit/537.36 (KHTML, like Gecko) Chrome/150.0.7871.46 Mobile Safari/537.36 (compatible; Googlebot/2.1; +http://www.google.com/bot.html)"
52.15.147.27 - - [10/Jul/2026:16:03:57 +0300] "HEAD / HTTP/1.1" 200 0 "https://primafinancegroup.com" "Mozilla/5.0+(compatible; UptimeRobot/2.0; http://www.uptimerobot.com/)"
89.124.83.75 - - [10/Jul/2026:16:08:09 +0300] "GET /2025/01/30/hello-world/ HTTP/1.0" 200 65406 "https://primafinancegroup.com/2025/01/30/hello-world/#comment-384" "Mozilla/5.0 (Windows NT 10.0; Win64; x64) AppleWebKit/537.36 (KHTML, like Gecko) Chrome/131.0.0.0 Safari/537.36"
54.167.223.174 - - [10/Jul/2026:16:09:02 +0300] "HEAD / HTTP/1.1" 200 0 "https://primafinancegroup.com" "Mozilla/5.0+(compatible; UptimeRobot/2.0; http://www.uptimerobot.com/)"
66.249.68.137 - - [10/Jul/2026:16:11:49 +0300] "GET /items/K821721324/ HTTP/1.1" 200 76159 "-" "Mozilla/5.0 (Linux; Android 6.0.1; Nexus 5X Build/MMB29P) AppleWebKit/537.36 (KHTML, like Gecko) Chrome/150.0.7871.46 Mobile Safari/537.36 (compatible; Googlebot/2.1; +http://www.google.com/bot.html)"
114.119.145.193 - - [10/Jul/2026:16:11:54 +0300] "GET /items/P462897504/ HTTP/1.1" 200 76159 "https://primafinancegroup.com/sitemap-331.xml" "Mozilla/5.0 (Linux; Android 7.0;) AppleWebKit/537.36 (HTML, like Gecko) Mobile Safari/537.36 (compatible; PetalBot;+https://webmaster.petalsearch.com/site/petalbot)"
114.119.134.152 - - [10/Jul/2026:16:13:17 +0300] "GET /items/P461806019/ HTTP/1.1" 200 76159 "https://primafinancegroup.com/sitemap-331.xml" "Mozilla/5.0 (Linux; Android 7.0;) AppleWebKit/537.36 (HTML, like Gecko) Mobile Safari/537.36 (compatible; PetalBot;+https://webmaster.petalsearch.com/site/petalbot)"
178.156.181.172 - - [10/Jul/2026:16:14:07 +0300] "HEAD / HTTP/1.1" 200 0 "https://primafinancegroup.com" "Mozilla/5.0+(compatible; UptimeRobot/2.0; http://www.uptimerobot.com/)"
114.119.135.229 - - [10/Jul/2026:16:14:40 +0300] "GET /items/P461474373/ HTTP/1.1" 200 76159 "https://primafinancegroup.com/sitemap-331.xml" "Mozilla/5.0 (Linux; Android 7.0;) AppleWebKit/537.36 (HTML, like Gecko) Mobile Safari/537.36 (compatible; PetalBot;+https://webmaster.petalsearch.com/site/petalbot)"
114.119.135.229 - - [10/Jul/2026:16:16:03 +0300] "GET /items/P461130100/ HTTP/1.1" 200 76159 "https://primafinancegroup.com/sitemap-331.xml" "Mozilla/5.0 (Linux; Android 8.0.0; SM-G955U Build/R16NW) AppleWebKit/537.36 (KHTML, like Gecko) Chrome/148.0.0.0 Mobile Safari/537.36"
114.119.130.199 - - [10/Jul/2026:16:17:31 +0300] "GET /items/P461171754/ HTTP/1.1" 200 76159 "https://primafinancegroup.com/sitemap-331.xml" "Mozilla/5.0 (Linux; Android 7.0;) AppleWebKit/537.36 (HTML, like Gecko) Mobile Safari/537.36 (compatible; PetalBot;+https://webmaster.petalsearch.com/site/petalbot)"
178.156.187.238 - - [10/Jul/2026:16:19:13 +0300] "HEAD / HTTP/1.1" 200 0 "https://primafinancegroup.com" "Mozilla/5.0+(compatible; UptimeRobot/2.0; http://www.uptimerobot.com/)"
193.111.248.191 - - [10/Jul/2026:16:19:57 +0300] "GET / HTTP/1.1" 200 79063 "-" "BossBacklinkChecker/2.3 (crawler)"
150.40.100.101 - - [10/Jul/2026:16:21:54 +0300] "GET / HTTP/1.1" 200 79063 "-" "Mozilla/5.0 (Windows NT 10.0; Win64; x64) AppleWebKit/537.36 (KHTML, like Gecko) Chrome/131.0.0.0 Safari/537.36"
178.156.189.249 - - [10/Jul/2026:16:24:20 +0300] "HEAD / HTTP/1.1" 200 0 "https://primafinancegroup.com" "Mozilla/5.0+(compatible; UptimeRobot/2.0; http://www.uptimerobot.com/)"
74.7.175.133 - - [10/Jul/2026:16:27:02 +0300] "GET /robots.txt HTTP/1.1" 200 75 "-" "Mozilla/5.0 (Macintosh; Intel Mac OS X 10_15_7) AppleWebKit/537.36 (KHTML, like Gecko) Chrome/131.0.0.0 Safari/537.36; compatible; OAI-SearchBot/1.4; robots.txt; +https://openai.com/searchbot"
178.156.185.231 - - [10/Jul/2026:16:29:27 +0300] "HEAD / HTTP/1.1" 200 0 "https://primafinancegroup.com" "Mozilla/5.0+(compatible; UptimeRobot/2.0; http://www.uptimerobot.com/)"
178.156.189.113 - - [10/Jul/2026:16:34:32 +0300] "HEAD / HTTP/1.1" 200 0 "https://primafinancegroup.com" "Mozilla/5.0+(compatible; UptimeRobot/2.0; http://www.uptimerobot.com/)"
23.26.61.58 - - [10/Jul/2026:16:36:43 +0300] "GET /wp-includes/SimplePie/lib/9QgI5/sim/admin-post.php HTTP/1.1" 200 0 "-" "-"
23.26.61.58 - - [10/Jul/2026:16:36:44 +0300] "GET /wp-includes/Text/Kw5/Diff/Engine/config-bridge.php HTTP/1.1" 200 0 "-" "-"
23.26.61.58 - - [10/Jul/2026:16:36:44 +0300] "GET /wp-admin/css/colors/ectoplasm/ectoplas/debug-compat.php HTTP/1.1" 200 0 "-" "-"
23.26.61.58 - - [10/Jul/2026:16:36:45 +0300] "GET /wp-admin/about.php?compat=verify&user=admin_j3j0n95j06&pass=f0HHwmIuqIK9 HTTP/1.1" 500 2539 "-" "-"
23.26.61.58 - - [10/Jul/2026:16:36:45 +0300] "GET /wp-admin/about.php?mu_protector=regain HTTP/1.1" 302 0 "-" "-"
23.26.61.58 - - [10/Jul/2026:16:36:46 +0300] "GET /wp-login.php?redirect_to=https%3A%2F%2Fprimafinancegroup.com%2Fwp-admin%2Fabout.php%3Fmu_protector%3Dregain&reauth=1 HTTP/1.1" 200 0 "-" "-"
150.40.100.101 - - [10/Jul/2026:16:37:16 +0300] "GET / HTTP/1.1" 200 79063 "-" "Mozilla/5.0 (Windows NT 10.0; Win64; x64) AppleWebKit/537.36 (KHTML, like Gecko) Chrome/131.0.0.0 Safari/537.36"
178.156.181.172 - - [10/Jul/2026:16:39:36 +0300] "HEAD / HTTP/1.1" 200 0 "https://primafinancegroup.com" "Mozilla/5.0+(compatible; UptimeRobot/2.0; http://www.uptimerobot.com/)"
52.15.147.27 - - [10/Jul/2026:16:44:41 +0300] "HEAD / HTTP/1.1" 200 0 "https://primafinancegroup.com" "Mozilla/5.0+(compatible; UptimeRobot/2.0; http://www.uptimerobot.com/)"
93.94.140.71 - - [10/Jul/2026:16:45:14 +0300] "HEAD / HTTP/1.1" 200 0 "-" "-"
114.119.130.199 - - [10/Jul/2026:16:47:22 +0300] "GET /items/P463217035/ HTTP/1.1" 200 76159 "https://primafinancegroup.com/sitemap-331.xml" "Mozilla/5.0 (Linux; Android 7.0;) AppleWebKit/537.36 (HTML, like Gecko) Mobile Safari/537.36 (compatible; PetalBot;+https://webmaster.petalsearch.com/site/petalbot)"
178.156.184.20 - - [10/Jul/2026:16:49:46 +0300] "HEAD / HTTP/1.1" 200 0 "https://primafinancegroup.com" "Mozilla/5.0+(compatible; UptimeRobot/2.0; http://www.uptimerobot.com/)"
93.94.140.42 - - [10/Jul/2026:16:50:19 +0300] "POST /wp-cron.php?doing_wp_cron=1783691419.4660179615020751953125 HTTP/1.1" 200 0 "-" "WordPress/7.0.1; https://primafinancegroup.com"
66.249.68.137 - - [10/Jul/2026:16:50:19 +0300] "GET /items/N621316845/ HTTP/1.1" 200 76159 "-" "Mozilla/5.0 (Linux; Android 6.0.1; Nexus 5X Build/MMB29P) AppleWebKit/537.36 (KHTML, like Gecko) Chrome/150.0.7871.46 Mobile Safari/537.36 (compatible; Googlebot/2.1; +http://www.google.com/bot.html)"
150.40.100.101 - - [10/Jul/2026:16:52:15 +0300] "GET / HTTP/1.1" 200 79063 "-" "Mozilla/5.0 (Windows NT 10.0; Win64; x64) AppleWebKit/537.36 (KHTML, like Gecko) Chrome/131.0.0.0 Safari/537.36"
64.233.173.96 - - [10/Jul/2026:16:53:20 +0300] "GET /.well-known/traffic-advice HTTP/1.1" 200 76159 "-" "Chrome Privacy Preserving Prefetch Proxy"
64.233.173.97 - - [10/Jul/2026:16:53:20 +0300] "GET /.well-known/traffic-advice HTTP/1.1" 200 76159 "-" "Chrome Privacy Preserving Prefetch Proxy"
193.186.4.137 - - [10/Jul/2026:16:53:20 +0300] "GET /services/ HTTP/1.1" 200 79173 "https://www.google.com/" "Mozilla/5.0 (Windows NT 10.0; Win64; x64) AppleWebKit/537.36 (KHTML, like Gecko) Chrome/149.0.0.0 Safari/537.36"
52.15.147.27 - - [10/Jul/2026:16:54:51 +0300] "HEAD / HTTP/1.1" 200 0 "https://primafinancegroup.com" "Mozilla/5.0+(compatible; UptimeRobot/2.0; http://www.uptimerobot.com/)"
193.111.248.191 - - [10/Jul/2026:16:56:34 +0300] "GET / HTTP/1.1" 200 79063 "-" "BossBacklinkChecker/2.3 (crawler)"
45.241.77.213 - - [10/Jul/2026:16:59:05 +0300] "POST /xmlrpc.php HTTP/1.1" 200 403 "-" "Jetpack by WordPress.com"
45.241.77.213 - - [10/Jul/2026:16:59:14 +0300] "POST /xmlrpc.php HTTP/1.1" 200 403 "-" "Jetpack by WordPress.com"
45.241.77.213 - - [10/Jul/2026:16:59:25 +0300] "POST /xmlrpc.php HTTP/1.1" 200 403 "-" "Jetpack by WordPress.com"
45.241.77.213 - - [10/Jul/2026:16:59:35 +0300] "POST /xmlrpc.php HTTP/1.1" 200 403 "-" "WordPress.com; https://wordpress.com"
45.241.77.213 - - [10/Jul/2026:16:59:46 +0300] "POST /xmlrpc.php HTTP/1.1" 200 403 "-" "Jetpack by WordPress.com"
5.161.215.244 - - [10/Jul/2026:16:59:56 +0300] "HEAD / HTTP/1.1" 200 0 "https://primafinancegroup.com" "Mozilla/5.0+(compatible; UptimeRobot/2.0; http://www.uptimerobot.com/)"
45.241.77.213 - - [10/Jul/2026:16:59:56 +0300] "POST /xmlrpc.php HTTP/1.1" 200 403 "-" "WordPress.com; https://wordpress.com"
45.241.77.213 - - [10/Jul/2026:17:00:07 +0300] "POST /xmlrpc.php HTTP/1.1" 200 403 "-" "Jetpack/12.1; WordPress/6.3; http://site59956043.com"
45.241.77.213 - - [10/Jul/2026:17:00:17 +0300] "POST /xmlrpc.php HTTP/1.1" 200 403 "-" "Jetpack by WordPress.com (Jetpack 12.5; WordPress 6.4)"
45.241.77.213 - - [10/Jul/2026:17:00:28 +0300] "POST /xmlrpc.php HTTP/1.1" 200 403 "-" "Jetpack by WordPress.com (Jetpack 12.0; WordPress 6.4)"
45.241.77.213 - - [10/Jul/2026:17:00:39 +0300] "POST /xmlrpc.php HTTP/1.1" 200 403 "-" "Jetpack by WordPress.com"
45.241.77.213 - - [10/Jul/2026:17:00:49 +0300] "POST /xmlrpc.php HTTP/1.1" 200 403 "-" "Jetpack by WordPress.com (Jetpack 12.0; WordPress 6.3)"
45.241.77.213 - - [10/Jul/2026:17:01:00 +0300] "POST /xmlrpc.php HTTP/1.1" 200 403 "-" "Jetpack by WordPress.com"
45.241.77.213 - - [10/Jul/2026:17:01:10 +0300] "POST /xmlrpc.php HTTP/1.1" 200 403 "-" "WordPress.com; https://wordpress.com"
45.241.77.213 - - [10/Jul/2026:17:01:21 +0300] "POST /xmlrpc.php HTTP/1.1" 200 403 "-" "Jetpack by WordPress.com (Jetpack 12.5; WordPress 6.4)"
45.241.77.213 - - [10/Jul/2026:17:01:32 +0300] "POST /xmlrpc.php HTTP/1.1" 200 403 "-" "Jetpack by WordPress.com"
45.241.77.213 - - [10/Jul/2026:17:01:42 +0300] "POST /xmlrpc.php HTTP/1.1" 200 403 "-" "WordPress.com; https://wordpress.com"
45.241.77.213 - - [10/Jul/2026:17:01:53 +0300] "POST /xmlrpc.php HTTP/1.1" 200 403 "-" "Jetpack by WordPress.com"
45.241.77.213 - - [10/Jul/2026:17:02:03 +0300] "POST /xmlrpc.php HTTP/1.1" 200 403 "-" "Jetpack/12.1; WordPress/6.1; http://site19275893.com"
45.241.77.213 - - [10/Jul/2026:17:02:14 +0300] "POST /xmlrpc.php HTTP/1.1" 200 403 "-" "Jetpack/13.0; WordPress/6.2; http://site28624919.com"
45.241.77.213 - - [10/Jul/2026:17:02:24 +0300] "POST /xmlrpc.php HTTP/1.1" 200 403 "-" "Jetpack/12.1; WordPress/6.1; http://site60327616.com"
45.241.77.213 - - [10/Jul/2026:17:02:35 +0300] "POST /xmlrpc.php HTTP/1.1" 200 403 "-" "Jetpack/12.0; WordPress/6.2; http://site74194902.com"
45.241.77.213 - - [10/Jul/2026:17:02:45 +0300] "POST /xmlrpc.php HTTP/1.1" 200 403 "-" "WordPress.com; https://wordpress.com"
45.241.77.213 - - [10/Jul/2026:17:02:56 +0300] "POST /xmlrpc.php HTTP/1.1" 200 403 "-" "Jetpack/12.1; WordPress/6.3; http://site12675396.com"
45.241.77.213 - - [10/Jul/2026:17:03:06 +0300] "POST /xmlrpc.php HTTP/1.1" 200 403 "-" "Jetpack by WordPress.com"
45.241.77.213 - - [10/Jul/2026:17:03:17 +0300] "POST /xmlrpc.php HTTP/1.1" 200 403 "-" "WordPress.com; https://wordpress.com"
45.241.77.213 - - [10/Jul/2026:17:03:27 +0300] "POST /xmlrpc.php HTTP/1.1" 200 403 "-" "Jetpack/12.5; WordPress/6.2; http://site94225248.com"
45.241.77.213 - - [10/Jul/2026:17:03:38 +0300] "POST /xmlrpc.php HTTP/1.1" 200 403 "-" "Jetpack/12.5; WordPress/6.1; http://site10432221.com"
45.241.77.213 - - [10/Jul/2026:17:03:48 +0300] "POST /xmlrpc.php HTTP/1.1" 200 403 "-" "Jetpack/12.0; WordPress/6.1; http://site18983486.com"
45.241.77.213 - - [10/Jul/2026:17:03:59 +0300] "POST /xmlrpc.php HTTP/1.1" 200 403 "-" "Jetpack by WordPress.com"
45.241.77.213 - - [10/Jul/2026:17:04:09 +0300] "POST /xmlrpc.php HTTP/1.1" 200 403 "-" "WordPress.com; https://wordpress.com"
45.241.77.213 - - [10/Jul/2026:17:04:20 +0300] "POST /xmlrpc.php HTTP/1.1" 200 403 "-" "Jetpack by WordPress.com (Jetpack 13.0; WordPress 6.3)"
45.241.77.213 - - [10/Jul/2026:17:04:30 +0300] "POST /xmlrpc.php HTTP/1.1" 200 403 "-" "Jetpack by WordPress.com"
45.241.77.213 - - [10/Jul/2026:17:04:41 +0300] "POST /xmlrpc.php HTTP/1.1" 200 403 "-" "Jetpack/12.1; WordPress/6.3; http://site96544393.com"
45.241.77.213 - - [10/Jul/2026:17:04:51 +0300] "POST /xmlrpc.php HTTP/1.1" 200 403 "-" "Jetpack by WordPress.com"
45.241.77.213 - - [10/Jul/2026:17:05:02 +0300] "POST /xmlrpc.php HTTP/1.1" 200 403 "-" "WordPress.com; https://wordpress.com"
3.149.57.90 - - [10/Jul/2026:17:05:02 +0300] "HEAD / HTTP/1.1" 200 0 "https://primafinancegroup.com" "Mozilla/5.0+(compatible; UptimeRobot/2.0; http://www.uptimerobot.com/)"
45.241.77.213 - - [10/Jul/2026:17:05:12 +0300] "POST /xmlrpc.php HTTP/1.1" 200 403 "-" "Jetpack by WordPress.com (Jetpack 12.0; WordPress 6.2)"
45.241.77.213 - - [10/Jul/2026:17:05:23 +0300] "POST /xmlrpc.php HTTP/1.1" 200 403 "-" "WordPress.com; https://wordpress.com"
45.241.77.213 - - [10/Jul/2026:17:05:33 +0300] "POST /xmlrpc.php HTTP/1.1" 200 403 "-" "Jetpack by WordPress.com (Jetpack 12.0; WordPress 6.3)"
45.241.77.213 - - [10/Jul/2026:17:05:44 +0300] "POST /xmlrpc.php HTTP/1.1" 200 403 "-" "Jetpack/12.0; WordPress/6.4; http://site64731444.com"
45.241.77.213 - - [10/Jul/2026:17:05:54 +0300] "POST /xmlrpc.php HTTP/1.1" 200 403 "-" "Jetpack by WordPress.com (Jetpack 12.1; WordPress 6.4)"
45.241.77.213 - - [10/Jul/2026:17:06:05 +0300] "POST /xmlrpc.php HTTP/1.1" 200 403 "-" "WordPress.com; https://wordpress.com"
45.241.77.213 - - [10/Jul/2026:17:06:16 +0300] "POST /xmlrpc.php HTTP/1.1" 403 76159 "-" "Jetpack/12.0; WordPress/6.4; http://site62370156.com"
45.241.77.213 - - [10/Jul/2026:17:06:27 +0300] "POST /xmlrpc.php HTTP/1.1" 403 76159 "-" "Jetpack by WordPress.com"
45.241.77.213 - - [10/Jul/2026:17:06:37 +0300] "POST /xmlrpc.php HTTP/1.1" 403 76159 "-" "Jetpack/12.5; WordPress/6.2; http://site58368828.com"
45.241.77.213 - - [10/Jul/2026:17:06:49 +0300] "POST /xmlrpc.php HTTP/1.1" 403 76159 "-" "Jetpack by WordPress.com"
45.241.77.213 - - [10/Jul/2026:17:06:59 +0300] "POST /xmlrpc.php HTTP/1.1" 403 76159 "-" "Jetpack/12.5; WordPress/6.3; http://site46713891.com"
45.241.77.213 - - [10/Jul/2026:17:07:09 +0300] "POST /xmlrpc.php HTTP/1.1" 403 76159 "-" "Jetpack by WordPress.com"
45.241.77.213 - - [10/Jul/2026:17:07:20 +0300] "POST /xmlrpc.php HTTP/1.1" 403 76159 "-" "Jetpack/12.5; WordPress/6.4; http://site62615021.com"
45.241.77.213 - - [10/Jul/2026:17:07:30 +0300] "POST /xmlrpc.php HTTP/1.1" 403 76159 "-" "Jetpack/13.0; WordPress/6.2; http://site24883947.com"
45.241.77.213 - - [10/Jul/2026:17:07:41 +0300] "POST /xmlrpc.php HTTP/1.1" 403 76159 "-" "WordPress.com; https://wordpress.com"
45.241.77.213 - - [10/Jul/2026:17:07:52 +0300] "POST /xmlrpc.php HTTP/1.1" 403 76159 "-" "Jetpack by WordPress.com (Jetpack 12.0; WordPress 6.4)"
45.241.77.213 - - [10/Jul/2026:17:08:02 +0300] "POST /xmlrpc.php HTTP/1.1" 403 76159 "-" "WordPress.com; https://wordpress.com"
45.241.77.213 - - [10/Jul/2026:17:08:13 +0300] "POST /xmlrpc.php HTTP/1.1" 403 76159 "-" "WordPress.com; https://wordpress.com"
45.241.77.213 - - [10/Jul/2026:17:08:23 +0300] "POST /xmlrpc.php HTTP/1.1" 403 76159 "-" "Jetpack by WordPress.com (Jetpack 12.5; WordPress 6.4)"
45.241.77.213 - - [10/Jul/2026:17:08:34 +0300] "POST /xmlrpc.php HTTP/1.1" 403 76159 "-" "Jetpack by WordPress.com"
45.241.77.213 - - [10/Jul/2026:17:08:44 +0300] "POST /xmlrpc.php HTTP/1.1" 403 76159 "-" "Jetpack by WordPress.com"
45.241.77.213 - - [10/Jul/2026:17:08:55 +0300] "POST /xmlrpc.php HTTP/1.1" 403 76159 "-" "Jetpack by WordPress.com"
45.241.77.213 - - [10/Jul/2026:17:09:05 +0300] "POST /xmlrpc.php HTTP/1.1" 403 76159 "-" "Jetpack by WordPress.com (Jetpack 12.5; WordPress 6.2)"
114.119.158.50 - - [10/Jul/2026:17:09:15 +0300] "GET /items/P461142153/ HTTP/1.1" 200 76159 "https://primafinancegroup.com/sitemap-331.xml" "Mozilla/5.0 (Linux; Android 7.0;) AppleWebKit/537.36 (HTML, like Gecko) Mobile Safari/537.36 (compatible; PetalBot;+https://webmaster.petalsearch.com/site/petalbot)"
45.241.77.213 - - [10/Jul/2026:17:09:16 +0300] "POST /xmlrpc.php HTTP/1.1" 403 76159 "-" "WordPress.com; https://wordpress.com"
45.241.77.213 - - [10/Jul/2026:17:09:26 +0300] "POST /xmlrpc.php HTTP/1.1" 403 76159 "-" "Jetpack by WordPress.com"
45.241.77.213 - - [10/Jul/2026:17:09:37 +0300] "POST /xmlrpc.php HTTP/1.1" 403 76159 "-" "Jetpack/12.1; WordPress/6.4; http://site48830963.com"
45.241.77.213 - - [10/Jul/2026:17:09:47 +0300] "POST /xmlrpc.php HTTP/1.1" 403 76159 "-" "Jetpack by WordPress.com (Jetpack 12.0; WordPress 6.1)"
45.241.77.213 - - [10/Jul/2026:17:09:58 +0300] "POST /xmlrpc.php HTTP/1.1" 403 76159 "-" "WordPress.com; https://wordpress.com"
3.149.57.90 - - [10/Jul/2026:17:10:06 +0300] "HEAD / HTTP/1.1" 200 0 "https://primafinancegroup.com" "Mozilla/5.0+(compatible; UptimeRobot/2.0; http://www.uptimerobot.com/)"
45.241.77.213 - - [10/Jul/2026:17:10:08 +0300] "POST /xmlrpc.php HTTP/1.1" 403 76159 "-" "Jetpack by WordPress.com"
45.241.77.213 - - [10/Jul/2026:17:10:18 +0300] "POST /xmlrpc.php HTTP/1.1" 200 403 "-" "Jetpack by WordPress.com"
45.241.77.213 - - [10/Jul/2026:17:10:29 +0300] "POST /xmlrpc.php HTTP/1.1" 200 403 "-" "Jetpack by WordPress.com (Jetpack 12.5; WordPress 6.1)"
114.119.133.14 - - [10/Jul/2026:17:10:38 +0300] "GET /items/P461133167/ HTTP/1.1" 200 76159 "https://primafinancegroup.com/sitemap-331.xml" "Mozilla/5.0 (Linux; Android 7.0;) AppleWebKit/537.36 (HTML, like Gecko) Mobile Safari/537.36 (compatible; PetalBot;+https://webmaster.petalsearch.com/site/petalbot)"
45.241.77.213 - - [10/Jul/2026:17:10:39 +0300] "POST /xmlrpc.php HTTP/1.1" 200 403 "-" "Jetpack by WordPress.com"
45.241.77.213 - - [10/Jul/2026:17:10:50 +0300] "POST /xmlrpc.php HTTP/1.1" 200 403 "-" "WordPress.com; https://wordpress.com"
45.241.77.213 - - [10/Jul/2026:17:11:00 +0300] "POST /xmlrpc.php HTTP/1.1" 200 403 "-" "Jetpack by WordPress.com"
45.241.77.213 - - [10/Jul/2026:17:11:11 +0300] "POST /xmlrpc.php HTTP/1.1" 200 403 "-" "WordPress.com; https://wordpress.com"
45.241.77.213 - - [10/Jul/2026:17:11:21 +0300] "POST /xmlrpc.php HTTP/1.1" 200 403 "-" "Jetpack by WordPress.com (Jetpack 12.5; WordPress 6.4)"
45.241.77.213 - - [10/Jul/2026:17:11:32 +0300] "POST /xmlrpc.php HTTP/1.1" 200 403 "-" "Jetpack by WordPress.com (Jetpack 12.5; WordPress 6.3)"
45.241.77.213 - - [10/Jul/2026:17:11:42 +0300] "POST /xmlrpc.php HTTP/1.1" 200 403 "-" "Jetpack by WordPress.com (Jetpack 12.5; WordPress 6.1)"
66.249.68.136 - - [10/Jul/2026:17:11:50 +0300] "GET /items/C002245113/ HTTP/1.1" 200 76159 "-" "Mozilla/5.0 (Linux; Android 6.0.1; Nexus 5X Build/MMB29P) AppleWebKit/537.36 (KHTML, like Gecko) Chrome/150.0.7871.46 Mobile Safari/537.36 (compatible; Googlebot/2.1; +http://www.google.com/bot.html)"
45.241.77.213 - - [10/Jul/2026:17:11:53 +0300] "POST /xmlrpc.php HTTP/1.1" 200 403 "-" "Jetpack by WordPress.com"
114.119.158.50 - - [10/Jul/2026:17:12:00 +0300] "GET /items/P463221375/ HTTP/1.1" 200 76159 "https://primafinancegroup.com/sitemap-331.xml" "Mozilla/5.0 (Linux; Android 7.0;) AppleWebKit/537.36 (HTML, like Gecko) Mobile Safari/537.36 (compatible; PetalBot;+https://webmaster.petalsearch.com/site/petalbot)"
45.241.77.213 - - [10/Jul/2026:17:12:03 +0300] "POST /xmlrpc.php HTTP/1.1" 200 403 "-" "Jetpack by WordPress.com (Jetpack 13.0; WordPress 6.3)"
45.241.77.213 - - [10/Jul/2026:17:12:14 +0300] "POST /xmlrpc.php HTTP/1.1" 200 403 "-" "Jetpack/13.0; WordPress/6.4; http://site11524953.com"
45.241.77.213 - - [10/Jul/2026:17:12:24 +0300] "POST /xmlrpc.php HTTP/1.1" 200 403 "-" "Jetpack by WordPress.com"
45.241.77.213 - - [10/Jul/2026:17:12:35 +0300] "POST /xmlrpc.php HTTP/1.1" 200 403 "-" "WordPress.com; https://wordpress.com"
45.241.77.213 - - [10/Jul/2026:17:12:45 +0300] "POST /xmlrpc.php HTTP/1.1" 200 403 "-" "Jetpack/13.0; WordPress/6.2; http://site19835959.com"
45.241.77.213 - - [10/Jul/2026:17:12:56 +0300] "POST /xmlrpc.php HTTP/1.1" 200 403 "-" "WordPress.com; https://wordpress.com"
45.241.77.213 - - [10/Jul/2026:17:13:06 +0300] "POST /xmlrpc.php HTTP/1.1" 200 403 "-" "WordPress.com; https://wordpress.com"
45.241.77.213 - - [10/Jul/2026:17:13:17 +0300] "POST /xmlrpc.php HTTP/1.1" 200 403 "-" "WordPress.com; https://wordpress.com"
45.241.77.213 - - [10/Jul/2026:17:13:27 +0300] "POST /xmlrpc.php HTTP/1.1" 200 403 "-" "WordPress.com; https://wordpress.com"
45.241.77.213 - - [10/Jul/2026:17:13:38 +0300] "POST /xmlrpc.php HTTP/1.1" 200 403 "-" "Jetpack/12.0; WordPress/6.1; http://site70291012.com"
45.241.77.213 - - [10/Jul/2026:17:13:48 +0300] "POST /xmlrpc.php HTTP/1.1" 200 403 "-" "Jetpack by WordPress.com"
45.241.77.213 - - [10/Jul/2026:17:13:59 +0300] "POST /xmlrpc.php HTTP/1.1" 200 403 "-" "WordPress.com; https://wordpress.com"
45.241.77.213 - - [10/Jul/2026:17:14:09 +0300] "POST /xmlrpc.php HTTP/1.1" 200 403 "-" "Jetpack/13.0; WordPress/6.2; http://site19265244.com"
45.241.77.213 - - [10/Jul/2026:17:14:20 +0300] "POST /xmlrpc.php HTTP/1.1" 200 403 "-" "WordPress.com; https://wordpress.com"
45.241.77.213 - - [10/Jul/2026:17:14:30 +0300] "POST /xmlrpc.php HTTP/1.1" 200 403 "-" "Jetpack by WordPress.com (Jetpack 13.0; WordPress 6.4)"
45.241.77.213 - - [10/Jul/2026:17:14:41 +0300] "POST /xmlrpc.php HTTP/1.1" 200 403 "-" "WordPress.com; https://wordpress.com"
45.241.77.213 - - [10/Jul/2026:17:14:51 +0300] "POST /xmlrpc.php HTTP/1.1" 200 403 "-" "Jetpack/13.0; WordPress/6.4; http://site92683198.com"
45.241.77.213 - - [10/Jul/2026:17:15:02 +0300] "POST /xmlrpc.php HTTP/1.1" 200 403 "-" "Jetpack by WordPress.com"
5.161.61.238 - - [10/Jul/2026:17:15:12 +0300] "HEAD / HTTP/1.1" 200 0 "https://primafinancegroup.com" "Mozilla/5.0+(compatible; UptimeRobot/2.0; http://www.uptimerobot.com/)"
45.241.77.213 - - [10/Jul/2026:17:15:12 +0300] "POST /xmlrpc.php HTTP/1.1" 200 403 "-" "WordPress.com; https://wordpress.com"
45.241.77.213 - - [10/Jul/2026:17:15:23 +0300] "POST /xmlrpc.php HTTP/1.1" 200 403 "-" "Jetpack by WordPress.com"
45.241.77.213 - - [10/Jul/2026:17:15:33 +0300] "POST /xmlrpc.php HTTP/1.1" 200 403 "-" "Jetpack by WordPress.com (Jetpack 13.0; WordPress 6.2)"
45.241.77.213 - - [10/Jul/2026:17:15:44 +0300] "POST /xmlrpc.php HTTP/1.1" 200 403 "-" "Jetpack by WordPress.com"
45.241.77.213 - - [10/Jul/2026:17:15:54 +0300] "POST /xmlrpc.php HTTP/1.1" 200 403 "-" "Jetpack by WordPress.com (Jetpack 12.0; WordPress 6.3)"
45.241.77.213 - - [10/Jul/2026:17:16:05 +0300] "POST /xmlrpc.php HTTP/1.1" 200 403 "-" "WordPress.com; https://wordpress.com"
45.241.77.213 - - [10/Jul/2026:17:16:16 +0300] "POST /xmlrpc.php HTTP/1.1" 200 403 "-" "WordPress.com; https://wordpress.com"
45.241.77.213 - - [10/Jul/2026:17:16:26 +0300] "POST /xmlrpc.php HTTP/1.1" 200 403 "-" "Jetpack by WordPress.com"
45.241.77.213 - - [10/Jul/2026:17:16:37 +0300] "POST /xmlrpc.php HTTP/1.1" 200 403 "-" "WordPress.com; https://wordpress.com"
45.241.77.213 - - [10/Jul/2026:17:16:47 +0300] "POST /xmlrpc.php HTTP/1.1" 200 403 "-" "Jetpack by WordPress.com (Jetpack 12.5; WordPress 6.2)"
45.241.77.213 - - [10/Jul/2026:17:16:58 +0300] "POST /xmlrpc.php HTTP/1.1" 200 403 "-" "Jetpack by WordPress.com"
45.241.77.213 - - [10/Jul/2026:17:17:09 +0300] "POST /xmlrpc.php HTTP/1.1" 200 403 "-" "WordPress.com; https://wordpress.com"
45.241.77.213 - - [10/Jul/2026:17:17:19 +0300] "POST /xmlrpc.php HTTP/1.1" 200 403 "-" "Jetpack/13.0; WordPress/6.3; http://site32565988.com"
45.241.77.213 - - [10/Jul/2026:17:17:31 +0300] "POST /xmlrpc.php HTTP/1.1" 403 76159 "-" "Jetpack by WordPress.com"
45.241.77.213 - - [10/Jul/2026:17:17:41 +0300] "POST /xmlrpc.php HTTP/1.1" 403 76159 "-" "Jetpack by WordPress.com (Jetpack 12.0; WordPress 6.1)"
45.241.77.213 - - [10/Jul/2026:17:17:52 +0300] "POST /xmlrpc.php HTTP/1.1" 403 76159 "-" "Jetpack/13.0; WordPress/6.4; http://site86464129.com"
45.241.77.213 - - [10/Jul/2026:17:18:03 +0300] "POST /xmlrpc.php HTTP/1.1" 403 76159 "-" "Jetpack/12.1; WordPress/6.2; http://site75701723.com"
45.241.77.213 - - [10/Jul/2026:17:18:13 +0300] "POST /xmlrpc.php HTTP/1.1" 403 76159 "-" "Jetpack/12.5; WordPress/6.3; http://site88121167.com"
45.241.77.213 - - [10/Jul/2026:17:18:24 +0300] "POST /xmlrpc.php HTTP/1.1" 403 76159 "-" "Jetpack/12.5; WordPress/6.4; http://site27063642.com"
45.241.77.213 - - [10/Jul/2026:17:18:34 +0300] "POST /xmlrpc.php HTTP/1.1" 403 76159 "-" "WordPress.com; https://wordpress.com"
45.241.77.213 - - [10/Jul/2026:17:18:45 +0300] "POST /xmlrpc.php HTTP/1.1" 403 76159 "-" "Jetpack by WordPress.com (Jetpack 12.5; WordPress 6.4)"
45.241.77.213 - - [10/Jul/2026:17:18:55 +0300] "POST /xmlrpc.php HTTP/1.1" 403 76159 "-" "WordPress.com; https://wordpress.com"
45.241.77.213 - - [10/Jul/2026:17:19:06 +0300] "POST /xmlrpc.php HTTP/1.1" 403 76159 "-" "Jetpack by WordPress.com"
45.241.77.213 - - [10/Jul/2026:17:19:17 +0300] "POST /xmlrpc.php HTTP/1.1" 403 76159 "-" "Jetpack by WordPress.com"
45.241.77.213 - - [10/Jul/2026:17:19:27 +0300] "POST /xmlrpc.php HTTP/1.1" 403 76159 "-" "WordPress.com; https://wordpress.com"
45.241.77.213 - - [10/Jul/2026:17:19:38 +0300] "POST /xmlrpc.php HTTP/1.1" 403 76159 "-" "Jetpack by WordPress.com"
45.241.77.213 - - [10/Jul/2026:17:19:48 +0300] "POST /xmlrpc.php HTTP/1.1" 403 76159 "-" "WordPress.com; https://wordpress.com"
45.241.77.213 - - [10/Jul/2026:17:19:59 +0300] "POST /xmlrpc.php HTTP/1.1" 403 76159 "-" "Jetpack/12.5; WordPress/6.4; http://site77552070.com"
45.241.77.213 - - [10/Jul/2026:17:20:10 +0300] "POST /xmlrpc.php HTTP/1.1" 403 76159 "-" "Jetpack by WordPress.com"
5.161.215.244 - - [10/Jul/2026:17:20:17 +0300] "HEAD / HTTP/1.1" 200 0 "https://primafinancegroup.com" "Mozilla/5.0+(compatible; UptimeRobot/2.0; http://www.uptimerobot.com/)"
45.241.77.213 - - [10/Jul/2026:17:20:20 +0300] "POST /xmlrpc.php HTTP/1.1" 403 76159 "-" "Jetpack/13.0; WordPress/6.2; http://site40462117.com"
45.241.77.213 - - [10/Jul/2026:17:20:31 +0300] "POST /xmlrpc.php HTTP/1.1" 403 76159 "-" "Jetpack by WordPress.com (Jetpack 13.0; WordPress 6.2)"
45.241.77.213 - - [10/Jul/2026:17:20:50 +0300] "POST /xmlrpc.php HTTP/1.1" 499 0 "-" "Jetpack by WordPress.com (Jetpack 12.1; WordPress 6.2)"
45.241.77.213 - - [10/Jul/2026:17:20:53 +0300] "POST /xmlrpc.php HTTP/1.1" 403 76159 "-" "Jetpack by WordPress.com (Jetpack 12.0; WordPress 6.1)"
45.241.77.213 - - [10/Jul/2026:17:21:03 +0300] "POST /xmlrpc.php HTTP/1.1" 403 76159 "-" "WordPress.com; https://wordpress.com"
45.241.77.213 - - [10/Jul/2026:17:21:14 +0300] "POST /xmlrpc.php HTTP/1.1" 403 76159 "-" "Jetpack by WordPress.com (Jetpack 12.0; WordPress 6.1)"
45.241.77.213 - - [10/Jul/2026:17:21:24 +0300] "POST /xmlrpc.php HTTP/1.1" 403 76159 "-" "Jetpack by WordPress.com"
45.241.77.213 - - [10/Jul/2026:17:21:34 +0300] "POST /xmlrpc.php HTTP/1.1" 200 403 "-" "Jetpack by WordPress.com (Jetpack 13.0; WordPress 6.2)"
105.67.2.188 - - [10/Jul/2026:17:21:39 +0300] "POST /xmlrpc.php HTTP/1.1" 200 403 "-" "Mozilla/5.0 (Linux; Android 10; arm64) AppleWebKit/537.36 (KHTML, like Gecko) Safari/11.0.0.0 Safari/537.36"
45.241.77.213 - - [10/Jul/2026:17:21:45 +0300] "POST /xmlrpc.php HTTP/1.1" 200 403 "-" "WordPress.com; https://wordpress.com"
45.241.77.213 - - [10/Jul/2026:17:21:56 +0300] "POST /xmlrpc.php HTTP/1.1" 200 403 "-" "Jetpack by WordPress.com"
45.241.77.213 - - [10/Jul/2026:17:22:06 +0300] "POST /xmlrpc.php HTTP/1.1" 200 403 "-" "Jetpack by WordPress.com"
45.241.77.213 - - [10/Jul/2026:17:22:17 +0300] "POST /xmlrpc.php HTTP/1.1" 200 403 "-" "Jetpack by WordPress.com"
45.241.77.213 - - [10/Jul/2026:17:22:27 +0300] "POST /xmlrpc.php HTTP/1.1" 200 403 "-" "Jetpack by WordPress.com"
45.241.77.213 - - [10/Jul/2026:17:22:38 +0300] "POST /xmlrpc.php HTTP/1.1" 200 403 "-" "WordPress.com; https://wordpress.com"
45.241.77.213 - - [10/Jul/2026:17:22:49 +0300] "POST /xmlrpc.php HTTP/1.1" 200 403 "-" "Jetpack by WordPress.com"
105.67.2.188 - - [10/Jul/2026:17:22:50 +0300] "GET /wp-json/wp/v2/users HTTP/1.1" 200 773 "-" "Mozilla/4.0 (compatible; Win32; WinHttp.WinHttpRequest.5)"
45.241.77.213 - - [10/Jul/2026:17:22:59 +0300] "POST /xmlrpc.php HTTP/1.1" 200 403 "-" "Jetpack by WordPress.com"
45.241.77.213 - - [10/Jul/2026:17:23:10 +0300] "POST /xmlrpc.php HTTP/1.1" 200 403 "-" "Jetpack by WordPress.com (Jetpack 13.0; WordPress 6.2)"
105.67.2.188 - - [10/Jul/2026:17:23:12 +0300] "POST /xmlrpc.php HTTP/1.1" 200 403 "-" "Mozilla/5.0 (Windows NT 6.3; arm64) AppleWebKit/537.36 (KHTML, like Gecko) Chrome/107.0.0.0 Safari/537.36"
45.241.77.213 - - [10/Jul/2026:17:23:20 +0300] "POST /xmlrpc.php HTTP/1.1" 200 403 "-" "Jetpack by WordPress.com (Jetpack 12.5; WordPress 6.2)"
45.241.77.213 - - [10/Jul/2026:17:23:31 +0300] "POST /xmlrpc.php HTTP/1.1" 200 403 "-" "Jetpack by WordPress.com (Jetpack 13.0; WordPress 6.1)"
105.67.2.188 - - [10/Jul/2026:17:23:33 +0300] "POST /xmlrpc.php HTTP/1.1" 200 403 "-" "Mozilla/5.0 (Macintosh; Intel Mac OS X 10_15_7; x86) AppleWebKit/537.36 (KHTML, like Gecko) Chrome/107.0.0.0 Safari/537.36"
45.241.77.213 - - [10/Jul/2026:17:23:42 +0300] "POST /xmlrpc.php HTTP/1.1" 200 403 "-" "Jetpack/12.0; WordPress/6.3; http://site13442729.com"
45.241.77.213 - - [10/Jul/2026:17:23:56 +0300] "POST /xmlrpc.php HTTP/1.1" 200 403 "-" "Jetpack by WordPress.com"
105.67.2.188 - - [10/Jul/2026:17:23:56 +0300] "POST /xmlrpc.php HTTP/1.1" 200 403 "-" "Mozilla/5.0 (Windows NT 6.3; x86) AppleWebKit/537.36 (KHTML, like Gecko) Chrome/86.0.0.0 Safari/537.36"
45.241.77.213 - - [10/Jul/2026:17:24:03 +0300] "POST /xmlrpc.php HTTP/1.1" 200 403 "-" "WordPress.com; https://wordpress.com"
45.241.77.213 - - [10/Jul/2026:17:24:14 +0300] "POST /xmlrpc.php HTTP/1.1" 200 403 "-" "Jetpack/12.1; WordPress/6.4; http://site69909711.com"
105.67.2.188 - - [10/Jul/2026:17:24:17 +0300] "POST /xmlrpc.php HTTP/1.1" 200 403 "-" "Mozilla/5.0 (Linux; Android 10; x86) AppleWebKit/537.36 (KHTML, like Gecko) Opera/62.0.0.0 Safari/537.36"
45.241.77.213 - - [10/Jul/2026:17:24:24 +0300] "POST /xmlrpc.php HTTP/1.1" 200 403 "-" "Jetpack by WordPress.com (Jetpack 13.0; WordPress 6.4)"
45.241.77.213 - - [10/Jul/2026:17:24:35 +0300] "POST /xmlrpc.php HTTP/1.1" 200 403 "-" "Jetpack/12.5; WordPress/6.4; http://site53170155.com"
105.67.2.188 - - [10/Jul/2026:17:24:40 +0300] "POST /xmlrpc.php HTTP/1.1" 200 403 "-" "Mozilla/5.0 (Windows NT 10.0; arm64) AppleWebKit/537.36 (KHTML, like Gecko) Chrome/83.0.0.0 Safari/537.36"
45.241.77.213 - - [10/Jul/2026:17:24:46 +0300] "POST /xmlrpc.php HTTP/1.1" 200 403 "-" "Jetpack/12.5; WordPress/6.2; http://site86834938.com"
45.241.77.213 - - [10/Jul/2026:17:24:56 +0300] "POST /xmlrpc.php HTTP/1.1" 200 403 "-" "Jetpack/13.0; WordPress/6.3; http://site67759995.com"
45.241.77.213 - - [10/Jul/2026:17:25:07 +0300] "POST /xmlrpc.php HTTP/1.1" 200 403 "-" "Jetpack by WordPress.com"
105.67.2.188 - - [10/Jul/2026:17:25:07 +0300] "POST /xmlrpc.php HTTP/1.1" 200 403 "-" "Mozilla/5.0 (Windows NT 6.2; x86) AppleWebKit/537.36 (KHTML, like Gecko) Chrome/81.0.0.0 Safari/537.36"
45.241.77.213 - - [10/Jul/2026:17:25:18 +0300] "POST /xmlrpc.php HTTP/1.1" 200 403 "-" "Jetpack by WordPress.com"
52.15.147.27 - - [10/Jul/2026:17:25:22 +0300] "HEAD / HTTP/1.1" 200 0 "https://primafinancegroup.com" "Mozilla/5.0+(compatible; UptimeRobot/2.0; http://www.uptimerobot.com/)"
105.67.2.188 - - [10/Jul/2026:17:25:28 +0300] "POST /xmlrpc.php HTTP/1.1" 200 403 "-" "Mozilla/5.0 (Windows NT 10.0; arm64) AppleWebKit/537.36 (KHTML, like Gecko) Edge/98.0.0.0 Safari/537.36"
114.119.133.14 - - [10/Jul/2026:17:25:46 +0300] "GET /items/P463164319/ HTTP/1.1" 200 76159 "https://primafinancegroup.com/sitemap-331.xml" "Mozilla/5.0 (Linux; Android 7.0;) AppleWebKit/537.36 (HTML, like Gecko) Mobile Safari/537.36 (compatible; PetalBot;+https://webmaster.petalsearch.com/site/petalbot)"
105.67.2.188 - - [10/Jul/2026:17:25:51 +0300] "POST /xmlrpc.php HTTP/1.1" 200 403 "-" "Mozilla/5.0 (Windows NT 6.3; x64) AppleWebKit/537.36 (KHTML, like Gecko) Edge/97.0.0.0 Safari/537.36"
105.67.2.188 - - [10/Jul/2026:17:26:13 +0300] "POST /xmlrpc.php HTTP/1.1" 200 403 "-" "Mozilla/5.0 (Linux; Android 10; x64) AppleWebKit/537.36 (KHTML, like Gecko) Firefox/76.0.0.0 Safari/537.36"
105.67.2.188 - - [10/Jul/2026:17:26:38 +0300] "POST /xmlrpc.php HTTP/1.1" 200 403 "-" "Mozilla/5.0 (Windows NT 6.2; x86) AppleWebKit/537.36 (KHTML, like Gecko) Firefox/88.0.0.0 Safari/537.36"
105.67.2.188 - - [10/Jul/2026:17:27:00 +0300] "POST /xmlrpc.php HTTP/1.1" 200 403 "-" "Mozilla/5.0 (Windows NT 6.3; x86) AppleWebKit/537.36 (KHTML, like Gecko) Safari/13.0.0.0 Safari/537.36"
105.67.2.188 - - [10/Jul/2026:17:27:19 +0300] "POST /xmlrpc.php HTTP/1.1" 200 403 "-" "Mozilla/5.0 (X11; Ubuntu; Linux x86_64; x64) AppleWebKit/537.36 (KHTML, like Gecko) Firefox/88.0.0.0 Safari/537.36"
105.67.2.188 - - [10/Jul/2026:17:27:39 +0300] "POST /xmlrpc.php HTTP/1.1" 200 403 "-" "Mozilla/5.0 (Linux; Android 10; arm64) AppleWebKit/537.36 (KHTML, like Gecko) Edge/85.0.0.0 Safari/537.36"
105.67.2.188 - - [10/Jul/2026:17:28:01 +0300] "POST /xmlrpc.php HTTP/1.1" 200 403 "-" "Mozilla/5.0 (Macintosh; Intel Mac OS X 10_15_7; x64) AppleWebKit/537.36 (KHTML, like Gecko) Firefox/84.0.0.0 Safari/537.36"
105.67.2.188 - - [10/Jul/2026:17:28:24 +0300] "POST /xmlrpc.php HTTP/1.1" 200 403 "-" "Mozilla/5.0 (Windows NT 10.0; x86) AppleWebKit/537.36 (KHTML, like Gecko) Firefox/79.0.0.0 Safari/537.36"
105.67.2.188 - - [10/Jul/2026:17:28:57 +0300] "POST /xmlrpc.php HTTP/1.1" 200 403 "-" "Mozilla/5.0 (Windows NT 6.2; x86) AppleWebKit/537.36 (KHTML, like Gecko) Firefox/91.0.0.0 Safari/537.36"
105.67.2.188 - - [10/Jul/2026:17:29:29 +0300] "POST /xmlrpc.php HTTP/1.1" 200 403 "-" "Mozilla/5.0 (Linux; Android 10; x64) AppleWebKit/537.36 (KHTML, like Gecko) Safari/13.0.0.0 Safari/537.36"
105.67.2.188 - - [10/Jul/2026:17:30:00 +0300] "POST /xmlrpc.php HTTP/1.1" 200 403 "-" "Mozilla/5.0 (Linux; Android 10; x86) AppleWebKit/537.36 (KHTML, like Gecko) Edge/89.0.0.0 Safari/537.36"
52.22.236.30 - - [10/Jul/2026:17:30:26 +0300] "HEAD / HTTP/1.1" 200 0 "https://primafinancegroup.com" "Mozilla/5.0+(compatible; UptimeRobot/2.0; http://www.uptimerobot.com/)"
105.67.2.188 - - [10/Jul/2026:17:30:31 +0300] "POST /xmlrpc.php HTTP/1.1" 200 403 "-" "Mozilla/5.0 (Linux; Android 10; x86) AppleWebKit/537.36 (KHTML, like Gecko) Opera/67.0.0.0 Safari/537.36"
105.67.2.188 - - [10/Jul/2026:17:30:57 +0300] "POST /xmlrpc.php HTTP/1.1" 200 403 "-" "Mozilla/5.0 (Windows NT 10.0; arm64) AppleWebKit/537.36 (KHTML, like Gecko) Chrome/94.0.0.0 Safari/537.36"
193.111.248.191 - - [10/Jul/2026:17:31:05 +0300] "GET / HTTP/1.1" 200 79063 "-" "BossBacklinkChecker/2.3 (crawler)"
105.67.2.188 - - [10/Jul/2026:17:31:28 +0300] "POST /xmlrpc.php HTTP/1.1" 200 403 "-" "Mozilla/5.0 (Windows NT 6.2; arm64) AppleWebKit/537.36 (KHTML, like Gecko) Edge/80.0.0.0 Safari/537.36"
105.67.2.188 - - [10/Jul/2026:17:31:58 +0300] "POST /xmlrpc.php HTTP/1.1" 200 403 "-" "Mozilla/5.0 (X11; Ubuntu; Linux x86_64; x64) AppleWebKit/537.36 (KHTML, like Gecko) Safari/11.0.0.0 Safari/537.36"
105.67.2.188 - - [10/Jul/2026:17:32:31 +0300] "POST /xmlrpc.php HTTP/1.1" 200 403 "-" "Mozilla/5.0 (Macintosh; Intel Mac OS X 10_15_7; x64) AppleWebKit/537.36 (KHTML, like Gecko) Opera/75.0.0.0 Safari/537.36"
105.67.2.188 - - [10/Jul/2026:17:32:57 +0300] "POST /xmlrpc.php HTTP/1.1" 200 403 "-" "Mozilla/5.0 (X11; Ubuntu; Linux x86_64; arm64) AppleWebKit/537.36 (KHTML, like Gecko) Firefox/79.0.0.0 Safari/537.36"
105.67.2.188 - - [10/Jul/2026:17:33:27 +0300] "POST /xmlrpc.php HTTP/1.1" 200 403 "-" "Mozilla/5.0 (Macintosh; Intel Mac OS X 10_15_7; arm64) AppleWebKit/537.36 (KHTML, like Gecko) Firefox/75.0.0.0 Safari/537.36"
105.67.2.188 - - [10/Jul/2026:17:34:07 +0300] "POST /xmlrpc.php HTTP/1.1" 200 403 "-" "Mozilla/5.0 (X11; Ubuntu; Linux x86_64; x64) AppleWebKit/537.36 (KHTML, like Gecko) Safari/12.0.0.0 Safari/537.36"
150.40.100.101 - - [10/Jul/2026:17:34:28 +0300] "GET / HTTP/1.1" 200 79063 "-" "Mozilla/5.0 (Windows NT 10.0; Win64; x64) AppleWebKit/537.36 (KHTML, like Gecko) Chrome/131.0.0.0 Safari/537.36"
105.67.2.188 - - [10/Jul/2026:17:34:43 +0300] "POST /xmlrpc.php HTTP/1.1" 200 403 "-" "Mozilla/5.0 (Windows NT 6.3; x86) AppleWebKit/537.36 (KHTML, like Gecko) Chrome/110.0.0.0 Safari/537.36"
105.67.2.188 - - [10/Jul/2026:17:35:18 +0300] "POST /xmlrpc.php HTTP/1.1" 200 403 "-" "Mozilla/5.0 (X11; Ubuntu; Linux x86_64; x64) AppleWebKit/537.36 (KHTML, like Gecko) Safari/13.0.0.0 Safari/537.36"
178.156.184.20 - - [10/Jul/2026:17:35:33 +0300] "HEAD / HTTP/1.1" 200 0 "https://primafinancegroup.com" "Mozilla/5.0+(compatible; UptimeRobot/2.0; http://www.uptimerobot.com/)"
105.67.2.188 - - [10/Jul/2026:17:36:10 +0300] "POST /xmlrpc.php HTTP/1.1" 200 403 "-" "Mozilla/5.0 (Macintosh; Intel Mac OS X 10_15_7; x64) AppleWebKit/537.36 (KHTML, like Gecko) Safari/13.0.0.0 Safari/537.36"
105.67.2.188 - - [10/Jul/2026:17:36:42 +0300] "POST /xmlrpc.php HTTP/1.1" 200 403 "-" "Mozilla/5.0 (X11; Ubuntu; Linux x86_64; arm64) AppleWebKit/537.36 (KHTML, like Gecko) Safari/11.0.0.0 Safari/537.36"
105.67.2.188 - - [10/Jul/2026:17:37:25 +0300] "POST /xmlrpc.php HTTP/1.1" 200 403 "-" "Mozilla/5.0 (Windows NT 10.0; x86) AppleWebKit/537.36 (KHTML, like Gecko) Opera/63.0.0.0 Safari/537.36"
105.67.2.188 - - [10/Jul/2026:17:37:54 +0300] "POST /xmlrpc.php HTTP/1.1" 200 403 "-" "Mozilla/5.0 (Windows NT 6.2; x86) AppleWebKit/537.36 (KHTML, like Gecko) Edge/87.0.0.0 Safari/537.36"
105.67.2.188 - - [10/Jul/2026:17:38:33 +0300] "POST /xmlrpc.php HTTP/1.1" 200 403 "-" "Mozilla/5.0 (Windows NT 6.2; x64) AppleWebKit/537.36 (KHTML, like Gecko) Chrome/81.0.0.0 Safari/537.36"
105.67.2.188 - - [10/Jul/2026:17:38:55 +0300] "POST /xmlrpc.php HTTP/1.1" 200 403 "-" "Mozilla/5.0 (Windows NT 6.2; arm64) AppleWebKit/537.36 (KHTML, like Gecko) Safari/14.0.0.0 Safari/537.36"
105.67.2.188 - - [10/Jul/2026:17:39:15 +0300] "POST /xmlrpc.php HTTP/1.1" 200 403 "-" "Mozilla/5.0 (X11; Ubuntu; Linux x86_64; x64) AppleWebKit/537.36 (KHTML, like Gecko) Safari/13.0.0.0 Safari/537.36"
105.67.2.188 - - [10/Jul/2026:17:39:36 +0300] "POST /xmlrpc.php HTTP/1.1" 200 403 "-" "Mozilla/5.0 (Macintosh; Intel Mac OS X 10_15_7; arm64) AppleWebKit/537.36 (KHTML, like Gecko) Safari/12.0.0.0 Safari/537.36"
105.67.2.188 - - [10/Jul/2026:17:39:56 +0300] "POST /xmlrpc.php HTTP/1.1" 200 403 "-" "Mozilla/5.0 (Macintosh; Intel Mac OS X 10_15_7; x86) AppleWebKit/537.36 (KHTML, like Gecko) Safari/12.0.0.0 Safari/537.36"
66.249.68.136 - - [10/Jul/2026:17:40:18 +0300] "GET /items/N622634864/ HTTP/1.1" 200 76159 "-" "Mozilla/5.0 (Linux; Android 6.0.1; Nexus 5X Build/MMB29P) AppleWebKit/537.36 (KHTML, like Gecko) Chrome/150.0.7871.46 Mobile Safari/537.36 (compatible; Googlebot/2.1; +http://www.google.com/bot.html)"
105.67.2.188 - - [10/Jul/2026:17:40:20 +0300] "POST /xmlrpc.php HTTP/1.1" 200 403 "-" "Mozilla/5.0 (Macintosh; Intel Mac OS X 10_15_7; x64) AppleWebKit/537.36 (KHTML, like Gecko) Firefox/81.0.0.0 Safari/537.36"
5.161.215.244 - - [10/Jul/2026:17:40:38 +0300] "HEAD / HTTP/1.1" 200 0 "https://primafinancegroup.com" "Mozilla/5.0+(compatible; UptimeRobot/2.0; http://www.uptimerobot.com/)"
105.67.2.188 - - [10/Jul/2026:17:40:41 +0300] "POST /xmlrpc.php HTTP/1.1" 200 403 "-" "Mozilla/5.0 (X11; Ubuntu; Linux x86_64; x64) AppleWebKit/537.36 (KHTML, like Gecko) Edge/94.0.0.0 Safari/537.36"
105.67.2.188 - - [10/Jul/2026:17:41:03 +0300] "POST /xmlrpc.php HTTP/1.1" 200 403 "-" "Mozilla/5.0 (Windows NT 6.3; x86) AppleWebKit/537.36 (KHTML, like Gecko) Safari/10.0.0.0 Safari/537.36"
66.249.68.137 - - [10/Jul/2026:17:41:19 +0300] "GET /cate-72-85 HTTP/1.1" 200 76159 "-" "Mozilla/5.0 (Linux; Android 6.0.1; Nexus 5X Build/MMB29P) AppleWebKit/537.36 (KHTML, like Gecko) Chrome/150.0.7871.46 Mobile Safari/537.36 (compatible; Googlebot/2.1; +http://www.google.com/bot.html)"
105.67.2.188 - - [10/Jul/2026:17:41:24 +0300] "POST /xmlrpc.php HTTP/1.1" 200 403 "-" "Mozilla/5.0 (Macintosh; Intel Mac OS X 10_15_7; x86) AppleWebKit/537.36 (KHTML, like Gecko) Firefox/87.0.0.0 Safari/537.36"
114.119.130.199 - - [10/Jul/2026:17:41:37 +0300] "GET /items/P462551534/ HTTP/1.1" 200 76159 "https://primafinancegroup.com/sitemap-331.xml" "Mozilla/5.0 (Linux; Android 7.0;) AppleWebKit/537.36 (HTML, like Gecko) Mobile Safari/537.36 (compatible; PetalBot;+https://webmaster.petalsearch.com/site/petalbot)"
105.67.2.188 - - [10/Jul/2026:17:41:43 +0300] "POST /xmlrpc.php HTTP/1.1" 200 403 "-" "Mozilla/5.0 (X11; Ubuntu; Linux x86_64; arm64) AppleWebKit/537.36 (KHTML, like Gecko) Chrome/106.0.0.0 Safari/537.36"
105.67.2.188 - - [10/Jul/2026:17:42:11 +0300] "POST /xmlrpc.php HTTP/1.1" 200 403 "-" "Mozilla/5.0 (Macintosh; Intel Mac OS X 10_15_7; arm64) AppleWebKit/537.36 (KHTML, like Gecko) Opera/72.0.0.0 Safari/537.36"
114.119.145.193 - - [10/Jul/2026:17:42:21 +0300] "GET /items/P461307838/ HTTP/1.1" 200 76159 "https://primafinancegroup.com/sitemap-331.xml" "Mozilla/5.0 (Linux; Android 7.0;) AppleWebKit/537.36 (HTML, like Gecko) Mobile Safari/537.36 (compatible; PetalBot;+https://webmaster.petalsearch.com/site/petalbot)"
105.67.2.188 - - [10/Jul/2026:17:42:31 +0300] "POST /xmlrpc.php HTTP/1.1" 200 403 "-" "Mozilla/5.0 (Windows NT 6.3; x64) AppleWebKit/537.36 (KHTML, like Gecko) Edge/98.0.0.0 Safari/537.36"
105.67.2.188 - - [10/Jul/2026:17:43:30 +0300] "POST /xmlrpc.php HTTP/1.1" 200 403 "-" "Mozilla/5.0 (Windows NT 6.3; arm64) AppleWebKit/537.36 (KHTML, like Gecko) Edge/96.0.0.0 Safari/537.36"
105.67.2.188 - - [10/Jul/2026:17:43:52 +0300] "POST /xmlrpc.php HTTP/1.1" 200 403 "-" "Mozilla/5.0 (Windows NT 10.0; x64) AppleWebKit/537.36 (KHTML, like Gecko) Firefox/79.0.0.0 Safari/537.36"
105.67.2.188 - - [10/Jul/2026:17:44:15 +0300] "POST /xmlrpc.php HTTP/1.1" 200 403 "-" "Mozilla/5.0 (Macintosh; Intel Mac OS X 10_15_7; x64) AppleWebKit/537.36 (KHTML, like Gecko) Safari/13.0.0.0 Safari/537.36"
105.67.2.188 - - [10/Jul/2026:17:45:04 +0300] "POST /xmlrpc.php HTTP/1.1" 200 403 "-" "Mozilla/5.0 (Windows NT 6.3; x86) AppleWebKit/537.36 (KHTML, like Gecko) Edge/80.0.0.0 Safari/537.36"
105.67.2.188 - - [10/Jul/2026:17:45:30 +0300] "POST /xmlrpc.php HTTP/1.1" 200 403 "-" "Mozilla/5.0 (Windows NT 6.2; x64) AppleWebKit/537.36 (KHTML, like Gecko) Safari/14.0.0.0 Safari/537.36"
5.161.73.160 - - [10/Jul/2026:17:45:45 +0300] "HEAD / HTTP/1.1" 200 0 "https://primafinancegroup.com" "Mozilla/5.0+(compatible; UptimeRobot/2.0; http://www.uptimerobot.com/)"
105.67.2.188 - - [10/Jul/2026:17:45:58 +0300] "POST /xmlrpc.php HTTP/1.1" 200 403 "-" "Mozilla/5.0 (Linux; Android 10; x86) AppleWebKit/537.36 (KHTML, like Gecko) Edge/84.0.0.0 Safari/537.36"
66.249.68.136 - - [10/Jul/2026:17:46:21 +0300] "GET /pin/4d8b186674 HTTP/1.1" 200 76159 "-" "Mozilla/5.0 (Linux; Android 6.0.1; Nexus 5X Build/MMB29P) AppleWebKit/537.36 (KHTML, like Gecko) Chrome/150.0.7871.46 Mobile Safari/537.36 (compatible; GoogleOther)"
105.67.2.188 - - [10/Jul/2026:17:46:28 +0300] "POST /xmlrpc.php HTTP/1.1" 200 403 "-" "Mozilla/5.0 (Windows NT 6.3; x86) AppleWebKit/537.36 (KHTML, like Gecko) Edge/88.0.0.0 Safari/537.36"
105.67.2.188 - - [10/Jul/2026:17:46:55 +0300] "POST /xmlrpc.php HTTP/1.1" 200 403 "-" "Mozilla/5.0 (Windows NT 6.3; arm64) AppleWebKit/537.36 (KHTML, like Gecko) Safari/15.0.0.0 Safari/537.36"
105.67.2.188 - - [10/Jul/2026:17:47:20 +0300] "POST /xmlrpc.php HTTP/1.1" 200 403 "-" "Mozilla/5.0 (Windows NT 10.0; x64) AppleWebKit/537.36 (KHTML, like Gecko) Firefox/80.0.0.0 Safari/537.36"
66.249.68.135 - - [10/Jul/2026:17:47:24 +0300] "GET /wp-includes/js/dist/script-modules/block-library/navigation/view.min.js?ver=96a846e1d7b789c39ab9 HTTP/1.1" 200 3053 "https://primafinancegroup.com/pin/4d8b186674" "Mozilla/5.0 (Linux; Android 6.0.1; Nexus 5X Build/MMB29P) AppleWebKit/537.36 (KHTML, like Gecko) Chrome/150.0.7871.46 Mobile Safari/537.36 (compatible; GoogleOther)"
66.249.68.136 - - [10/Jul/2026:17:47:33 +0300] "GET /wp-includes/js/dist/script-modules/interactivity/index.min.js?ver=efaa5193bbad9c60ffd1 HTTP/1.1" 200 40106 "https://primafinancegroup.com/pin/4d8b186674" "Mozilla/5.0 (Linux; Android 6.0.1; Nexus 5X Build/MMB29P) AppleWebKit/537.36 (KHTML, like Gecko) Chrome/150.0.7871.46 Mobile Safari/537.36 (compatible; GoogleOther)"
150.40.100.101 - - [10/Jul/2026:17:47:51 +0300] "GET / HTTP/1.1" 200 79063 "-" "Mozilla/5.0 (Windows NT 10.0; Win64; x64) AppleWebKit/537.36 (KHTML, like Gecko) Chrome/131.0.0.0 Safari/537.36"
105.67.2.188 - - [10/Jul/2026:17:47:56 +0300] "POST /xmlrpc.php HTTP/1.1" 200 403 "-" "Mozilla/5.0 (X11; Ubuntu; Linux x86_64; arm64) AppleWebKit/537.36 (KHTML, like Gecko) Firefox/84.0.0.0 Safari/537.36"
105.67.2.188 - - [10/Jul/2026:17:48:22 +0300] "POST /xmlrpc.php HTTP/1.1" 200 403 "-" "Mozilla/5.0 (Windows NT 6.2; x64) AppleWebKit/537.36 (KHTML, like Gecko) Edge/92.0.0.0 Safari/537.36"
105.67.2.188 - - [10/Jul/2026:17:49:21 +0300] "POST /xmlrpc.php HTTP/1.1" 200 403 "-" "Mozilla/5.0 (Linux; Android 10; arm64) AppleWebKit/537.36 (KHTML, like Gecko) Firefox/97.0.0.0 Safari/537.36"
93.94.140.42 - - [10/Jul/2026:17:50:02 +0300] "POST /wp-cron.php?doing_wp_cron=1783695002.4933910369873046875000 HTTP/1.1" 200 0 "-" "WordPress/7.0.1; https://primafinancegroup.com"
105.67.2.188 - - [10/Jul/2026:17:50:02 +0300] "POST /xmlrpc.php HTTP/1.1" 200 403 "-" "Mozilla/5.0 (Windows NT 10.0; x64) AppleWebKit/537.36 (KHTML, like Gecko) Safari/15.0.0.0 Safari/537.36"
105.67.2.188 - - [10/Jul/2026:17:50:44 +0300] "POST /xmlrpc.php HTTP/1.1" 200 403 "-" "Mozilla/5.0 (Macintosh; Intel Mac OS X 10_15_7; x86) AppleWebKit/537.36 (KHTML, like Gecko) Opera/72.0.0.0 Safari/537.36"
34.198.201.66 - - [10/Jul/2026:17:50:50 +0300] "HEAD / HTTP/1.1" 200 0 "https://primafinancegroup.com" "Mozilla/5.0+(compatible; UptimeRobot/2.0; http://www.uptimerobot.com/)"
105.67.2.188 - - [10/Jul/2026:17:51:14 +0300] "POST /xmlrpc.php HTTP/1.1" 200 403 "-" "Mozilla/5.0 (Windows NT 6.2; x86) AppleWebKit/537.36 (KHTML, like Gecko) Firefox/94.0.0.0 Safari/537.36"
105.67.2.188 - - [10/Jul/2026:17:51:45 +0300] "POST /xmlrpc.php HTTP/1.1" 200 403 "-" "Mozilla/5.0 (Windows NT 6.2; x86) AppleWebKit/537.36 (KHTML, like Gecko) Opera/66.0.0.0 Safari/537.36"
105.67.2.188 - - [10/Jul/2026:17:52:08 +0300] "POST /xmlrpc.php HTTP/1.1" 200 403 "-" "Mozilla/5.0 (Macintosh; Intel Mac OS X 10_15_7; arm64) AppleWebKit/537.36 (KHTML, like Gecko) Chrome/100.0.0.0 Safari/537.36"
105.67.2.188 - - [10/Jul/2026:17:52:35 +0300] "POST /xmlrpc.php HTTP/1.1" 200 403 "-" "Mozilla/5.0 (X11; Ubuntu; Linux x86_64; x86) AppleWebKit/537.36 (KHTML, like Gecko) Firefox/84.0.0.0 Safari/537.36"
105.67.2.188 - - [10/Jul/2026:17:52:55 +0300] "POST /xmlrpc.php HTTP/1.1" 200 403 "-" "Mozilla/5.0 (Linux; Android 10; x86) AppleWebKit/537.36 (KHTML, like Gecko) Edge/87.0.0.0 Safari/537.36"
