105.67.2.188 - - [10/Jul/2026:17:53:25 +0300] "POST /xmlrpc.php HTTP/1.1" 200 403 "-" "Mozilla/5.0 (X11; Ubuntu; Linux x86_64; x86) AppleWebKit/537.36 (KHTML, like Gecko) Opera/62.0.0.0 Safari/537.36"
105.67.2.188 - - [10/Jul/2026:17:53:51 +0300] "POST /xmlrpc.php HTTP/1.1" 200 403 "-" "Mozilla/5.0 (Linux; Android 10; x64) AppleWebKit/537.36 (KHTML, like Gecko) Safari/14.0.0.0 Safari/537.36"
105.67.2.188 - - [10/Jul/2026:17:54:13 +0300] "POST /xmlrpc.php HTTP/1.1" 200 403 "-" "Mozilla/5.0 (Linux; Android 10; x64) AppleWebKit/537.36 (KHTML, like Gecko) Edge/86.0.0.0 Safari/537.36"
105.67.2.188 - - [10/Jul/2026:17:54:38 +0300] "POST /xmlrpc.php HTTP/1.1" 200 403 "-" "Mozilla/5.0 (Windows NT 6.3; x86) AppleWebKit/537.36 (KHTML, like Gecko) Edge/100.0.0.0 Safari/537.36"
105.67.2.188 - - [10/Jul/2026:17:55:05 +0300] "POST /xmlrpc.php HTTP/1.1" 200 403 "-" "Mozilla/5.0 (Windows NT 10.0; x64) AppleWebKit/537.36 (KHTML, like Gecko) Opera/76.0.0.0 Safari/537.36"
105.67.2.188 - - [10/Jul/2026:17:55:26 +0300] "POST /xmlrpc.php HTTP/1.1" 200 403 "-" "Mozilla/5.0 (X11; Ubuntu; Linux x86_64; x64) AppleWebKit/537.36 (KHTML, like Gecko) Firefox/87.0.0.0 Safari/537.36"
5.161.73.160 - - [10/Jul/2026:17:55:56 +0300] "HEAD / HTTP/1.1" 200 0 "https://primafinancegroup.com" "Mozilla/5.0+(compatible; UptimeRobot/2.0; http://www.uptimerobot.com/)"
105.67.2.188 - - [10/Jul/2026:17:56:04 +0300] "POST /xmlrpc.php HTTP/1.1" 200 403 "-" "Mozilla/5.0 (Windows NT 10.0; arm64) AppleWebKit/537.36 (KHTML, like Gecko) Chrome/105.0.0.0 Safari/537.36"
105.67.2.188 - - [10/Jul/2026:17:56:54 +0300] "POST /xmlrpc.php HTTP/1.1" 200 403 "-" "Mozilla/5.0 (Windows NT 10.0; arm64) AppleWebKit/537.36 (KHTML, like Gecko) Safari/11.0.0.0 Safari/537.36"
105.67.2.188 - - [10/Jul/2026:17:57:23 +0300] "POST /xmlrpc.php HTTP/1.1" 200 403 "-" "Mozilla/5.0 (Windows NT 6.3; x64) AppleWebKit/537.36 (KHTML, like Gecko) Edge/96.0.0.0 Safari/537.36"
105.67.2.188 - - [10/Jul/2026:17:57:43 +0300] "POST /xmlrpc.php HTTP/1.1" 200 403 "-" "Mozilla/5.0 (Windows NT 6.3; x64) AppleWebKit/537.36 (KHTML, like Gecko) Edge/82.0.0.0 Safari/537.36"
105.67.2.188 - - [10/Jul/2026:17:58:11 +0300] "POST /xmlrpc.php HTTP/1.1" 200 403 "-" "Mozilla/5.0 (Windows NT 6.3; x64) AppleWebKit/537.36 (KHTML, like Gecko) Firefox/78.0.0.0 Safari/537.36"
105.67.2.188 - - [10/Jul/2026:17:58:36 +0300] "POST /xmlrpc.php HTTP/1.1" 200 403 "-" "Mozilla/5.0 (Windows NT 6.2; x86) AppleWebKit/537.36 (KHTML, like Gecko) Opera/79.0.0.0 Safari/537.36"
105.67.2.188 - - [10/Jul/2026:17:58:59 +0300] "POST /xmlrpc.php HTTP/1.1" 200 403 "-" "Mozilla/5.0 (X11; Ubuntu; Linux x86_64; x86) AppleWebKit/537.36 (KHTML, like Gecko) Opera/75.0.0.0 Safari/537.36"
105.67.2.188 - - [10/Jul/2026:17:59:18 +0300] "POST /xmlrpc.php HTTP/1.1" 200 403 "-" "Mozilla/5.0 (Macintosh; Intel Mac OS X 10_15_7; x86) AppleWebKit/537.36 (KHTML, like Gecko) Edge/87.0.0.0 Safari/537.36"
105.67.2.188 - - [10/Jul/2026:17:59:39 +0300] "POST /xmlrpc.php HTTP/1.1" 200 403 "-" "Mozilla/5.0 (Windows NT 6.2; x64) AppleWebKit/537.36 (KHTML, like Gecko) Safari/14.0.0.0 Safari/537.36"
105.67.2.188 - - [10/Jul/2026:18:00:02 +0300] "POST /xmlrpc.php HTTP/1.1" 200 403 "-" "Mozilla/5.0 (X11; Ubuntu; Linux x86_64; x64) AppleWebKit/537.36 (KHTML, like Gecko) Opera/64.0.0.0 Safari/537.36"
105.67.2.188 - - [10/Jul/2026:18:00:23 +0300] "POST /xmlrpc.php HTTP/1.1" 200 403 "-" "Mozilla/5.0 (Windows NT 6.3; x86) AppleWebKit/537.36 (KHTML, like Gecko) Edge/96.0.0.0 Safari/537.36"
150.40.100.101 - - [10/Jul/2026:18:00:32 +0300] "GET / HTTP/1.1" 200 79063 "-" "Mozilla/5.0 (Windows NT 10.0; Win64; x64) AppleWebKit/537.36 (KHTML, like Gecko) Chrome/131.0.0.0 Safari/537.36"
105.67.2.188 - - [10/Jul/2026:18:00:44 +0300] "POST /xmlrpc.php HTTP/1.1" 200 403 "-" "Mozilla/5.0 (Windows NT 10.0; arm64) AppleWebKit/537.36 (KHTML, like Gecko) Firefox/90.0.0.0 Safari/537.36"
3.133.226.214 - - [10/Jul/2026:18:01:00 +0300] "HEAD / HTTP/1.1" 200 0 "https://primafinancegroup.com" "Mozilla/5.0+(compatible; UptimeRobot/2.0; http://www.uptimerobot.com/)"
105.67.2.188 - - [10/Jul/2026:18:01:04 +0300] "POST /xmlrpc.php HTTP/1.1" 200 403 "-" "Mozilla/5.0 (Windows NT 6.3; x86) AppleWebKit/537.36 (KHTML, like Gecko) Opera/61.0.0.0 Safari/537.36"
105.67.2.188 - - [10/Jul/2026:18:01:28 +0300] "POST /xmlrpc.php HTTP/1.1" 200 403 "-" "Mozilla/5.0 (Windows NT 6.2; arm64) AppleWebKit/537.36 (KHTML, like Gecko) Firefox/76.0.0.0 Safari/537.36"
105.67.2.188 - - [10/Jul/2026:18:01:50 +0300] "POST /xmlrpc.php HTTP/1.1" 200 403 "-" "Mozilla/5.0 (Windows NT 6.2; arm64) AppleWebKit/537.36 (KHTML, like Gecko) Safari/15.0.0.0 Safari/537.36"
105.67.2.188 - - [10/Jul/2026:18:02:12 +0300] "POST /xmlrpc.php HTTP/1.1" 200 403 "-" "Mozilla/5.0 (Linux; Android 10; arm64) AppleWebKit/537.36 (KHTML, like Gecko) Safari/13.0.0.0 Safari/537.36"
105.67.2.188 - - [10/Jul/2026:18:02:32 +0300] "POST /xmlrpc.php HTTP/1.1" 200 403 "-" "Mozilla/5.0 (Linux; Android 10; x64) AppleWebKit/537.36 (KHTML, like Gecko) Edge/89.0.0.0 Safari/537.36"
105.67.2.188 - - [10/Jul/2026:18:02:53 +0300] "POST /xmlrpc.php HTTP/1.1" 200 403 "-" "Mozilla/5.0 (Linux; Android 10; x64) AppleWebKit/537.36 (KHTML, like Gecko) Safari/11.0.0.0 Safari/537.36"
105.67.2.188 - - [10/Jul/2026:18:03:14 +0300] "POST /xmlrpc.php HTTP/1.1" 200 403 "-" "Mozilla/5.0 (Windows NT 6.3; arm64) AppleWebKit/537.36 (KHTML, like Gecko) Firefox/74.0.0.0 Safari/537.36"
105.67.2.188 - - [10/Jul/2026:18:03:35 +0300] "POST /xmlrpc.php HTTP/1.1" 200 403 "-" "Mozilla/5.0 (Windows NT 6.3; x86) AppleWebKit/537.36 (KHTML, like Gecko) Safari/14.0.0.0 Safari/537.36"
105.67.2.188 - - [10/Jul/2026:18:03:57 +0300] "POST /xmlrpc.php HTTP/1.1" 200 403 "-" "Mozilla/5.0 (Windows NT 10.0; x86) AppleWebKit/537.36 (KHTML, like Gecko) Chrome/91.0.0.0 Safari/537.36"
105.67.2.188 - - [10/Jul/2026:18:04:21 +0300] "POST /xmlrpc.php HTTP/1.1" 200 403 "-" "Mozilla/5.0 (X11; Ubuntu; Linux x86_64; x64) AppleWebKit/537.36 (KHTML, like Gecko) Chrome/108.0.0.0 Safari/537.36"
105.67.2.188 - - [10/Jul/2026:18:04:45 +0300] "POST /xmlrpc.php HTTP/1.1" 200 403 "-" "Mozilla/5.0 (Macintosh; Intel Mac OS X 10_15_7; x64) AppleWebKit/537.36 (KHTML, like Gecko) Safari/12.0.0.0 Safari/537.36"
105.67.2.188 - - [10/Jul/2026:18:05:12 +0300] "POST /xmlrpc.php HTTP/1.1" 200 403 "-" "Mozilla/5.0 (X11; Ubuntu; Linux x86_64; x86) AppleWebKit/537.36 (KHTML, like Gecko) Opera/76.0.0.0 Safari/537.36"
193.111.248.191 - - [10/Jul/2026:18:05:29 +0300] "GET / HTTP/1.1" 200 79063 "-" "BossBacklinkChecker/2.3 (crawler)"
105.67.2.188 - - [10/Jul/2026:18:05:34 +0300] "POST /xmlrpc.php HTTP/1.1" 200 403 "-" "Mozilla/5.0 (X11; Ubuntu; Linux x86_64; arm64) AppleWebKit/537.36 (KHTML, like Gecko) Safari/15.0.0.0 Safari/537.36"
105.67.2.188 - - [10/Jul/2026:18:05:56 +0300] "POST /xmlrpc.php HTTP/1.1" 200 403 "-" "Mozilla/5.0 (Windows NT 6.2; arm64) AppleWebKit/537.36 (KHTML, like Gecko) Firefox/95.0.0.0 Safari/537.36"
52.22.236.30 - - [10/Jul/2026:18:06:13 +0300] "HEAD / HTTP/1.1" 200 0 "https://primafinancegroup.com" "Mozilla/5.0+(compatible; UptimeRobot/2.0; http://www.uptimerobot.com/)"
105.67.2.188 - - [10/Jul/2026:18:06:19 +0300] "POST /xmlrpc.php HTTP/1.1" 200 403 "-" "Mozilla/5.0 (Windows NT 6.2; x64) AppleWebKit/537.36 (KHTML, like Gecko) Opera/64.0.0.0 Safari/537.36"
105.67.2.188 - - [10/Jul/2026:18:06:45 +0300] "POST /xmlrpc.php HTTP/1.1" 499 0 "-" "Mozilla/5.0 (Windows NT 10.0; arm64) AppleWebKit/537.36 (KHTML, like Gecko) Chrome/93.0.0.0 Safari/537.36"
105.67.2.188 - - [10/Jul/2026:18:07:09 +0300] "POST /xmlrpc.php HTTP/1.1" 499 0 "-" "Mozilla/5.0 (Windows NT 10.0; x86) AppleWebKit/537.36 (KHTML, like Gecko) Edge/93.0.0.0 Safari/537.36"
105.67.2.188 - - [10/Jul/2026:18:07:37 +0300] "POST /xmlrpc.php HTTP/1.1" 499 0 "-" "Mozilla/5.0 (Windows NT 6.2; arm64) AppleWebKit/537.36 (KHTML, like Gecko) Opera/78.0.0.0 Safari/537.36"
105.67.2.188 - - [10/Jul/2026:18:08:01 +0300] "POST /xmlrpc.php HTTP/1.1" 499 0 "-" "Mozilla/5.0 (X11; Ubuntu; Linux x86_64; x64) AppleWebKit/537.36 (KHTML, like Gecko) Opera/69.0.0.0 Safari/537.36"
105.67.2.188 - - [10/Jul/2026:18:08:29 +0300] "POST /xmlrpc.php HTTP/1.1" 499 0 "-" "Mozilla/5.0 (Macintosh; Intel Mac OS X 10_15_7; arm64) AppleWebKit/537.36 (KHTML, like Gecko) Safari/13.0.0.0 Safari/537.36"
105.67.2.188 - - [10/Jul/2026:18:08:53 +0300] "POST /xmlrpc.php HTTP/1.1" 499 0 "-" "Mozilla/5.0 (Linux; Android 10; x86) AppleWebKit/537.36 (KHTML, like Gecko) Firefox/92.0.0.0 Safari/537.36"
114.119.158.50 - - [10/Jul/2026:18:09:12 +0300] "GET /items/P462771669/ HTTP/1.1" 200 76159 "https://primafinancegroup.com/sitemap-331.xml" "Mozilla/5.0 (Linux; Android 7.0;) AppleWebKit/537.36 (HTML, like Gecko) Mobile Safari/537.36 (compatible; PetalBot;+https://webmaster.petalsearch.com/site/petalbot)"
114.119.158.50 - - [10/Jul/2026:18:10:40 +0300] "GET /items/P461467878/ HTTP/1.1" 499 0 "https://primafinancegroup.com/sitemap-331.xml" "Mozilla/5.0 (Linux; Android 7.0;) AppleWebKit/537.36 (HTML, like Gecko) Mobile Safari/537.36 (compatible; PetalBot;+https://webmaster.petalsearch.com/site/petalbot)"
5.161.194.92 - - [10/Jul/2026:18:11:39 +0300] "HEAD / HTTP/1.1" 200 0 "https://primafinancegroup.com" "Mozilla/5.0+(compatible; UptimeRobot/2.0; http://www.uptimerobot.com/)"
5.161.177.47 - - [10/Jul/2026:18:16:45 +0300] "HEAD / HTTP/1.1" 200 0 "https://primafinancegroup.com" "Mozilla/5.0+(compatible; UptimeRobot/2.0; http://www.uptimerobot.com/)"
74.7.241.134 - - [10/Jul/2026:18:20:42 +0300] "GET /robots.txt HTTP/1.1" 200 75 "-" "Mozilla/5.0 (Macintosh; Intel Mac OS X 10_15_7) AppleWebKit/537.36 (KHTML, like Gecko) Chrome/131.0.0.0 Safari/537.36; compatible; OAI-SearchBot/1.4; robots.txt; +https://openai.com/searchbot"
94.154.43.177 - - [10/Jul/2026:18:20:52 +0300] "GET /.env HTTP/1.1" 403 76159 "-" "Mozilla/5.0 (Windows NT 10.0; Win64; x64) AppleWebKit/537.36 (KHTML, like Gecko) Chrome/147.0.0.0 Safari/537.36"
5.161.117.52 - - [10/Jul/2026:18:21:51 +0300] "HEAD / HTTP/1.1" 200 0 "https://primafinancegroup.com" "Mozilla/5.0+(compatible; UptimeRobot/2.0; http://www.uptimerobot.com/)"
114.119.145.193 - - [10/Jul/2026:18:24:40 +0300] "GET /items/P463331252/ HTTP/1.1" 200 76159 "https://primafinancegroup.com/sitemap-331.xml" "Mozilla/5.0 (Linux; Android 7.0;) AppleWebKit/537.36 (HTML, like Gecko) Mobile Safari/537.36 (compatible; PetalBot;+https://webmaster.petalsearch.com/site/petalbot)"
114.119.146.70 - - [10/Jul/2026:18:26:03 +0300] "GET /items/P462556935/ HTTP/1.1" 200 76159 "https://primafinancegroup.com/sitemap-331.xml" "Mozilla/5.0 (Linux; Android 7.0;) AppleWebKit/537.36 (HTML, like Gecko) Mobile Safari/537.36 (compatible; PetalBot;+https://webmaster.petalsearch.com/site/petalbot)"
3.212.128.62 - - [10/Jul/2026:18:26:56 +0300] "HEAD / HTTP/1.1" 200 0 "https://primafinancegroup.com" "Mozilla/5.0+(compatible; UptimeRobot/2.0; http://www.uptimerobot.com/)"
150.40.100.101 - - [10/Jul/2026:18:27:12 +0300] "GET / HTTP/1.1" 200 79063 "-" "Mozilla/5.0 (Windows NT 10.0; Win64; x64) AppleWebKit/537.36 (KHTML, like Gecko) Chrome/131.0.0.0 Safari/537.36"
114.119.130.199 - - [10/Jul/2026:18:27:28 +0300] "GET /items/P461179852/ HTTP/1.1" 200 76159 "https://primafinancegroup.com/sitemap-331.xml" "Mozilla/5.0 (Linux; Android 7.0;) AppleWebKit/537.36 (HTML, like Gecko) Mobile Safari/537.36 (compatible; PetalBot;+https://webmaster.petalsearch.com/site/petalbot)"
5.161.113.195 - - [10/Jul/2026:18:32:03 +0300] "HEAD / HTTP/1.1" 200 0 "https://primafinancegroup.com" "Mozilla/5.0+(compatible; UptimeRobot/2.0; http://www.uptimerobot.com/)"
52.22.236.30 - - [10/Jul/2026:18:37:07 +0300] "HEAD / HTTP/1.1" 200 0 "https://primafinancegroup.com" "Mozilla/5.0+(compatible; UptimeRobot/2.0; http://www.uptimerobot.com/)"
150.40.100.101 - - [10/Jul/2026:18:39:54 +0300] "GET / HTTP/1.1" 200 79063 "-" "Mozilla/5.0 (Windows NT 10.0; Win64; x64) AppleWebKit/537.36 (KHTML, like Gecko) Chrome/131.0.0.0 Safari/537.36"
193.111.248.191 - - [10/Jul/2026:18:40:52 +0300] "GET / HTTP/1.1" 200 79063 "-" "BossBacklinkChecker/2.3 (crawler)"
89.124.83.75 - - [10/Jul/2026:18:42:02 +0300] "GET /2025/01/30/hello-world/ HTTP/1.0" 200 101078 "https://primafinancegroup.com/2025/01/30/hello-world/#comment-385" "Mozilla/5.0 (Windows NT 10.0; Win64; x64) AppleWebKit/537.36 (KHTML, like Gecko) Chrome/131.0.0.0 Safari/537.36"
3.20.63.178 - - [10/Jul/2026:18:42:12 +0300] "HEAD / HTTP/1.1" 200 0 "https://primafinancegroup.com" "Mozilla/5.0+(compatible; UptimeRobot/2.0; http://www.uptimerobot.com/)"
66.249.68.136 - - [10/Jul/2026:18:45:24 +0300] "GET /items/U992617022/ HTTP/1.1" 200 76159 "-" "Mozilla/5.0 (Linux; Android 6.0.1; Nexus 5X Build/MMB29P) AppleWebKit/537.36 (KHTML, like Gecko) Chrome/150.0.7871.46 Mobile Safari/537.36 (compatible; Googlebot/2.1; +http://www.google.com/bot.html)"
178.156.184.20 - - [10/Jul/2026:18:47:17 +0300] "HEAD / HTTP/1.1" 200 0 "https://primafinancegroup.com" "Mozilla/5.0+(compatible; UptimeRobot/2.0; http://www.uptimerobot.com/)"
93.94.140.42 - - [10/Jul/2026:18:52:22 +0300] "POST /wp-cron.php?doing_wp_cron=1783698742.0718638896942138671875 HTTP/1.1" 200 0 "-" "WordPress/7.0.1; https://primafinancegroup.com"
3.149.57.90 - - [10/Jul/2026:18:52:22 +0300] "HEAD / HTTP/1.1" 200 0 "https://primafinancegroup.com" "Mozilla/5.0+(compatible; UptimeRobot/2.0; http://www.uptimerobot.com/)"
114.119.145.193 - - [10/Jul/2026:18:52:39 +0300] "GET /items/P462549075/ HTTP/1.1" 200 76159 "https://primafinancegroup.com/sitemap-331.xml" "Mozilla/5.0 (Linux; Android 7.0;) AppleWebKit/537.36 (HTML, like Gecko) Mobile Safari/537.36 (compatible; PetalBot;+https://webmaster.petalsearch.com/site/petalbot)"
112.207.105.22 - - [10/Jul/2026:18:52:59 +0300] "POST /xmlrpc.php HTTP/1.1" 200 403 "-" "Jetpack by WordPress.com"
112.207.105.22 - - [10/Jul/2026:18:53:08 +0300] "POST /xmlrpc.php HTTP/1.1" 200 403 "-" "Jetpack/12.0; WordPress/6.3; http://site49490180.com"
112.207.105.22 - - [10/Jul/2026:18:53:19 +0300] "POST /xmlrpc.php HTTP/1.1" 200 403 "-" "Jetpack by WordPress.com (Jetpack 12.0; WordPress 6.4)"
66.249.68.137 - - [10/Jul/2026:18:53:22 +0300] "GET /pin/b3191743892 HTTP/1.1" 200 76159 "-" "Mozilla/5.0 (Linux; Android 6.0.1; Nexus 5X Build/MMB29P) AppleWebKit/537.36 (KHTML, like Gecko) Chrome/150.0.7871.46 Mobile Safari/537.36 (compatible; Googlebot/2.1; +http://www.google.com/bot.html)"
112.207.105.22 - - [10/Jul/2026:18:53:30 +0300] "POST /xmlrpc.php HTTP/1.1" 200 403 "-" "Jetpack by WordPress.com"
112.207.105.22 - - [10/Jul/2026:18:53:40 +0300] "POST /xmlrpc.php HTTP/1.1" 200 403 "-" "Jetpack by WordPress.com"
112.207.105.22 - - [10/Jul/2026:18:53:51 +0300] "POST /xmlrpc.php HTTP/1.1" 200 403 "-" "WordPress.com; https://wordpress.com"
112.207.105.22 - - [10/Jul/2026:18:54:02 +0300] "POST /xmlrpc.php HTTP/1.1" 200 403 "-" "WordPress.com; https://wordpress.com"
114.119.131.245 - - [10/Jul/2026:18:54:02 +0300] "GET /items/P462119852/ HTTP/1.1" 200 76159 "https://primafinancegroup.com/sitemap-331.xml" "Mozilla/5.0 (Linux; Android 7.0;) AppleWebKit/537.36 (HTML, like Gecko) Mobile Safari/537.36 (compatible; PetalBot;+https://webmaster.petalsearch.com/site/petalbot)"
112.207.105.22 - - [10/Jul/2026:18:54:12 +0300] "POST /xmlrpc.php HTTP/1.1" 200 403 "-" "Jetpack by WordPress.com (Jetpack 12.0; WordPress 6.2)"
112.207.105.22 - - [10/Jul/2026:18:54:23 +0300] "POST /xmlrpc.php HTTP/1.1" 200 403 "-" "Jetpack by WordPress.com"
112.207.105.22 - - [10/Jul/2026:18:54:34 +0300] "POST /xmlrpc.php HTTP/1.1" 200 403 "-" "Jetpack by WordPress.com (Jetpack 13.0; WordPress 6.3)"
112.207.105.22 - - [10/Jul/2026:18:54:44 +0300] "POST /xmlrpc.php HTTP/1.1" 200 403 "-" "Jetpack by WordPress.com"
112.207.105.22 - - [10/Jul/2026:18:54:55 +0300] "POST /xmlrpc.php HTTP/1.1" 200 403 "-" "Jetpack/13.0; WordPress/6.4; http://site13977129.com"
112.207.105.22 - - [10/Jul/2026:18:55:06 +0300] "POST /xmlrpc.php HTTP/1.1" 200 403 "-" "WordPress.com; https://wordpress.com"
112.207.105.22 - - [10/Jul/2026:18:55:16 +0300] "POST /xmlrpc.php HTTP/1.1" 200 403 "-" "Jetpack/12.5; WordPress/6.3; http://site13387387.com"
114.119.158.50 - - [10/Jul/2026:18:55:25 +0300] "GET /items/P461918216/ HTTP/1.1" 200 76159 "https://primafinancegroup.com/sitemap-331.xml" "Mozilla/5.0 (Linux; Android 7.0;) AppleWebKit/537.36 (HTML, like Gecko) Mobile Safari/537.36 (compatible; PetalBot;+https://webmaster.petalsearch.com/site/petalbot)"
112.207.105.22 - - [10/Jul/2026:18:55:27 +0300] "POST /xmlrpc.php HTTP/1.1" 200 403 "-" "Jetpack by WordPress.com"
112.207.105.22 - - [10/Jul/2026:18:55:38 +0300] "POST /xmlrpc.php HTTP/1.1" 200 403 "-" "Jetpack/12.1; WordPress/6.3; http://site48861231.com"
112.207.105.22 - - [10/Jul/2026:18:55:48 +0300] "POST /xmlrpc.php HTTP/1.1" 200 403 "-" "Jetpack/12.1; WordPress/6.1; http://site98039913.com"
112.207.105.22 - - [10/Jul/2026:18:55:59 +0300] "POST /xmlrpc.php HTTP/1.1" 200 403 "-" "WordPress.com; https://wordpress.com"
112.207.105.22 - - [10/Jul/2026:18:56:10 +0300] "POST /xmlrpc.php HTTP/1.1" 200 403 "-" "Jetpack by WordPress.com"
112.207.105.22 - - [10/Jul/2026:18:56:20 +0300] "POST /xmlrpc.php HTTP/1.1" 200 403 "-" "Jetpack/12.5; WordPress/6.4; http://site46898137.com"
112.207.105.22 - - [10/Jul/2026:18:56:31 +0300] "POST /xmlrpc.php HTTP/1.1" 200 403 "-" "Jetpack by WordPress.com"
112.207.105.22 - - [10/Jul/2026:18:56:42 +0300] "POST /xmlrpc.php HTTP/1.1" 200 403 "-" "Jetpack by WordPress.com"
112.207.105.22 - - [10/Jul/2026:18:56:53 +0300] "POST /xmlrpc.php HTTP/1.1" 200 403 "-" "Jetpack by WordPress.com"
112.207.105.22 - - [10/Jul/2026:18:57:03 +0300] "POST /xmlrpc.php HTTP/1.1" 200 403 "-" "WordPress.com; https://wordpress.com"
112.207.105.22 - - [10/Jul/2026:18:57:14 +0300] "POST /xmlrpc.php HTTP/1.1" 200 403 "-" "WordPress.com; https://wordpress.com"
112.207.105.22 - - [10/Jul/2026:18:57:25 +0300] "POST /xmlrpc.php HTTP/1.1" 200 403 "-" "WordPress.com; https://wordpress.com"
5.161.75.7 - - [10/Jul/2026:18:57:29 +0300] "HEAD / HTTP/1.1" 200 0 "https://primafinancegroup.com" "Mozilla/5.0+(compatible; UptimeRobot/2.0; http://www.uptimerobot.com/)"
112.207.105.22 - - [10/Jul/2026:18:57:36 +0300] "POST /xmlrpc.php HTTP/1.1" 200 403 "-" "WordPress.com; https://wordpress.com"
66.249.68.135 - - [10/Jul/2026:18:57:41 +0300] "GET /items/U992883672/ HTTP/1.1" 200 76159 "-" "Mozilla/5.0 (Linux; Android 6.0.1; Nexus 5X Build/MMB29P) AppleWebKit/537.36 (KHTML, like Gecko) Chrome/150.0.7871.46 Mobile Safari/537.36 (compatible; Googlebot/2.1; +http://www.google.com/bot.html)"
112.207.105.22 - - [10/Jul/2026:18:57:46 +0300] "POST /xmlrpc.php HTTP/1.1" 200 403 "-" "Jetpack/12.0; WordPress/6.1; http://site75287572.com"
112.207.105.22 - - [10/Jul/2026:18:57:57 +0300] "POST /xmlrpc.php HTTP/1.1" 200 403 "-" "Jetpack/12.1; WordPress/6.3; http://site93238259.com"
112.207.105.22 - - [10/Jul/2026:18:58:08 +0300] "POST /xmlrpc.php HTTP/1.1" 200 403 "-" "Jetpack by WordPress.com"
112.207.105.22 - - [10/Jul/2026:18:58:18 +0300] "POST /xmlrpc.php HTTP/1.1" 200 403 "-" "WordPress.com; https://wordpress.com"
112.207.105.22 - - [10/Jul/2026:18:58:29 +0300] "POST /xmlrpc.php HTTP/1.1" 200 403 "-" "Jetpack/12.0; WordPress/6.1; http://site94762001.com"
112.207.105.22 - - [10/Jul/2026:18:58:40 +0300] "POST /xmlrpc.php HTTP/1.1" 200 403 "-" "Jetpack by WordPress.com (Jetpack 12.0; WordPress 6.3)"
112.207.105.22 - - [10/Jul/2026:18:58:51 +0300] "POST /xmlrpc.php HTTP/1.1" 200 403 "-" "Jetpack/12.5; WordPress/6.4; http://site31323307.com"
112.207.105.22 - - [10/Jul/2026:18:59:01 +0300] "POST /xmlrpc.php HTTP/1.1" 200 403 "-" "Jetpack by WordPress.com"
112.207.105.22 - - [10/Jul/2026:18:59:12 +0300] "POST /xmlrpc.php HTTP/1.1" 200 403 "-" "WordPress.com; https://wordpress.com"
112.207.105.22 - - [10/Jul/2026:18:59:23 +0300] "POST /xmlrpc.php HTTP/1.1" 200 403 "-" "Jetpack/13.0; WordPress/6.4; http://site92532395.com"
112.207.105.22 - - [10/Jul/2026:18:59:33 +0300] "POST /xmlrpc.php HTTP/1.1" 200 403 "-" "Jetpack by WordPress.com"
66.249.68.135 - - [10/Jul/2026:18:59:42 +0300] "GET /items/U992603219/ HTTP/1.1" 200 76159 "-" "Mozilla/5.0 (Linux; Android 6.0.1; Nexus 5X Build/MMB29P) AppleWebKit/537.36 (KHTML, like Gecko) Chrome/150.0.7871.46 Mobile Safari/537.36 (compatible; Googlebot/2.1; +http://www.google.com/bot.html)"
112.207.105.22 - - [10/Jul/2026:18:59:44 +0300] "POST /xmlrpc.php HTTP/1.1" 200 403 "-" "Jetpack by WordPress.com"
112.207.105.22 - - [10/Jul/2026:18:59:55 +0300] "POST /xmlrpc.php HTTP/1.1" 200 403 "-" "Jetpack/13.0; WordPress/6.3; http://site10746958.com"
112.207.105.22 - - [10/Jul/2026:19:00:05 +0300] "POST /xmlrpc.php HTTP/1.1" 200 403 "-" "Jetpack by WordPress.com (Jetpack 13.0; WordPress 6.1)"
112.207.105.22 - - [10/Jul/2026:19:00:17 +0300] "POST /xmlrpc.php HTTP/1.1" 403 76159 "-" "Jetpack by WordPress.com"
112.207.105.22 - - [10/Jul/2026:19:00:27 +0300] "POST /xmlrpc.php HTTP/1.1" 403 76159 "-" "Jetpack by WordPress.com"
112.207.105.22 - - [10/Jul/2026:19:00:38 +0300] "POST /xmlrpc.php HTTP/1.1" 403 76159 "-" "Jetpack/12.0; WordPress/6.4; http://site76836450.com"
112.207.105.22 - - [10/Jul/2026:19:00:49 +0300] "POST /xmlrpc.php HTTP/1.1" 403 76159 "-" "WordPress.com; https://wordpress.com"
112.207.105.22 - - [10/Jul/2026:19:00:59 +0300] "POST /xmlrpc.php HTTP/1.1" 403 76159 "-" "Jetpack by WordPress.com"
112.207.105.22 - - [10/Jul/2026:19:01:10 +0300] "POST /xmlrpc.php HTTP/1.1" 403 76159 "-" "Jetpack by WordPress.com"
112.207.105.22 - - [10/Jul/2026:19:01:21 +0300] "POST /xmlrpc.php HTTP/1.1" 403 76159 "-" "WordPress.com; https://wordpress.com"
112.207.105.22 - - [10/Jul/2026:19:01:31 +0300] "POST /xmlrpc.php HTTP/1.1" 403 76159 "-" "Jetpack/12.0; WordPress/6.3; http://site41036506.com"
112.207.105.22 - - [10/Jul/2026:19:01:42 +0300] "POST /xmlrpc.php HTTP/1.1" 403 76159 "-" "Jetpack by WordPress.com"
66.249.68.137 - - [10/Jul/2026:19:01:43 +0300] "GET /pw/ HTTP/1.1" 200 76159 "-" "Mozilla/5.0 (Linux; Android 6.0.1; Nexus 5X Build/MMB29P) AppleWebKit/537.36 (KHTML, like Gecko) Chrome/150.0.7871.46 Mobile Safari/537.36 (compatible; Googlebot/2.1; +http://www.google.com/bot.html)"
112.207.105.22 - - [10/Jul/2026:19:01:53 +0300] "POST /xmlrpc.php HTTP/1.1" 403 76159 "-" "Jetpack/12.5; WordPress/6.2; http://site63630168.com"
112.207.105.22 - - [10/Jul/2026:19:02:03 +0300] "POST /xmlrpc.php HTTP/1.1" 403 76159 "-" "Jetpack/12.5; WordPress/6.2; http://site27591152.com"
112.207.105.22 - - [10/Jul/2026:19:02:14 +0300] "POST /xmlrpc.php HTTP/1.1" 403 76159 "-" "Jetpack/12.0; WordPress/6.3; http://site67108255.com"
112.207.105.22 - - [10/Jul/2026:19:02:25 +0300] "POST /xmlrpc.php HTTP/1.1" 403 76159 "-" "WordPress.com; https://wordpress.com"
3.12.251.153 - - [10/Jul/2026:19:02:34 +0300] "HEAD / HTTP/1.1" 200 0 "https://primafinancegroup.com" "Mozilla/5.0+(compatible; UptimeRobot/2.0; http://www.uptimerobot.com/)"
112.207.105.22 - - [10/Jul/2026:19:02:35 +0300] "POST /xmlrpc.php HTTP/1.1" 403 76159 "-" "WordPress.com; https://wordpress.com"
112.207.105.22 - - [10/Jul/2026:19:02:46 +0300] "POST /xmlrpc.php HTTP/1.1" 403 76159 "-" "Jetpack/12.5; WordPress/6.3; http://site26414307.com"
112.207.105.22 - - [10/Jul/2026:19:03:00 +0300] "POST /xmlrpc.php HTTP/1.1" 403 76159 "-" "Jetpack/13.0; WordPress/6.3; http://site67821467.com"
112.207.105.22 - - [10/Jul/2026:19:03:11 +0300] "POST /xmlrpc.php HTTP/1.1" 403 76159 "-" "Jetpack by WordPress.com (Jetpack 12.0; WordPress 6.2)"
112.207.105.22 - - [10/Jul/2026:19:03:21 +0300] "POST /xmlrpc.php HTTP/1.1" 403 76159 "-" "Jetpack by WordPress.com"
112.207.105.22 - - [10/Jul/2026:19:03:32 +0300] "POST /xmlrpc.php HTTP/1.1" 403 76159 "-" "WordPress.com; https://wordpress.com"
112.207.105.22 - - [10/Jul/2026:19:03:44 +0300] "POST /xmlrpc.php HTTP/1.1" 403 76159 "-" "WordPress.com; https://wordpress.com"
66.249.68.136 - - [10/Jul/2026:19:03:51 +0300] "GET /items/U992990944/ HTTP/1.1" 200 76159 "-" "Mozilla/5.0 (Linux; Android 6.0.1; Nexus 5X Build/MMB29P) AppleWebKit/537.36 (KHTML, like Gecko) Chrome/150.0.7871.46 Mobile Safari/537.36 (compatible; Googlebot/2.1; +http://www.google.com/bot.html)"
112.207.105.22 - - [10/Jul/2026:19:03:55 +0300] "POST /xmlrpc.php HTTP/1.1" 403 76159 "-" "Jetpack by WordPress.com (Jetpack 12.5; WordPress 6.1)"
112.207.105.22 - - [10/Jul/2026:19:04:04 +0300] "POST /xmlrpc.php HTTP/1.1" 403 76159 "-" "Jetpack by WordPress.com (Jetpack 12.5; WordPress 6.3)"
112.207.105.22 - - [10/Jul/2026:19:04:16 +0300] "POST /xmlrpc.php HTTP/1.1" 403 76159 "-" "Jetpack by WordPress.com (Jetpack 13.0; WordPress 6.2)"
112.207.105.22 - - [10/Jul/2026:19:04:27 +0300] "POST /xmlrpc.php HTTP/1.1" 200 403 "-" "Jetpack/12.0; WordPress/6.1; http://site48863630.com"
112.207.105.22 - - [10/Jul/2026:19:04:39 +0300] "POST /xmlrpc.php HTTP/1.1" 200 403 "-" "WordPress.com; https://wordpress.com"
112.207.105.22 - - [10/Jul/2026:19:04:49 +0300] "POST /xmlrpc.php HTTP/1.1" 200 403 "-" "Jetpack/12.0; WordPress/6.1; http://site83874030.com"
112.207.105.22 - - [10/Jul/2026:19:04:59 +0300] "POST /xmlrpc.php HTTP/1.1" 200 403 "-" "Jetpack by WordPress.com"
112.207.105.22 - - [10/Jul/2026:19:05:08 +0300] "POST /xmlrpc.php HTTP/1.1" 200 403 "-" "Jetpack by WordPress.com"
112.207.105.22 - - [10/Jul/2026:19:05:19 +0300] "POST /xmlrpc.php HTTP/1.1" 200 403 "-" "Jetpack/12.5; WordPress/6.2; http://site28270257.com"
150.40.100.101 - - [10/Jul/2026:19:05:22 +0300] "GET / HTTP/1.1" 200 79063 "-" "Mozilla/5.0 (Windows NT 10.0; Win64; x64) AppleWebKit/537.36 (KHTML, like Gecko) Chrome/131.0.0.0 Safari/537.36"
112.207.105.22 - - [10/Jul/2026:19:05:31 +0300] "POST /xmlrpc.php HTTP/1.1" 200 403 "-" "Jetpack/12.0; WordPress/6.4; http://site31858240.com"
112.207.105.22 - - [10/Jul/2026:19:05:44 +0300] "POST /xmlrpc.php HTTP/1.1" 200 403 "-" "Jetpack by WordPress.com"
112.207.105.22 - - [10/Jul/2026:19:05:55 +0300] "POST /xmlrpc.php HTTP/1.1" 200 403 "-" "Jetpack/12.1; WordPress/6.3; http://site71241870.com"
108.165.181.230 - - [10/Jul/2026:19:06:04 +0300] "GET /3071-rank213 HTTP/1.1" 200 173725 "-" "Mozilla/5.0+(compatible;+Googlebot/2.1;++http://www.google.com/bot.html)"
112.207.105.22 - - [10/Jul/2026:19:06:05 +0300] "POST /xmlrpc.php HTTP/1.1" 499 0 "-" "WordPress.com; https://wordpress.com"
112.207.105.22 - - [10/Jul/2026:19:06:16 +0300] "POST /xmlrpc.php HTTP/1.1" 200 403 "-" "Jetpack by WordPress.com (Jetpack 13.0; WordPress 6.4)"
112.207.105.22 - - [10/Jul/2026:19:06:24 +0300] "POST /xmlrpc.php HTTP/1.1" 200 403 "-" "Jetpack by WordPress.com (Jetpack 12.1; WordPress 6.2)"
112.207.105.22 - - [10/Jul/2026:19:06:35 +0300] "POST /xmlrpc.php HTTP/1.1" 200 403 "-" "Jetpack by WordPress.com (Jetpack 12.5; WordPress 6.1)"
112.207.105.22 - - [10/Jul/2026:19:06:43 +0300] "POST /xmlrpc.php HTTP/1.1" 200 403 "-" "Jetpack by WordPress.com (Jetpack 12.5; WordPress 6.1)"
112.207.105.22 - - [10/Jul/2026:19:06:54 +0300] "POST /xmlrpc.php HTTP/1.1" 200 403 "-" "Jetpack by WordPress.com (Jetpack 12.1; WordPress 6.3)"
112.207.105.22 - - [10/Jul/2026:19:07:03 +0300] "POST /xmlrpc.php HTTP/1.1" 200 403 "-" "Jetpack by WordPress.com"
112.207.105.22 - - [10/Jul/2026:19:07:17 +0300] "POST /xmlrpc.php HTTP/1.1" 200 403 "-" "Jetpack by WordPress.com (Jetpack 12.1; WordPress 6.1)"
112.207.105.22 - - [10/Jul/2026:19:07:25 +0300] "POST /xmlrpc.php HTTP/1.1" 200 403 "-" "Jetpack/12.1; WordPress/6.2; http://site16368309.com"
112.207.105.22 - - [10/Jul/2026:19:07:35 +0300] "POST /xmlrpc.php HTTP/1.1" 200 403 "-" "Jetpack/12.1; WordPress/6.3; http://site85176348.com"
5.161.75.7 - - [10/Jul/2026:19:07:39 +0300] "HEAD / HTTP/1.1" 200 0 "https://primafinancegroup.com" "Mozilla/5.0+(compatible; UptimeRobot/2.0; http://www.uptimerobot.com/)"
112.207.105.22 - - [10/Jul/2026:19:07:46 +0300] "POST /xmlrpc.php HTTP/1.1" 200 403 "-" "Jetpack by WordPress.com (Jetpack 12.1; WordPress 6.3)"
112.207.105.22 - - [10/Jul/2026:19:07:57 +0300] "POST /xmlrpc.php HTTP/1.1" 200 403 "-" "Jetpack/12.1; WordPress/6.4; http://site46536276.com"
112.207.105.22 - - [10/Jul/2026:19:08:07 +0300] "POST /xmlrpc.php HTTP/1.1" 200 403 "-" "WordPress.com; https://wordpress.com"
112.207.105.22 - - [10/Jul/2026:19:08:19 +0300] "POST /xmlrpc.php HTTP/1.1" 200 403 "-" "Jetpack by WordPress.com (Jetpack 12.0; WordPress 6.3)"
112.207.105.22 - - [10/Jul/2026:19:08:29 +0300] "POST /xmlrpc.php HTTP/1.1" 200 403 "-" "Jetpack by WordPress.com (Jetpack 13.0; WordPress 6.3)"
112.207.105.22 - - [10/Jul/2026:19:08:39 +0300] "POST /xmlrpc.php HTTP/1.1" 200 403 "-" "Jetpack by WordPress.com"
112.207.105.22 - - [10/Jul/2026:19:08:50 +0300] "POST /xmlrpc.php HTTP/1.1" 200 403 "-" "Jetpack by WordPress.com (Jetpack 13.0; WordPress 6.3)"
112.207.105.22 - - [10/Jul/2026:19:09:01 +0300] "POST /xmlrpc.php HTTP/1.1" 200 403 "-" "Jetpack by WordPress.com (Jetpack 12.1; WordPress 6.4)"
112.207.105.22 - - [10/Jul/2026:19:09:11 +0300] "POST /xmlrpc.php HTTP/1.1" 200 403 "-" "Jetpack by WordPress.com"
112.207.105.22 - - [10/Jul/2026:19:09:22 +0300] "POST /xmlrpc.php HTTP/1.1" 200 403 "-" "Jetpack by WordPress.com (Jetpack 12.1; WordPress 6.3)"
112.207.105.22 - - [10/Jul/2026:19:09:33 +0300] "POST /xmlrpc.php HTTP/1.1" 200 403 "-" "Jetpack by WordPress.com"
112.207.105.22 - - [10/Jul/2026:19:09:43 +0300] "POST /xmlrpc.php HTTP/1.1" 200 403 "-" "Jetpack by WordPress.com (Jetpack 12.1; WordPress 6.4)"
112.207.105.22 - - [10/Jul/2026:19:09:54 +0300] "POST /xmlrpc.php HTTP/1.1" 200 403 "-" "WordPress.com; https://wordpress.com"
112.207.105.22 - - [10/Jul/2026:19:10:05 +0300] "POST /xmlrpc.php HTTP/1.1" 200 403 "-" "Jetpack/12.5; WordPress/6.2; http://site54385221.com"
66.249.68.137 - - [10/Jul/2026:19:10:15 +0300] "GET /items/U992155917/ HTTP/1.1" 200 76159 "-" "Mozilla/5.0 (Linux; Android 6.0.1; Nexus 5X Build/MMB29P) AppleWebKit/537.36 (KHTML, like Gecko) Chrome/150.0.7871.46 Mobile Safari/537.36 (compatible; Googlebot/2.1; +http://www.google.com/bot.html)"
112.207.105.22 - - [10/Jul/2026:19:10:16 +0300] "POST /xmlrpc.php HTTP/1.1" 200 403 "-" "Jetpack by WordPress.com"
112.207.105.22 - - [10/Jul/2026:19:10:26 +0300] "POST /xmlrpc.php HTTP/1.1" 200 403 "-" "Jetpack by WordPress.com"
112.207.105.22 - - [10/Jul/2026:19:10:38 +0300] "POST /xmlrpc.php HTTP/1.1" 200 403 "-" "Jetpack by WordPress.com"
112.207.105.22 - - [10/Jul/2026:19:10:48 +0300] "POST /xmlrpc.php HTTP/1.1" 200 403 "-" "Jetpack/12.1; WordPress/6.1; http://site59163891.com"
112.207.105.22 - - [10/Jul/2026:19:10:59 +0300] "POST /xmlrpc.php HTTP/1.1" 200 403 "-" "Jetpack by WordPress.com (Jetpack 13.0; WordPress 6.1)"
112.207.105.22 - - [10/Jul/2026:19:11:09 +0300] "POST /xmlrpc.php HTTP/1.1" 200 403 "-" "Jetpack by WordPress.com (Jetpack 12.5; WordPress 6.2)"
112.207.105.22 - - [10/Jul/2026:19:11:22 +0300] "POST /xmlrpc.php HTTP/1.1" 200 403 "-" "Jetpack/12.5; WordPress/6.2; http://site33286380.com"
112.207.105.22 - - [10/Jul/2026:19:11:33 +0300] "POST /xmlrpc.php HTTP/1.1" 200 403 "-" "Jetpack by WordPress.com"
112.207.105.22 - - [10/Jul/2026:19:11:46 +0300] "POST /xmlrpc.php HTTP/1.1" 403 76159 "-" "Jetpack by WordPress.com (Jetpack 12.5; WordPress 6.4)"
112.207.105.22 - - [10/Jul/2026:19:11:54 +0300] "POST /xmlrpc.php HTTP/1.1" 403 76159 "-" "WordPress.com; https://wordpress.com"
112.207.105.22 - - [10/Jul/2026:19:12:04 +0300] "POST /xmlrpc.php HTTP/1.1" 403 76159 "-" "Jetpack/12.0; WordPress/6.2; http://site46130623.com"
114.119.145.193 - - [10/Jul/2026:19:12:13 +0300] "GET /items/P463144398/ HTTP/1.1" 200 76159 "https://primafinancegroup.com/sitemap-331.xml" "Mozilla/5.0 (Linux; Android 7.0;) AppleWebKit/537.36 (HTML, like Gecko) Mobile Safari/537.36 (compatible; PetalBot;+https://webmaster.petalsearch.com/site/petalbot)"
112.207.105.22 - - [10/Jul/2026:19:12:13 +0300] "POST /xmlrpc.php HTTP/1.1" 403 76159 "-" "WordPress.com; https://wordpress.com"
66.249.68.137 - - [10/Jul/2026:19:12:20 +0300] "GET /pin/f709843814 HTTP/1.1" 200 76159 "-" "Mozilla/5.0 (Linux; Android 6.0.1; Nexus 5X Build/MMB29P) AppleWebKit/537.36 (KHTML, like Gecko) Chrome/150.0.7871.46 Mobile Safari/537.36 (compatible; Googlebot/2.1; +http://www.google.com/bot.html)"
112.207.105.22 - - [10/Jul/2026:19:12:24 +0300] "POST /xmlrpc.php HTTP/1.1" 403 76159 "-" "Jetpack by WordPress.com (Jetpack 12.5; WordPress 6.2)"
112.207.105.22 - - [10/Jul/2026:19:12:34 +0300] "POST /xmlrpc.php HTTP/1.1" 403 76159 "-" "WordPress.com; https://wordpress.com"
5.161.113.195 - - [10/Jul/2026:19:12:42 +0300] "HEAD / HTTP/1.1" 200 0 "https://primafinancegroup.com" "Mozilla/5.0+(compatible; UptimeRobot/2.0; http://www.uptimerobot.com/)"
112.207.105.22 - - [10/Jul/2026:19:12:45 +0300] "POST /xmlrpc.php HTTP/1.1" 403 76159 "-" "Jetpack by WordPress.com"
112.207.105.22 - - [10/Jul/2026:19:12:56 +0300] "POST /xmlrpc.php HTTP/1.1" 403 76159 "-" "Jetpack/12.1; WordPress/6.4; http://site71094143.com"
112.207.105.22 - - [10/Jul/2026:19:13:06 +0300] "POST /xmlrpc.php HTTP/1.1" 403 76159 "-" "WordPress.com; https://wordpress.com"
112.207.105.22 - - [10/Jul/2026:19:13:17 +0300] "POST /xmlrpc.php HTTP/1.1" 403 76159 "-" "WordPress.com; https://wordpress.com"
112.207.105.22 - - [10/Jul/2026:19:13:28 +0300] "POST /xmlrpc.php HTTP/1.1" 403 76159 "-" "Jetpack by WordPress.com"
114.119.133.14 - - [10/Jul/2026:19:13:36 +0300] "GET /items/P462283349/ HTTP/1.1" 200 76159 "https://primafinancegroup.com/sitemap-331.xml" "Mozilla/5.0 (Linux; Android 7.0;) AppleWebKit/537.36 (HTML, like Gecko) Mobile Safari/537.36 (compatible; PetalBot;+https://webmaster.petalsearch.com/site/petalbot)"
112.207.105.22 - - [10/Jul/2026:19:13:38 +0300] "POST /xmlrpc.php HTTP/1.1" 403 76159 "-" "Jetpack by WordPress.com (Jetpack 12.0; WordPress 6.3)"
112.207.105.22 - - [10/Jul/2026:19:13:49 +0300] "POST /xmlrpc.php HTTP/1.1" 403 76159 "-" "WordPress.com; https://wordpress.com"
112.207.105.22 - - [10/Jul/2026:19:14:00 +0300] "POST /xmlrpc.php HTTP/1.1" 403 76159 "-" "WordPress.com; https://wordpress.com"
112.207.105.22 - - [10/Jul/2026:19:14:10 +0300] "POST /xmlrpc.php HTTP/1.1" 403 76159 "-" "Jetpack by WordPress.com (Jetpack 12.0; WordPress 6.4)"
112.207.105.22 - - [10/Jul/2026:19:14:21 +0300] "POST /xmlrpc.php HTTP/1.1" 403 76159 "-" "Jetpack by WordPress.com (Jetpack 13.0; WordPress 6.3)"
112.207.105.22 - - [10/Jul/2026:19:14:32 +0300] "POST /xmlrpc.php HTTP/1.1" 403 76159 "-" "Jetpack by WordPress.com"
112.207.105.22 - - [10/Jul/2026:19:14:42 +0300] "POST /xmlrpc.php HTTP/1.1" 403 76159 "-" "Jetpack by WordPress.com"
112.207.105.22 - - [10/Jul/2026:19:14:53 +0300] "POST /xmlrpc.php HTTP/1.1" 403 76159 "-" "Jetpack by WordPress.com (Jetpack 12.1; WordPress 6.1)"
112.207.105.22 - - [10/Jul/2026:19:15:03 +0300] "POST /xmlrpc.php HTTP/1.1" 403 76159 "-" "Jetpack by WordPress.com (Jetpack 12.0; WordPress 6.4)"
112.207.105.22 - - [10/Jul/2026:19:15:14 +0300] "POST /xmlrpc.php HTTP/1.1" 403 76159 "-" "Jetpack by WordPress.com"
66.249.68.137 - - [10/Jul/2026:19:15:24 +0300] "GET /items/U991217116/ HTTP/1.1" 200 76159 "-" "Mozilla/5.0 (Linux; Android 6.0.1; Nexus 5X Build/MMB29P) AppleWebKit/537.36 (KHTML, like Gecko) Chrome/150.0.7871.46 Mobile Safari/537.36 (compatible; Googlebot/2.1; +http://www.google.com/bot.html)"
112.207.105.22 - - [10/Jul/2026:19:15:25 +0300] "POST /xmlrpc.php HTTP/1.1" 403 76159 "-" "Jetpack by WordPress.com"
112.207.105.22 - - [10/Jul/2026:19:15:35 +0300] "POST /xmlrpc.php HTTP/1.1" 403 76159 "-" "Jetpack by WordPress.com"
112.207.105.22 - - [10/Jul/2026:19:15:46 +0300] "POST /xmlrpc.php HTTP/1.1" 200 403 "-" "Jetpack by WordPress.com"
112.207.105.22 - - [10/Jul/2026:19:15:56 +0300] "POST /xmlrpc.php HTTP/1.1" 200 403 "-" "Jetpack/13.0; WordPress/6.4; http://site20546444.com"
112.207.105.22 - - [10/Jul/2026:19:16:07 +0300] "POST /xmlrpc.php HTTP/1.1" 200 403 "-" "Jetpack by WordPress.com"
193.111.248.191 - - [10/Jul/2026:19:16:16 +0300] "GET / HTTP/1.1" 200 79063 "-" "BossBacklinkChecker/2.3 (crawler)"
112.207.105.22 - - [10/Jul/2026:19:16:18 +0300] "POST /xmlrpc.php HTTP/1.1" 200 403 "-" "Jetpack by WordPress.com (Jetpack 12.0; WordPress 6.3)"
112.207.105.22 - - [10/Jul/2026:19:16:29 +0300] "POST /xmlrpc.php HTTP/1.1" 200 403 "-" "WordPress.com; https://wordpress.com"
112.207.105.22 - - [10/Jul/2026:19:16:39 +0300] "POST /xmlrpc.php HTTP/1.1" 200 403 "-" "WordPress.com; https://wordpress.com"
112.207.105.22 - - [10/Jul/2026:19:16:50 +0300] "POST /xmlrpc.php HTTP/1.1" 200 403 "-" "Jetpack/12.0; WordPress/6.4; http://site67360358.com"
112.207.105.22 - - [10/Jul/2026:19:17:00 +0300] "POST /xmlrpc.php HTTP/1.1" 200 403 "-" "WordPress.com; https://wordpress.com"
112.207.105.22 - - [10/Jul/2026:19:17:11 +0300] "POST /xmlrpc.php HTTP/1.1" 200 403 "-" "Jetpack/12.0; WordPress/6.1; http://site58635062.com"
112.207.105.22 - - [10/Jul/2026:19:17:22 +0300] "POST /xmlrpc.php HTTP/1.1" 200 403 "-" "Jetpack by WordPress.com"
112.207.105.22 - - [10/Jul/2026:19:17:32 +0300] "POST /xmlrpc.php HTTP/1.1" 200 403 "-" "WordPress.com; https://wordpress.com"
112.207.105.22 - - [10/Jul/2026:19:17:43 +0300] "POST /xmlrpc.php HTTP/1.1" 200 403 "-" "Jetpack by WordPress.com (Jetpack 12.1; WordPress 6.1)"
18.116.205.62 - - [10/Jul/2026:19:17:49 +0300] "HEAD / HTTP/1.1" 200 0 "https://primafinancegroup.com" "Mozilla/5.0+(compatible; UptimeRobot/2.0; http://www.uptimerobot.com/)"
112.207.105.22 - - [10/Jul/2026:19:17:53 +0300] "POST /xmlrpc.php HTTP/1.1" 200 403 "-" "WordPress.com; https://wordpress.com"
112.207.105.22 - - [10/Jul/2026:19:18:04 +0300] "POST /xmlrpc.php HTTP/1.1" 200 403 "-" "Jetpack/12.5; WordPress/6.4; http://site91925262.com"
112.207.105.22 - - [10/Jul/2026:19:18:15 +0300] "POST /xmlrpc.php HTTP/1.1" 200 403 "-" "WordPress.com; https://wordpress.com"
112.207.105.22 - - [10/Jul/2026:19:18:26 +0300] "POST /xmlrpc.php HTTP/1.1" 200 403 "-" "Jetpack by WordPress.com (Jetpack 12.0; WordPress 6.2)"
112.207.105.22 - - [10/Jul/2026:19:18:36 +0300] "POST /xmlrpc.php HTTP/1.1" 200 403 "-" "Jetpack by WordPress.com (Jetpack 12.0; WordPress 6.4)"
112.207.105.22 - - [10/Jul/2026:19:18:47 +0300] "POST /xmlrpc.php HTTP/1.1" 200 403 "-" "Jetpack by WordPress.com"
112.207.105.22 - - [10/Jul/2026:19:18:58 +0300] "POST /xmlrpc.php HTTP/1.1" 200 403 "-" "Jetpack by WordPress.com"
112.207.105.22 - - [10/Jul/2026:19:19:08 +0300] "POST /xmlrpc.php HTTP/1.1" 200 403 "-" "Jetpack by WordPress.com (Jetpack 12.0; WordPress 6.2)"
112.207.105.22 - - [10/Jul/2026:19:19:19 +0300] "POST /xmlrpc.php HTTP/1.1" 200 403 "-" "WordPress.com; https://wordpress.com"
112.207.105.22 - - [10/Jul/2026:19:19:30 +0300] "POST /xmlrpc.php HTTP/1.1" 200 403 "-" "Jetpack by WordPress.com (Jetpack 12.0; WordPress 6.1)"
150.40.100.101 - - [10/Jul/2026:19:20:24 +0300] "GET / HTTP/1.1" 200 79063 "-" "Mozilla/5.0 (Windows NT 10.0; Win64; x64) AppleWebKit/537.36 (KHTML, like Gecko) Chrome/131.0.0.0 Safari/537.36"
66.249.68.137 - - [10/Jul/2026:19:21:51 +0300] "GET /items/U993197883/ HTTP/1.1" 200 76159 "-" "Mozilla/5.0 (Linux; Android 6.0.1; Nexus 5X Build/MMB29P) AppleWebKit/537.36 (KHTML, like Gecko) Chrome/150.0.7871.46 Mobile Safari/537.36 (compatible; Googlebot/2.1; +http://www.google.com/bot.html)"
5.161.177.47 - - [10/Jul/2026:19:22:54 +0300] "HEAD / HTTP/1.1" 200 0 "https://primafinancegroup.com" "Mozilla/5.0+(compatible; UptimeRobot/2.0; http://www.uptimerobot.com/)"
66.249.68.136 - - [10/Jul/2026:19:24:54 +0300] "GET /items/N621620986/ HTTP/1.1" 200 76159 "-" "Mozilla/5.0 (Linux; Android 6.0.1; Nexus 5X Build/MMB29P) AppleWebKit/537.36 (KHTML, like Gecko) Chrome/150.0.7871.46 Mobile Safari/537.36 (compatible; Googlebot/2.1; +http://www.google.com/bot.html)"
66.249.68.135 - - [10/Jul/2026:19:25:08 +0300] "GET /pin/56291338665 HTTP/1.1" 200 76159 "-" "Mozilla/5.0 (Linux; Android 6.0.1; Nexus 5X Build/MMB29P) AppleWebKit/537.36 (KHTML, like Gecko) Chrome/150.0.7871.46 Mobile Safari/537.36 (compatible; Googlebot/2.1; +http://www.google.com/bot.html)"
18.116.205.62 - - [10/Jul/2026:19:27:57 +0300] "HEAD / HTTP/1.1" 200 0 "https://primafinancegroup.com" "Mozilla/5.0+(compatible; UptimeRobot/2.0; http://www.uptimerobot.com/)"
66.249.68.135 - - [10/Jul/2026:19:28:12 +0300] "GET /items/U992287082/ HTTP/1.1" 200 76159 "-" "Mozilla/5.0 (Linux; Android 6.0.1; Nexus 5X Build/MMB29P) AppleWebKit/537.36 (KHTML, like Gecko) Chrome/150.0.7871.46 Mobile Safari/537.36 (compatible; Googlebot/2.1; +http://www.google.com/bot.html)"
66.249.68.135 - - [10/Jul/2026:19:31:16 +0300] "GET /items/N622364002/ HTTP/1.1" 200 76159 "-" "Mozilla/5.0 (Linux; Android 6.0.1; Nexus 5X Build/MMB29P) AppleWebKit/537.36 (KHTML, like Gecko) Chrome/150.0.7871.46 Mobile Safari/537.36 (compatible; Googlebot/2.1; +http://www.google.com/bot.html)"
66.249.68.136 - - [10/Jul/2026:19:31:20 +0300] "GET /items/C002813718/ HTTP/1.1" 200 76159 "-" "Mozilla/5.0 (Linux; Android 6.0.1; Nexus 5X Build/MMB29P) AppleWebKit/537.36 (KHTML, like Gecko) Chrome/150.0.7871.46 Mobile Safari/537.36 (compatible; Googlebot/2.1; +http://www.google.com/bot.html)"
114.119.134.152 - - [10/Jul/2026:19:31:20 +0300] "GET /items/P462679546/ HTTP/1.1" 200 76159 "https://primafinancegroup.com/sitemap-331.xml" "Mozilla/5.0 (Linux; Android 7.0;) AppleWebKit/537.36 (HTML, like Gecko) Mobile Safari/537.36 (compatible; PetalBot;+https://webmaster.petalsearch.com/site/petalbot)"
114.119.130.199 - - [10/Jul/2026:19:32:39 +0300] "GET /items/P462109473/ HTTP/1.1" 200 76159 "https://primafinancegroup.com/sitemap-331.xml" "Mozilla/5.0 (Linux; Android 7.0;) AppleWebKit/537.36 (HTML, like Gecko) Mobile Safari/537.36 (compatible; PetalBot;+https://webmaster.petalsearch.com/site/petalbot)"
3.133.226.214 - - [10/Jul/2026:19:33:02 +0300] "HEAD / HTTP/1.1" 200 0 "https://primafinancegroup.com" "Mozilla/5.0+(compatible; UptimeRobot/2.0; http://www.uptimerobot.com/)"
114.119.158.50 - - [10/Jul/2026:19:34:00 +0300] "GET /items/P462099005/ HTTP/1.1" 200 76159 "https://primafinancegroup.com/sitemap-331.xml" "Mozilla/5.0 (Linux; Android 7.0;) AppleWebKit/537.36 (HTML, like Gecko) Mobile Safari/537.36 (compatible; PetalBot;+https://webmaster.petalsearch.com/site/petalbot)"
66.249.68.136 - - [10/Jul/2026:19:34:22 +0300] "GET /items/N622108606/ HTTP/1.1" 200 76159 "-" "Mozilla/5.0 (Linux; Android 6.0.1; Nexus 5X Build/MMB29P) AppleWebKit/537.36 (KHTML, like Gecko) Chrome/150.0.7871.46 Mobile Safari/537.36 (compatible; Googlebot/2.1; +http://www.google.com/bot.html)"
94.154.43.179 - - [10/Jul/2026:19:35:54 +0300] "GET / HTTP/1.1" 200 11 "-" "Mozilla/5.0 (Windows NT 10.0; Win64; x64) AppleWebKit/537.36 (KHTML, like Gecko) Chrome/147.0.0.0 Safari/537.36"
66.249.68.135 - - [10/Jul/2026:19:37:23 +0300] "GET /items/U992654025/ HTTP/1.1" 200 76159 "-" "Mozilla/5.0 (Linux; Android 6.0.1; Nexus 5X Build/MMB29P) AppleWebKit/537.36 (KHTML, like Gecko) Chrome/150.0.7871.46 Mobile Safari/537.36 (compatible; Googlebot/2.1; +http://www.google.com/bot.html)"
5.161.75.7 - - [10/Jul/2026:19:38:08 +0300] "HEAD / HTTP/1.1" 200 0 "https://primafinancegroup.com" "Mozilla/5.0+(compatible; UptimeRobot/2.0; http://www.uptimerobot.com/)"
66.249.68.136 - - [10/Jul/2026:19:40:28 +0300] "GET /items/U991561224/ HTTP/1.1" 200 76159 "-" "Mozilla/5.0 (Linux; Android 6.0.1; Nexus 5X Build/MMB29P) AppleWebKit/537.36 (KHTML, like Gecko) Chrome/150.0.7871.46 Mobile Safari/537.36 (compatible; Googlebot/2.1; +http://www.google.com/bot.html)"
34.81.101.0 - - [10/Jul/2026:19:40:42 +0300] "GET /.git/config HTTP/1.1" 403 76159 "-" "-"
3.212.128.62 - - [10/Jul/2026:19:43:13 +0300] "HEAD / HTTP/1.1" 200 0 "https://primafinancegroup.com" "Mozilla/5.0+(compatible; UptimeRobot/2.0; http://www.uptimerobot.com/)"
66.249.68.137 - - [10/Jul/2026:19:43:30 +0300] "GET /items/C001584324/ HTTP/1.1" 200 76159 "-" "Mozilla/5.0 (Linux; Android 6.0.1; Nexus 5X Build/MMB29P) AppleWebKit/537.36 (KHTML, like Gecko) Chrome/150.0.7871.46 Mobile Safari/537.36 (compatible; Googlebot/2.1; +http://www.google.com/bot.html)"
66.249.68.136 - - [10/Jul/2026:19:44:35 +0300] "GET /items/N621688064/ HTTP/1.1" 200 76159 "-" "Mozilla/5.0 (Linux; Android 6.0.1; Nexus 5X Build/MMB29P) AppleWebKit/537.36 (KHTML, like Gecko) Chrome/150.0.7871.46 Mobile Safari/537.36 (compatible; Googlebot/2.1; +http://www.google.com/bot.html)"
66.249.68.137 - - [10/Jul/2026:19:46:14 +0300] "GET /items/C001211249/ HTTP/1.1" 200 76159 "-" "Mozilla/5.0 (Linux; Android 6.0.1; Nexus 5X Build/MMB29P) AppleWebKit/537.36 (KHTML, like Gecko) Chrome/150.0.7871.46 Mobile Safari/537.36 (compatible; Googlebot/2.1; +http://www.google.com/bot.html)"
114.119.145.193 - - [10/Jul/2026:19:47:31 +0300] "GET /items/P462833104/ HTTP/1.1" 200 76159 "https://primafinancegroup.com/sitemap-331.xml" "Mozilla/5.0 (Linux; Android 7.0;) AppleWebKit/537.36 (HTML, like Gecko) Mobile Safari/537.36 (compatible; PetalBot;+https://webmaster.petalsearch.com/site/petalbot)"
185.255.97.50 - - [10/Jul/2026:19:47:44 +0300] "GET /2025/01/30/hello-world/ HTTP/1.0" 200 101945 "https://primafinancegroup.com/2025/01/30/hello-world/#comment-386" "Mozilla/5.0 (Windows NT 10.0; Win64; x64) AppleWebKit/537.36 (KHTML, like Gecko) Chrome/130.0.0.0 Safari/537.36 CCleaner/130.0.0.0"
3.149.57.90 - - [10/Jul/2026:19:48:18 +0300] "HEAD / HTTP/1.1" 200 0 "https://primafinancegroup.com" "Mozilla/5.0+(compatible; UptimeRobot/2.0; http://www.uptimerobot.com/)"
114.119.131.245 - - [10/Jul/2026:19:48:54 +0300] "GET /items/P461937234/ HTTP/1.1" 200 76159 "https://primafinancegroup.com/sitemap-331.xml" "Mozilla/5.0 (Linux; Android 7.0;) AppleWebKit/537.36 (HTML, like Gecko) Mobile Safari/537.36 (compatible; PetalBot;+https://webmaster.petalsearch.com/site/petalbot)"
93.94.140.42 - - [10/Jul/2026:19:50:18 +0300] "POST /wp-cron.php?doing_wp_cron=1783702218.5368599891662597656250 HTTP/1.1" 200 0 "-" "WordPress/7.0.1; https://primafinancegroup.com"
66.249.68.137 - - [10/Jul/2026:19:50:18 +0300] "GET /items/C003068967/ HTTP/1.1" 200 76159 "-" "Mozilla/5.0 (Linux; Android 6.0.1; Nexus 5X Build/MMB29P) AppleWebKit/537.36 (KHTML, like Gecko) Chrome/150.0.7871.46 Mobile Safari/537.36 (compatible; Googlebot/2.1; +http://www.google.com/bot.html)"
150.40.100.101 - - [10/Jul/2026:19:51:27 +0300] "GET / HTTP/1.1" 200 79063 "-" "Mozilla/5.0 (Windows NT 10.0; Win64; x64) AppleWebKit/537.36 (KHTML, like Gecko) Chrome/131.0.0.0 Safari/537.36"
193.111.248.191 - - [10/Jul/2026:19:52:04 +0300] "GET / HTTP/1.1" 200 79063 "-" "BossBacklinkChecker/2.3 (crawler)"
52.15.147.27 - - [10/Jul/2026:19:53:22 +0300] "HEAD / HTTP/1.1" 200 0 "https://primafinancegroup.com" "Mozilla/5.0+(compatible; UptimeRobot/2.0; http://www.uptimerobot.com/)"
178.156.184.20 - - [10/Jul/2026:19:58:29 +0300] "HEAD / HTTP/1.1" 200 0 "https://primafinancegroup.com" "Mozilla/5.0+(compatible; UptimeRobot/2.0; http://www.uptimerobot.com/)"
66.249.68.137 - - [10/Jul/2026:20:01:26 +0300] "GET /items/N622263536/ HTTP/1.1" 200 76159 "-" "Mozilla/5.0 (Linux; Android 6.0.1; Nexus 5X Build/MMB29P) AppleWebKit/537.36 (KHTML, like Gecko) Chrome/150.0.7871.46 Mobile Safari/537.36 (compatible; Googlebot/2.1; +http://www.google.com/bot.html)"
34.198.201.66 - - [10/Jul/2026:20:03:32 +0300] "HEAD / HTTP/1.1" 200 0 "https://primafinancegroup.com" "Mozilla/5.0+(compatible; UptimeRobot/2.0; http://www.uptimerobot.com/)"
150.40.100.101 - - [10/Jul/2026:20:06:47 +0300] "GET / HTTP/1.1" 200 79063 "-" "Mozilla/5.0 (Windows NT 10.0; Win64; x64) AppleWebKit/537.36 (KHTML, like Gecko) Chrome/131.0.0.0 Safari/537.36"
54.87.112.51 - - [10/Jul/2026:20:08:38 +0300] "HEAD / HTTP/1.1" 200 0 "https://primafinancegroup.com" "Mozilla/5.0+(compatible; UptimeRobot/2.0; http://www.uptimerobot.com/)"
34.198.201.66 - - [10/Jul/2026:20:13:42 +0300] "HEAD / HTTP/1.1" 200 0 "https://primafinancegroup.com" "Mozilla/5.0+(compatible; UptimeRobot/2.0; http://www.uptimerobot.com/)"
5.161.215.244 - - [10/Jul/2026:20:18:47 +0300] "HEAD / HTTP/1.1" 200 0 "https://primafinancegroup.com" "Mozilla/5.0+(compatible; UptimeRobot/2.0; http://www.uptimerobot.com/)"
150.40.100.101 - - [10/Jul/2026:20:22:42 +0300] "GET / HTTP/1.1" 200 79063 "-" "Mozilla/5.0 (Windows NT 10.0; Win64; x64) AppleWebKit/537.36 (KHTML, like Gecko) Chrome/131.0.0.0 Safari/537.36"
178.156.189.113 - - [10/Jul/2026:20:23:57 +0300] "HEAD / HTTP/1.1" 200 0 "https://primafinancegroup.com" "Mozilla/5.0+(compatible; UptimeRobot/2.0; http://www.uptimerobot.com/)"
193.111.248.191 - - [10/Jul/2026:20:27:18 +0300] "GET / HTTP/1.1" 200 79063 "-" "BossBacklinkChecker/2.3 (crawler)"
34.198.201.66 - - [10/Jul/2026:20:29:02 +0300] "HEAD / HTTP/1.1" 200 0 "https://primafinancegroup.com" "Mozilla/5.0+(compatible; UptimeRobot/2.0; http://www.uptimerobot.com/)"
171.108.70.221 - - [10/Jul/2026:20:33:10 +0300] "POST /wp-comments-post.php HTTP/1.1" 302 0 "-" "Mozilla/5.0 (Windows NT 10.0; Win64; x64) AppleWebKit/537.36 (KHTML, like Gecko) Chrome/108.0.0.0 Safari/537.36 Edg/108.0.1462.46"
171.108.70.221 - - [10/Jul/2026:20:33:14 +0300] "GET /2025/01/30/hello-world/?unapproved=387&moderation-hash=34a333734653c7a8d5f0e5e2765ecc19 HTTP/1.1" 200 100359 "-" "Mozilla/5.0 (Windows NT 10.0; Win64; x64) AppleWebKit/537.36 (KHTML, like Gecko) Chrome/108.0.0.0 Safari/537.36 Edg/108.0.1462.46"
18.116.205.62 - - [10/Jul/2026:20:34:07 +0300] "HEAD / HTTP/1.1" 200 0 "https://primafinancegroup.com" "Mozilla/5.0+(compatible; UptimeRobot/2.0; http://www.uptimerobot.com/)"
150.40.100.101 - - [10/Jul/2026:20:37:22 +0300] "GET / HTTP/1.1" 200 79063 "-" "Mozilla/5.0 (Windows NT 10.0; Win64; x64) AppleWebKit/537.36 (KHTML, like Gecko) Chrome/131.0.0.0 Safari/537.36"
3.20.63.178 - - [10/Jul/2026:20:39:12 +0300] "HEAD / HTTP/1.1" 200 0 "https://primafinancegroup.com" "Mozilla/5.0+(compatible; UptimeRobot/2.0; http://www.uptimerobot.com/)"
178.156.189.249 - - [10/Jul/2026:20:44:17 +0300] "HEAD / HTTP/1.1" 200 0 "https://primafinancegroup.com" "Mozilla/5.0+(compatible; UptimeRobot/2.0; http://www.uptimerobot.com/)"
52.15.147.27 - - [10/Jul/2026:20:49:23 +0300] "HEAD / HTTP/1.1" 200 0 "https://primafinancegroup.com" "Mozilla/5.0+(compatible; UptimeRobot/2.0; http://www.uptimerobot.com/)"
93.94.140.42 - - [10/Jul/2026:20:54:28 +0300] "POST /wp-cron.php?doing_wp_cron=1783706068.8778319358825683593750 HTTP/1.1" 200 0 "-" "WordPress/7.0.1; https://primafinancegroup.com"
