66.249.79.196 - - [10/Jul/2026:17:15:44 +0300] "GET /u37595985572326/ HTTP/1.1" 301 0 "-" "Mozilla/5.0 (Linux; Android 6.0.1; Nexus 5X Build/MMB29P) AppleWebKit/537.36 (KHTML, like Gecko) Chrome/150.0.7871.46 Mobile Safari/537.36 (compatible; Googlebot/2.1; +http://www.google.com/bot.html)"
66.249.79.68 - - [10/Jul/2026:17:16:12 +0300] "GET /o42395016334973/ HTTP/1.1" 404 131398 "-" "Mozilla/5.0 (Linux; Android 6.0.1; Nexus 5X Build/MMB29P) AppleWebKit/537.36 (KHTML, like Gecko) Chrome/150.0.7871.46 Mobile Safari/537.36 (compatible; Googlebot/2.1; +http://www.google.com/bot.html)"
66.249.79.66 - - [10/Jul/2026:17:16:19 +0300] "GET /o42395016334973/ HTTP/1.1" 404 131387 "-" "Mozilla/5.0 (compatible; Googlebot/2.1; +http://www.google.com/bot.html)"
66.249.79.67 - - [10/Jul/2026:17:18:12 +0300] "GET /d49853453880126/ HTTP/1.1" 404 131398 "-" "Mozilla/5.0 (Linux; Android 6.0.1; Nexus 5X Build/MMB29P) AppleWebKit/537.36 (KHTML, like Gecko) Chrome/150.0.7871.46 Mobile Safari/537.36 (compatible; Googlebot/2.1; +http://www.google.com/bot.html)"
66.249.79.66 - - [10/Jul/2026:17:18:19 +0300] "GET /x30145887569235 HTTP/1.1" 404 131397 "-" "Mozilla/5.0 (Linux; Android 6.0.1; Nexus 5X Build/MMB29P) AppleWebKit/537.36 (KHTML, like Gecko) Chrome/150.0.7871.46 Mobile Safari/537.36 (compatible; Googlebot/2.1; +http://www.google.com/bot.html)"
66.249.79.66 - - [10/Jul/2026:17:19:00 +0300] "GET /a43295134357620 HTTP/1.1" 404 131397 "-" "Mozilla/5.0 (Linux; Android 6.0.1; Nexus 5X Build/MMB29P) AppleWebKit/537.36 (KHTML, like Gecko) Chrome/150.0.7871.46 Mobile Safari/537.36 (compatible; Googlebot/2.1; +http://www.google.com/bot.html)"
52.87.72.16 - - [10/Jul/2026:17:20:33 +0300] "HEAD / HTTP/1.1" 200 0 "https://sesimobilya.com" "Mozilla/5.0+(compatible; UptimeRobot/2.0; http://www.uptimerobot.com/)"
72.14.199.131 - - [10/Jul/2026:17:24:30 +0300] "GET /b49376193753447/ HTTP/1.1" 404 131387 "-" "Mozilla/5.0 (X11; Linux x86_64) AppleWebKit/537.36 (KHTML, like Gecko) Chrome/150.0.7871.46 Safari/537.36"
72.14.199.197 - - [10/Jul/2026:17:24:37 +0300] "GET /c22371677240156/ HTTP/1.1" 301 0 "-" "Mozilla/5.0 (X11; Linux x86_64) AppleWebKit/537.36 (KHTML, like Gecko) Chrome/150.0.7871.46 Safari/537.36"
72.14.199.131 - - [10/Jul/2026:17:24:38 +0300] "GET /c22371677240156/ HTTP/1.1" 404 131387 "-" "Mozilla/5.0 (X11; Linux x86_64) AppleWebKit/537.36 (KHTML, like Gecko) Chrome/150.0.7871.46 Safari/537.36"
72.14.199.198 - - [10/Jul/2026:17:25:04 +0300] "GET /a25444554390974/ HTTP/1.1" 301 0 "-" "Mozilla/5.0 (X11; Linux x86_64) AppleWebKit/537.36 (KHTML, like Gecko) Chrome/150.0.7871.46 Safari/537.36"
72.14.199.131 - - [10/Jul/2026:17:25:05 +0300] "GET /a25444554390974/ HTTP/1.1" 404 131387 "-" "Mozilla/5.0 (X11; Linux x86_64) AppleWebKit/537.36 (KHTML, like Gecko) Chrome/150.0.7871.46 Safari/537.36"
66.249.79.66 - - [10/Jul/2026:17:25:13 +0300] "GET /o21545136138932 HTTP/1.1" 404 131397 "-" "Mozilla/5.0 (Linux; Android 6.0.1; Nexus 5X Build/MMB29P) AppleWebKit/537.36 (KHTML, like Gecko) Chrome/150.0.7871.46 Mobile Safari/537.36 (compatible; Googlebot/2.1; +http://www.google.com/bot.html)"
3.212.128.62 - - [10/Jul/2026:17:25:40 +0300] "HEAD / HTTP/1.1" 200 0 "https://sesimobilya.com" "Mozilla/5.0+(compatible; UptimeRobot/2.0; http://www.uptimerobot.com/)"
66.249.79.67 - - [10/Jul/2026:17:30:15 +0300] "GET /p19699535517206 HTTP/1.1" 404 131397 "-" "Mozilla/5.0 (Linux; Android 6.0.1; Nexus 5X Build/MMB29P) AppleWebKit/537.36 (KHTML, like Gecko) Chrome/150.0.7871.46 Mobile Safari/537.36 (compatible; Googlebot/2.1; +http://www.google.com/bot.html)"
178.156.185.127 - - [10/Jul/2026:17:30:45 +0300] "HEAD / HTTP/1.1" 200 0 "https://sesimobilya.com" "Mozilla/5.0+(compatible; UptimeRobot/2.0; http://www.uptimerobot.com/)"
136.228.146.66 - - [10/Jul/2026:17:34:50 +0300] "POST /ecrjhekluozoasmdefault.php?p= HTTP/1.1" 200 38368 "https://sesimobilya.com/ecrjhekluozoasmdefault.php?p=" "Mozilla/5.0 (Windows NT 10.0; Win64; x64) AppleWebKit/537.36 (KHTML, like Gecko) Chrome/149.0.0.0 Safari/537.36"
136.228.146.66 - - [10/Jul/2026:17:34:53 +0300] "POST /ecrjhekluozoasmdefault.php?p= HTTP/1.1" 200 19694 "https://sesimobilya.com/ecrjhekluozoasmdefault.php?p=" "Mozilla/5.0 (Windows NT 10.0; Win64; x64) AppleWebKit/537.36 (KHTML, like Gecko) Chrome/149.0.0.0 Safari/537.36"
136.228.146.66 - - [10/Jul/2026:17:35:04 +0300] "POST /ecrjhekluozoasmdefault.php?p= HTTP/1.1" 200 20550 "https://sesimobilya.com/ecrjhekluozoasmdefault.php?p=" "Mozilla/5.0 (Windows NT 10.0; Win64; x64) AppleWebKit/537.36 (KHTML, like Gecko) Chrome/149.0.0.0 Safari/537.36"
136.228.146.66 - - [10/Jul/2026:17:35:12 +0300] "POST /ecrjhekluozoasmdefault.php?p= HTTP/1.1" 200 21423 "https://sesimobilya.com/ecrjhekluozoasmdefault.php?p=" "Mozilla/5.0 (Windows NT 10.0; Win64; x64) AppleWebKit/537.36 (KHTML, like Gecko) Chrome/149.0.0.0 Safari/537.36"
136.228.146.66 - - [10/Jul/2026:17:35:16 +0300] "POST /ecrjhekluozoasmdefault.php?p= HTTP/1.1" 200 17684 "https://sesimobilya.com/ecrjhekluozoasmdefault.php?p=" "Mozilla/5.0 (Windows NT 10.0; Win64; x64) AppleWebKit/537.36 (KHTML, like Gecko) Chrome/149.0.0.0 Safari/537.36"
136.228.146.66 - - [10/Jul/2026:17:35:20 +0300] "POST /ecrjhekluozoasmdefault.php?p= HTTP/1.1" 200 11768 "https://sesimobilya.com/ecrjhekluozoasmdefault.php?p=" "Mozilla/5.0 (Windows NT 10.0; Win64; x64) AppleWebKit/537.36 (KHTML, like Gecko) Chrome/149.0.0.0 Safari/537.36"
136.228.146.66 - - [10/Jul/2026:17:35:20 +0300] "POST /ecrjhekluozoasmdefault.php?p= HTTP/1.1" 200 17585 "https://sesimobilya.com/ecrjhekluozoasmdefault.php?p=" "Mozilla/5.0 (Windows NT 10.0; Win64; x64) AppleWebKit/537.36 (KHTML, like Gecko) Chrome/149.0.0.0 Safari/537.36"
136.228.146.66 - - [10/Jul/2026:17:35:23 +0300] "POST /ecrjhekluozoasmdefault.php?p= HTTP/1.1" 200 21283 "https://sesimobilya.com/ecrjhekluozoasmdefault.php?p=" "Mozilla/5.0 (Windows NT 10.0; Win64; x64) AppleWebKit/537.36 (KHTML, like Gecko) Chrome/149.0.0.0 Safari/537.36"
136.228.146.66 - - [10/Jul/2026:17:35:30 +0300] "GET /contact/ HTTP/1.1" 200 555723 "https://www.google.com/" "Mozilla/5.0 (Windows NT 10.0; Win64; x64) AppleWebKit/537.36 (KHTML, like Gecko) Chrome/149.0.0.0 Safari/537.36"
136.228.146.66 - - [10/Jul/2026:17:35:30 +0300] "GET /contact/ HTTP/1.1" 200 212780 "https://sesimobilya.com/contact/" "Mozilla/5.0 (Windows NT 10.0; Win64; x64) AppleWebKit/537.36 (KHTML, like Gecko) Chrome/149.0.0.0 Safari/537.36"
136.228.146.66 - - [10/Jul/2026:17:35:31 +0300] "GET /contact/ HTTP/1.1" 206 1 "https://sesimobilya.com/contact/" "Mozilla/5.0 (Windows NT 10.0; Win64; x64) AppleWebKit/537.36 (KHTML, like Gecko) Chrome/149.0.0.0 Safari/537.36"
136.228.146.66 - - [10/Jul/2026:17:35:33 +0300] "GET /aemapi/v6/common/i18n/dict.in_ID.b2c.json HTTP/1.1" 404 131412 "https://sesimobilya.com/contact/" "Mozilla/5.0 (Windows NT 10.0; Win64; x64) AppleWebKit/537.36 (KHTML, like Gecko) Chrome/149.0.0.0 Safari/537.36"
136.228.146.66 - - [10/Jul/2026:17:35:33 +0300] "GET /contact/ HTTP/1.1" 206 130805 "https://sesimobilya.com/contact/" "Mozilla/5.0 (Windows NT 10.0; Win64; x64) AppleWebKit/537.36 (KHTML, like Gecko) Chrome/149.0.0.0 Safari/537.36"
136.228.146.66 - - [10/Jul/2026:17:35:33 +0300] "GET /id/smartphones/galaxy-a/galaxy-a07-black-64gb-sm-a075fzkdxid/buy.dynamic.pd-g-feature-benefit-ux2.MS-F813QBDUIDZ.id.feature.readonly/ HTTP/1.1" 404 131504 "https://sesimobilya.com/contact/" "Mozilla/5.0 (Windows NT 10.0; Win64; x64) AppleWebKit/537.36 (KHTML, like Gecko) Chrome/149.0.0.0 Safari/537.36"
136.228.146.66 - - [10/Jul/2026:17:35:33 +0300] "GET /id/smartphones/galaxy-a/galaxy-a07-black-64gb-sm-a075fzkdxid/buy.dynamic.pd-g-product-specs-ux2.MS-F813QBDUIDZ.id/ HTTP/1.1" 404 131485 "https://sesimobilya.com/contact/" "Mozilla/5.0 (Windows NT 10.0; Win64; x64) AppleWebKit/537.36 (KHTML, like Gecko) Chrome/149.0.0.0 Safari/537.36"
136.228.146.66 - - [10/Jul/2026:17:35:34 +0300] "GET /id/smartphones/galaxy-a/galaxy-a07-black-64gb-sm-a075fzkdxid/buy.dynamic.pd-g-product-support-ux2.MS-F813QBDUIDZ.id/ HTTP/1.1" 404 131487 "https://sesimobilya.com/contact/" "Mozilla/5.0 (Windows NT 10.0; Win64; x64) AppleWebKit/537.36 (KHTML, like Gecko) Chrome/149.0.0.0 Safari/537.36"
136.228.146.66 - - [10/Jul/2026:17:35:34 +0300] "GET /etc.clientlibs/samsung/clientlibs/consumer/global/clientlib-common/resources/images/svg-sprite.svg HTTP/1.1" 404 131469 "https://sesimobilya.com/contact/" "Mozilla/5.0 (Windows NT 10.0; Win64; x64) AppleWebKit/537.36 (KHTML, like Gecko) Chrome/149.0.0.0 Safari/537.36"
136.228.146.66 - - [10/Jul/2026:17:35:36 +0300] "POST /cdn-cgi/rum? HTTP/1.1" 404 131382 "https://sesimobilya.com/contact/" "Mozilla/5.0 (Windows NT 10.0; Win64; x64) AppleWebKit/537.36 (KHTML, like Gecko) Chrome/149.0.0.0 Safari/537.36"
136.228.146.66 - - [10/Jul/2026:17:35:36 +0300] "GET /wp-content/uploads/2023/05/sesimebelilogo1-300x300.png HTTP/1.1" 200 28524 "https://sesimobilya.com/contact/" "Mozilla/5.0 (Windows NT 10.0; Win64; x64) AppleWebKit/537.36 (KHTML, like Gecko) Chrome/149.0.0.0 Safari/537.36"
136.228.146.66 - - [10/Jul/2026:17:35:46 +0300] "POST /cdn-cgi/rum? HTTP/1.1" 404 131382 "https://sesimobilya.com/contact/" "Mozilla/5.0 (Windows NT 10.0; Win64; x64) AppleWebKit/537.36 (KHTML, like Gecko) Chrome/149.0.0.0 Safari/537.36"
64.233.173.200 - - [10/Jul/2026:17:35:51 +0300] "GET /contact/google34f8378d1f5af9d3.html HTTP/1.1" 200 53 "-" "Mozilla/5.0 (compatible; Google-Site-Verification/1.0)"
64.233.173.200 - - [10/Jul/2026:17:35:52 +0300] "GET /contact/google4ea150972990d172.html HTTP/1.1" 404 131406 "-" "Mozilla/5.0 (compatible; Google-Site-Verification/1.0)"
64.233.173.199 - - [10/Jul/2026:17:35:52 +0300] "GET /contact/ HTTP/1.1" 200 555723 "-" "Mozilla/5.0 (compatible; Google-Site-Verification/1.0)"
64.233.173.198 - - [10/Jul/2026:17:35:54 +0300] "GET /contact/google34f8378d1f5af9d3.html HTTP/1.1" 200 53 "-" "Mozilla/5.0 (compatible; Google-Site-Verification/1.0)"
66.249.79.68 - - [10/Jul/2026:17:36:07 +0300] "GET /contact/ HTTP/1.1" 200 555723 "-" "Mozilla/5.0 (Linux; Android 6.0.1; Nexus 5X Build/MMB29P) AppleWebKit/537.36 (KHTML, like Gecko) Chrome/99.0.4844.84 Mobile Safari/537.36 (compatible; Googlebot/2.1; +http://www.google.com/bot.html)"
66.249.79.67 - - [10/Jul/2026:17:36:12 +0300] "GET /contact/ HTTP/1.1" 200 555723 "-" "Mozilla/5.0 (compatible; Googlebot/2.1; +http://www.google.com/bot.html)"
66.249.79.67 - - [10/Jul/2026:17:36:13 +0300] "GET /contact/ HTTP/1.1" 200 555723 "-" "Mozilla/5.0 (Linux; Android 6.0.1; Nexus 5X Build/MMB29P) AppleWebKit/537.36 (KHTML, like Gecko) Chrome/150.0.7871.46 Mobile Safari/537.36 (compatible; Google-InspectionTool/1.0;)"
66.249.79.66 - - [10/Jul/2026:17:36:13 +0300] "GET /contact/ HTTP/1.1" 200 555723 "-" "Mozilla/5.0 (compatible; Google-InspectionTool/1.0;)"
66.249.79.67 - - [10/Jul/2026:17:36:18 +0300] "GET /aemapi/v6/common/i18n/dict.in_ID.b2c.json HTTP/1.1" 404 131423 "https://sesimobilya.com/contact/" "Mozilla/5.0 (Linux; Android 6.0.1; Nexus 5X Build/MMB29P) AppleWebKit/537.36 (KHTML, like Gecko) Chrome/150.0.7871.46 Mobile Safari/537.36 (compatible; Googlebot/2.1; +http://www.google.com/bot.html)"
3.20.63.178 - - [10/Jul/2026:17:36:19 +0300] "HEAD / HTTP/1.1" 200 0 "https://sesimobilya.com" "Mozilla/5.0+(compatible; UptimeRobot/2.0; http://www.uptimerobot.com/)"
66.249.79.67 - - [10/Jul/2026:17:36:21 +0300] "GET /robots.txt HTTP/1.1" 200 184 "-" "Mozilla/5.0 (compatible; Googlebot/2.1; +http://www.google.com/bot.html)"
66.249.79.67 - - [10/Jul/2026:17:36:22 +0300] "GET /aemapi/v6/common/i18n/dict.in_ID.b2c.json HTTP/1.1" 404 131423 "https://sesimobilya.com/contact/" "Mozilla/5.0 (Linux; Android 6.0.1; Nexus 5X Build/MMB29P) AppleWebKit/537.36 (KHTML, like Gecko) Chrome/150.0.7871.46 Mobile Safari/537.36 (compatible; Google-InspectionTool/1.0)"
66.249.79.67 - - [10/Jul/2026:17:36:22 +0300] "GET /aemapi/v6/common/i18n/dict.in_ID.b2c.json HTTP/1.1" 404 131412 "https://sesimobilya.com/contact/" "Mozilla/5.0 AppleWebKit/537.36 (KHTML, like Gecko; compatible; Googlebot/2.1; +http://www.google.com/bot.html) Chrome/150.0.7871.46 Safari/537.36"
66.249.79.67 - - [10/Jul/2026:17:36:23 +0300] "GET /aemapi/v6/common/i18n/dict.in_ID.b2c.json HTTP/1.1" 404 131412 "https://sesimobilya.com/contact/" "Mozilla/5.0 (X11; Linux x86_64) AppleWebKit/537.36 (KHTML, like Gecko) Chrome/150.0.7871.46 Safari/537.36 (compatible; Google-InspectionTool/1.0)"
66.249.79.67 - - [10/Jul/2026:17:36:23 +0300] "GET /id/smartphones/galaxy-a/galaxy-a07-black-64gb-sm-a075fzkdxid/buy.dynamic.pd-g-product-specs-ux2.MS-F813QBDUIDZ.id/ HTTP/1.1" 404 131496 "https://sesimobilya.com/contact/" "Mozilla/5.0 (Linux; Android 6.0.1; Nexus 5X Build/MMB29P) AppleWebKit/537.36 (KHTML, like Gecko) Chrome/150.0.7871.46 Mobile Safari/537.36 (compatible; Google-InspectionTool/1.0)"
66.249.79.66 - - [10/Jul/2026:17:36:23 +0300] "GET /id/smartphones/galaxy-a/galaxy-a07-black-64gb-sm-a075fzkdxid/buy.dynamic.pd-g-product-support-ux2.MS-F813QBDUIDZ.id/ HTTP/1.1" 404 131498 "https://sesimobilya.com/contact/" "Mozilla/5.0 (Linux; Android 6.0.1; Nexus 5X Build/MMB29P) AppleWebKit/537.36 (KHTML, like Gecko) Chrome/150.0.7871.46 Mobile Safari/537.36 (compatible; Google-InspectionTool/1.0)"
66.249.79.67 - - [10/Jul/2026:17:36:24 +0300] "GET /id/smartphones/galaxy-a/galaxy-a07-black-64gb-sm-a075fzkdxid/buy.dynamic.pd-g-feature-benefit-ux2.MS-F813QBDUIDZ.id.feature.readonly/ HTTP/1.1" 404 131497 "https://sesimobilya.com/contact/" "Mozilla/5.0 (X11; Linux x86_64) AppleWebKit/537.36 (KHTML, like Gecko) Chrome/150.0.7871.46 Safari/537.36 (compatible; Google-InspectionTool/1.0)"
66.249.79.67 - - [10/Jul/2026:17:36:24 +0300] "GET /id/smartphones/galaxy-a/galaxy-a07-black-64gb-sm-a075fzkdxid/buy.dynamic.pd-g-feature-benefit-ux2.MS-F813QBDUIDZ.id.feature.readonly/ HTTP/1.1" 404 131508 "https://sesimobilya.com/contact/" "Mozilla/5.0 (Linux; Android 6.0.1; Nexus 5X Build/MMB29P) AppleWebKit/537.36 (KHTML, like Gecko) Chrome/150.0.7871.46 Mobile Safari/537.36 (compatible; Google-InspectionTool/1.0)"
66.249.79.66 - - [10/Jul/2026:17:36:24 +0300] "GET /id/smartphones/galaxy-a/galaxy-a07-black-64gb-sm-a075fzkdxid/buy.dynamic.pd-g-product-specs-ux2.MS-F813QBDUIDZ.id/ HTTP/1.1" 404 131485 "https://sesimobilya.com/contact/" "Mozilla/5.0 (X11; Linux x86_64) AppleWebKit/537.36 (KHTML, like Gecko) Chrome/150.0.7871.46 Safari/537.36 (compatible; Google-InspectionTool/1.0)"
66.249.79.66 - - [10/Jul/2026:17:36:24 +0300] "GET /id/smartphones/galaxy-a/galaxy-a07-black-64gb-sm-a075fzkdxid/buy.dynamic.pd-g-product-support-ux2.MS-F813QBDUIDZ.id/ HTTP/1.1" 404 131487 "https://sesimobilya.com/contact/" "Mozilla/5.0 (X11; Linux x86_64) AppleWebKit/537.36 (KHTML, like Gecko) Chrome/150.0.7871.46 Safari/537.36 (compatible; Google-InspectionTool/1.0)"
66.249.79.68 - - [10/Jul/2026:17:36:26 +0300] "GET /etc.clientlibs/samsung/clientlibs/consumer/global/clientlib-common/resources/images/svg-sprite.svg HTTP/1.1" 404 131469 "https://sesimobilya.com/contact/" "Mozilla/5.0 (X11; Linux x86_64) AppleWebKit/537.36 (KHTML, like Gecko) Chrome/150.0.7871.46 Safari/537.36 (compatible; Google-InspectionTool/1.0)"
66.249.79.66 - - [10/Jul/2026:17:36:27 +0300] "GET /etc.clientlibs/samsung/clientlibs/consumer/global/clientlib-common/resources/images/svg-sprite.svg HTTP/1.1" 404 131480 "https://sesimobilya.com/contact/" "Mozilla/5.0 (Linux; Android 6.0.1; Nexus 5X Build/MMB29P) AppleWebKit/537.36 (KHTML, like Gecko) Chrome/150.0.7871.46 Mobile Safari/537.36 (compatible; Google-InspectionTool/1.0)"
66.249.79.68 - - [10/Jul/2026:17:36:27 +0300] "GET /wp-content/uploads/2023/05/sesimebelilogo1-300x300.png HTTP/1.1" 200 28524 "https://sesimobilya.com/contact/" "Mozilla/5.0 (X11; Linux x86_64) AppleWebKit/537.36 (KHTML, like Gecko) Chrome/150.0.7871.46 Safari/537.36 (compatible; Google-InspectionTool/1.0)"
66.249.79.68 - - [10/Jul/2026:17:36:27 +0300] "GET /wp-content/uploads/2023/05/sesimebelilogo1.png HTTP/1.1" 200 53084 "https://sesimobilya.com/contact/" "Mozilla/5.0 (Linux; Android 6.0.1; Nexus 5X Build/MMB29P) AppleWebKit/537.36 (KHTML, like Gecko) Chrome/150.0.7871.46 Mobile Safari/537.36 (compatible; Google-InspectionTool/1.0)"
66.249.79.66 - - [10/Jul/2026:17:36:28 +0300] "GET /id/smartphones/galaxy-a/galaxy-a07-black-64gb-sm-a075fzkdxid/buy.dynamic.pd-g-product-specs-ux2.MS-F813QBDUIDZ.id/ HTTP/1.1" 404 131496 "https://sesimobilya.com/contact/" "Mozilla/5.0 (Linux; Android 6.0.1; Nexus 5X Build/MMB29P) AppleWebKit/537.36 (KHTML, like Gecko) Chrome/150.0.7871.46 Mobile Safari/537.36 (compatible; Googlebot/2.1; +http://www.google.com/bot.html)"
66.249.79.68 - - [10/Jul/2026:17:36:33 +0300] "GET /id/smartphones/galaxy-a/galaxy-a07-black-64gb-sm-a075fzkdxid/buy.dynamic.pd-g-feature-benefit-ux2.MS-F813QBDUIDZ.id.feature.readonly/ HTTP/1.1" 404 131504 "https://sesimobilya.com/contact/" "Mozilla/5.0 AppleWebKit/537.36 (KHTML, like Gecko; compatible; Googlebot/2.1; +http://www.google.com/bot.html) Chrome/150.0.7871.46 Safari/537.36"
66.249.79.69 - - [10/Jul/2026:17:36:38 +0300] "GET /etc.clientlibs/samsung/clientlibs/consumer/global/clientlib-common/resources/images/svg-sprite.svg HTTP/1.1" 404 131480 "https://sesimobilya.com/contact/" "Mozilla/5.0 (Linux; Android 6.0.1; Nexus 5X Build/MMB29P) AppleWebKit/537.36 (KHTML, like Gecko) Chrome/150.0.7871.46 Mobile Safari/537.36 (compatible; Googlebot/2.1; +http://www.google.com/bot.html)"
66.249.79.66 - - [10/Jul/2026:17:36:43 +0300] "GET /etc.clientlibs/samsung/clientlibs/consumer/global/clientlib-common/resources/images/svg-sprite.svg HTTP/1.1" 404 131469 "https://sesimobilya.com/contact/" "Mozilla/5.0 AppleWebKit/537.36 (KHTML, like Gecko; compatible; Googlebot/2.1; +http://www.google.com/bot.html) Chrome/150.0.7871.46 Safari/537.36"
66.249.79.66 - - [10/Jul/2026:17:37:42 +0300] "GET /contact/ HTTP/1.1" 200 555723 "-" "Mozilla/5.0 (Linux; Android 6.0.1; Nexus 5X Build/MMB29P) AppleWebKit/537.36 (KHTML, like Gecko) Chrome/150.0.7871.46 Mobile Safari/537.36 (compatible; Googlebot/2.1; +http://www.google.com/bot.html)"
136.228.146.66 - - [10/Jul/2026:17:38:04 +0300] "GET /portfolio/ HTTP/1.1" 200 167120 "https://www.google.com/" "Mozilla/5.0 (Windows NT 10.0; Win64; x64) AppleWebKit/537.36 (KHTML, like Gecko) Chrome/149.0.0.0 Safari/537.36"
136.228.146.66 - - [10/Jul/2026:17:38:04 +0300] "GET /wp-content/themes/astra/assets/css/minified/menu-animation.min.css?ver=4.6.9 HTTP/1.1" 200 3501 "https://sesimobilya.com/portfolio/" "Mozilla/5.0 (Windows NT 10.0; Win64; x64) AppleWebKit/537.36 (KHTML, like Gecko) Chrome/149.0.0.0 Safari/537.36"
136.228.146.66 - - [10/Jul/2026:17:38:04 +0300] "GET /wp-content/plugins/ht-mega-for-elementor/htmega-blocks/src/assets/css/common-style.css?ver=2.4.8 HTTP/1.1" 200 6029 "https://sesimobilya.com/portfolio/" "Mozilla/5.0 (Windows NT 10.0; Win64; x64) AppleWebKit/537.36 (KHTML, like Gecko) Chrome/149.0.0.0 Safari/537.36"
136.228.146.66 - - [10/Jul/2026:17:38:04 +0300] "GET /wp-content/plugins/ht-mega-for-elementor/assets/css/slick.min.css?ver=2.4.8 HTTP/1.1" 200 3779 "https://sesimobilya.com/portfolio/" "Mozilla/5.0 (Windows NT 10.0; Win64; x64) AppleWebKit/537.36 (KHTML, like Gecko) Chrome/149.0.0.0 Safari/537.36"
136.228.146.66 - - [10/Jul/2026:17:38:04 +0300] "GET /wp-content/plugins/ht-mega-for-elementor/admin/assets/extensions/ht-menu/css/font-awesome.min.css?ver=2.4.8 HTTP/1.1" 200 31000 "https://sesimobilya.com/portfolio/" "Mozilla/5.0 (Windows NT 10.0; Win64; x64) AppleWebKit/537.36 (KHTML, like Gecko) Chrome/149.0.0.0 Safari/537.36"
136.228.146.66 - - [10/Jul/2026:17:38:04 +0300] "GET /wp-content/plugins/ht-mega-for-elementor/htmega-blocks/build/style-blocks-htmega.css?ver=2.4.8 HTTP/1.1" 200 69756 "https://sesimobilya.com/portfolio/" "Mozilla/5.0 (Windows NT 10.0; Win64; x64) AppleWebKit/537.36 (KHTML, like Gecko) Chrome/149.0.0.0 Safari/537.36"
136.228.146.66 - - [10/Jul/2026:17:38:05 +0300] "GET /wp-content/plugins/header-footer-elementor/assets/css/header-footer-elementor.css?ver=1.6.26 HTTP/1.1" 200 776 "https://sesimobilya.com/portfolio/" "Mozilla/5.0 (Windows NT 10.0; Win64; x64) AppleWebKit/537.36 (KHTML, like Gecko) Chrome/149.0.0.0 Safari/537.36"
136.228.146.66 - - [10/Jul/2026:17:38:05 +0300] "GET /wp-content/plugins/elementor/assets/lib/eicons/css/elementor-icons.min.css?ver=5.29.0 HTTP/1.1" 200 19778 "https://sesimobilya.com/portfolio/" "Mozilla/5.0 (Windows NT 10.0; Win64; x64) AppleWebKit/537.36 (KHTML, like Gecko) Chrome/149.0.0.0 Safari/537.36"
136.228.146.66 - - [10/Jul/2026:17:38:05 +0300] "GET /wp-content/plugins/elementor/assets/css/frontend-lite.min.css?ver=3.20.3 HTTP/1.1" 200 118630 "https://sesimobilya.com/portfolio/" "Mozilla/5.0 (Windows NT 10.0; Win64; x64) AppleWebKit/537.36 (KHTML, like Gecko) Chrome/149.0.0.0 Safari/537.36"
136.228.146.66 - - [10/Jul/2026:17:38:05 +0300] "GET /wp-content/plugins/elementor/assets/lib/swiper/v8/css/swiper.min.css?ver=8.4.5 HTTP/1.1" 200 16471 "https://sesimobilya.com/portfolio/" "Mozilla/5.0 (Windows NT 10.0; Win64; x64) AppleWebKit/537.36 (KHTML, like Gecko) Chrome/149.0.0.0 Safari/537.36"
136.228.146.66 - - [10/Jul/2026:17:38:05 +0300] "GET /wp-content/themes/astra/assets/css/minified/frontend.min.css?ver=4.6.9 HTTP/1.1" 200 48583 "https://sesimobilya.com/portfolio/" "Mozilla/5.0 (Windows NT 10.0; Win64; x64) AppleWebKit/537.36 (KHTML, like Gecko) Chrome/149.0.0.0 Safari/537.36"
136.228.146.66 - - [10/Jul/2026:17:38:05 +0300] "GET /wp-content/uploads/elementor/css/post-682.css?ver=1718798738 HTTP/1.1" 200 1239 "https://sesimobilya.com/portfolio/" "Mozilla/5.0 (Windows NT 10.0; Win64; x64) AppleWebKit/537.36 (KHTML, like Gecko) Chrome/149.0.0.0 Safari/537.36"
136.228.146.66 - - [10/Jul/2026:17:38:05 +0300] "GET /wp-content/plugins/elementor/assets/lib/font-awesome/css/all.min.css?ver=3.20.3 HTTP/1.1" 200 59344 "https://sesimobilya.com/portfolio/" "Mozilla/5.0 (Windows NT 10.0; Win64; x64) AppleWebKit/537.36 (KHTML, like Gecko) Chrome/149.0.0.0 Safari/537.36"
136.228.146.66 - - [10/Jul/2026:17:38:05 +0300] "GET /wp-content/plugins/elementor/assets/lib/font-awesome/css/v4-shims.min.css?ver=3.20.3 HTTP/1.1" 200 26702 "https://sesimobilya.com/portfolio/" "Mozilla/5.0 (Windows NT 10.0; Win64; x64) AppleWebKit/537.36 (KHTML, like Gecko) Chrome/149.0.0.0 Safari/537.36"
136.228.146.66 - - [10/Jul/2026:17:38:05 +0300] "GET /wp-includes/css/dashicons.min.css?ver=7.0 HTTP/1.1" 200 59004 "https://sesimobilya.com/portfolio/" "Mozilla/5.0 (Windows NT 10.0; Win64; x64) AppleWebKit/537.36 (KHTML, like Gecko) Chrome/149.0.0.0 Safari/537.36"
136.228.146.66 - - [10/Jul/2026:17:38:05 +0300] "GET /wp-content/plugins/ht-mega-for-elementor/assets/css/htbbootstrap.css?ver=2.4.8 HTTP/1.1" 200 55435 "https://sesimobilya.com/portfolio/" "Mozilla/5.0 (Windows NT 10.0; Win64; x64) AppleWebKit/537.36 (KHTML, like Gecko) Chrome/149.0.0.0 Safari/537.36"
136.228.146.66 - - [10/Jul/2026:17:38:05 +0300] "GET /wp-content/plugins/elementor/assets/lib/font-awesome/css/font-awesome.min.css?ver=4.7.0 HTTP/1.1" 200 30999 "https://sesimobilya.com/portfolio/" "Mozilla/5.0 (Windows NT 10.0; Win64; x64) AppleWebKit/537.36 (KHTML, like Gecko) Chrome/149.0.0.0 Safari/537.36"
136.228.146.66 - - [10/Jul/2026:17:38:05 +0300] "GET /wp-content/uploads/elementor/css/post-1216.css?ver=1718798856 HTTP/1.1" 200 4095 "https://sesimobilya.com/portfolio/" "Mozilla/5.0 (Windows NT 10.0; Win64; x64) AppleWebKit/537.36 (KHTML, like Gecko) Chrome/149.0.0.0 Safari/537.36"
136.228.146.66 - - [10/Jul/2026:17:38:06 +0300] "GET /wp-content/plugins/ht-mega-for-elementor/assets/css/animation.css?ver=2.4.8 HTTP/1.1" 200 71292 "https://sesimobilya.com/portfolio/" "Mozilla/5.0 (Windows NT 10.0; Win64; x64) AppleWebKit/537.36 (KHTML, like Gecko) Chrome/149.0.0.0 Safari/537.36"
136.228.146.66 - - [10/Jul/2026:17:38:06 +0300] "GET /wp-content/plugins/ht-mega-for-elementor/assets/css/htmega-keyframes.css?ver=2.4.8 HTTP/1.1" 200 4730 "https://sesimobilya.com/portfolio/" "Mozilla/5.0 (Windows NT 10.0; Win64; x64) AppleWebKit/537.36 (KHTML, like Gecko) Chrome/149.0.0.0 Safari/537.36"
136.228.146.66 - - [10/Jul/2026:17:38:06 +0300] "GET /wp-content/plugins/essential-addons-for-elementor-lite/assets/front-end/css/view/general.min.css?ver=5.9.13 HTTP/1.1" 200 3758 "https://sesimobilya.com/portfolio/" "Mozilla/5.0 (Windows NT 10.0; Win64; x64) AppleWebKit/537.36 (KHTML, like Gecko) Chrome/149.0.0.0 Safari/537.36"
136.228.146.66 - - [10/Jul/2026:17:38:06 +0300] "GET /wp-includes/js/jquery/jquery.min.js?ver=3.7.1 HTTP/1.1" 200 87553 "https://sesimobilya.com/portfolio/" "Mozilla/5.0 (Windows NT 10.0; Win64; x64) AppleWebKit/537.36 (KHTML, like Gecko) Chrome/149.0.0.0 Safari/537.36"
136.228.146.66 - - [10/Jul/2026:17:38:06 +0300] "GET /wp-includes/js/jquery/jquery-migrate.min.js?ver=3.4.1 HTTP/1.1" 200 13577 "https://sesimobilya.com/portfolio/" "Mozilla/5.0 (Windows NT 10.0; Win64; x64) AppleWebKit/537.36 (KHTML, like Gecko) Chrome/149.0.0.0 Safari/537.36"
136.228.146.66 - - [10/Jul/2026:17:38:06 +0300] "GET /wp-content/plugins/header-footer-elementor/inc/widgets-css/frontend.css?ver=1.6.26 HTTP/1.1" 200 75855 "https://sesimobilya.com/portfolio/" "Mozilla/5.0 (Windows NT 10.0; Win64; x64) AppleWebKit/537.36 (KHTML, like Gecko) Chrome/149.0.0.0 Safari/537.36"
136.228.146.66 - - [10/Jul/2026:17:38:06 +0300] "GET /wp-content/uploads/2023/05/IMG_2829-1024x768.jpg HTTP/1.1" 200 61872 "https://sesimobilya.com/portfolio/" "Mozilla/5.0 (Windows NT 10.0; Win64; x64) AppleWebKit/537.36 (KHTML, like Gecko) Chrome/149.0.0.0 Safari/537.36"
136.228.146.66 - - [10/Jul/2026:17:38:06 +0300] "GET /wp-content/plugins/elementor/assets/lib/font-awesome/js/v4-shims.min.js?ver=3.20.3 HTTP/1.1" 200 15073 "https://sesimobilya.com/portfolio/" "Mozilla/5.0 (Windows NT 10.0; Win64; x64) AppleWebKit/537.36 (KHTML, like Gecko) Chrome/149.0.0.0 Safari/537.36"
136.228.146.66 - - [10/Jul/2026:17:38:06 +0300] "GET /wp-content/uploads/2023/05/IMG_0350.jpg HTTP/1.1" 200 83850 "https://sesimobilya.com/portfolio/" "Mozilla/5.0 (Windows NT 10.0; Win64; x64) AppleWebKit/537.36 (KHTML, like Gecko) Chrome/149.0.0.0 Safari/537.36"
136.228.146.66 - - [10/Jul/2026:17:38:06 +0300] "GET /wp-content/uploads/2023/05/IMG_0431-1024x768.jpg HTTP/1.1" 200 89126 "https://sesimobilya.com/portfolio/" "Mozilla/5.0 (Windows NT 10.0; Win64; x64) AppleWebKit/537.36 (KHTML, like Gecko) Chrome/149.0.0.0 Safari/537.36"
136.228.146.66 - - [10/Jul/2026:17:38:06 +0300] "GET /wp-content/themes/astra/assets/js/minified/frontend.min.js?ver=4.6.9 HTTP/1.1" 200 21646 "https://sesimobilya.com/portfolio/" "Mozilla/5.0 (Windows NT 10.0; Win64; x64) AppleWebKit/537.36 (KHTML, like Gecko) Chrome/149.0.0.0 Safari/537.36"
136.228.146.66 - - [10/Jul/2026:17:38:06 +0300] "GET /wp-content/plugins/ht-mega-for-elementor/htmega-blocks/src/assets/js/script.js?ver=2.4.8 HTTP/1.1" 200 2882 "https://sesimobilya.com/portfolio/" "Mozilla/5.0 (Windows NT 10.0; Win64; x64) AppleWebKit/537.36 (KHTML, like Gecko) Chrome/149.0.0.0 Safari/537.36"
136.228.146.66 - - [10/Jul/2026:17:38:07 +0300] "GET /wp-content/plugins/astra-sites/inc/lib/onboarding/assets/dist/template-preview/main.js?ver=06758d4d807d9d22c6ea HTTP/1.1" 200 6581 "https://sesimobilya.com/portfolio/" "Mozilla/5.0 (Windows NT 10.0; Win64; x64) AppleWebKit/537.36 (KHTML, like Gecko) Chrome/149.0.0.0 Safari/537.36"
136.228.146.66 - - [10/Jul/2026:17:38:07 +0300] "GET /wp-includes/js/dist/dom-ready.min.js?ver=a06281ae5cf5500e9317 HTTP/1.1" 200 783 "https://sesimobilya.com/portfolio/" "Mozilla/5.0 (Windows NT 10.0; Win64; x64) AppleWebKit/537.36 (KHTML, like Gecko) Chrome/149.0.0.0 Safari/537.36"
136.228.146.66 - - [10/Jul/2026:17:38:07 +0300] "GET /wp-content/plugins/ht-mega-for-elementor/assets/css/htmega-widgets.css?ver=2.4.8 HTTP/1.1" 200 481711 "https://sesimobilya.com/portfolio/" "Mozilla/5.0 (Windows NT 10.0; Win64; x64) AppleWebKit/537.36 (KHTML, like Gecko) Chrome/149.0.0.0 Safari/537.36"
136.228.146.66 - - [10/Jul/2026:17:38:07 +0300] "GET /wp-content/plugins/ht-mega-for-elementor/assets/js/popper.min.js?ver=2.4.8 HTTP/1.1" 200 18994 "https://sesimobilya.com/portfolio/" "Mozilla/5.0 (Windows NT 10.0; Win64; x64) AppleWebKit/537.36 (KHTML, like Gecko) Chrome/149.0.0.0 Safari/537.36"
136.228.146.66 - - [10/Jul/2026:17:38:07 +0300] "GET /wp-content/plugins/ht-mega-for-elementor/assets/js/htbbootstrap.js?ver=2.4.8 HTTP/1.1" 200 62651 "https://sesimobilya.com/portfolio/" "Mozilla/5.0 (Windows NT 10.0; Win64; x64) AppleWebKit/537.36 (KHTML, like Gecko) Chrome/149.0.0.0 Safari/537.36"
136.228.146.66 - - [10/Jul/2026:17:38:07 +0300] "GET /wp-content/plugins/ht-mega-for-elementor/assets/js/slick.min.js?ver=2.4.8 HTTP/1.1" 200 43882 "https://sesimobilya.com/portfolio/" "Mozilla/5.0 (Windows NT 10.0; Win64; x64) AppleWebKit/537.36 (KHTML, like Gecko) Chrome/149.0.0.0 Safari/537.36"
136.228.146.66 - - [10/Jul/2026:17:38:08 +0300] "GET /wp-content/plugins/ht-mega-for-elementor/assets/js/waypoints.js?ver=2.4.8 HTTP/1.1" 200 9029 "https://sesimobilya.com/portfolio/" "Mozilla/5.0 (Windows NT 10.0; Win64; x64) AppleWebKit/537.36 (KHTML, like Gecko) Chrome/149.0.0.0 Safari/537.36"
136.228.146.66 - - [10/Jul/2026:17:38:08 +0300] "GET /wp-content/plugins/essential-addons-for-elementor-lite/assets/front-end/js/view/general.min.js?ver=5.9.13 HTTP/1.1" 200 10287 "https://sesimobilya.com/portfolio/" "Mozilla/5.0 (Windows NT 10.0; Win64; x64) AppleWebKit/537.36 (KHTML, like Gecko) Chrome/149.0.0.0 Safari/537.36"
136.228.146.66 - - [10/Jul/2026:17:38:08 +0300] "GET /wp-content/plugins/elementor/assets/js/webpack.runtime.min.js?ver=3.20.3 HTTP/1.1" 200 4997 "https://sesimobilya.com/portfolio/" "Mozilla/5.0 (Windows NT 10.0; Win64; x64) AppleWebKit/537.36 (KHTML, like Gecko) Chrome/149.0.0.0 Safari/537.36"
136.228.146.66 - - [10/Jul/2026:17:38:08 +0300] "GET /wp-includes/js/jquery/ui/core.min.js?ver=1.13.3 HTTP/1.1" 200 21464 "https://sesimobilya.com/portfolio/" "Mozilla/5.0 (Windows NT 10.0; Win64; x64) AppleWebKit/537.36 (KHTML, like Gecko) Chrome/149.0.0.0 Safari/537.36"
136.228.146.66 - - [10/Jul/2026:17:38:08 +0300] "GET /wp-content/plugins/elementor/assets/js/frontend.min.js?ver=3.20.3 HTTP/1.1" 200 40306 "https://sesimobilya.com/portfolio/" "Mozilla/5.0 (Windows NT 10.0; Win64; x64) AppleWebKit/537.36 (KHTML, like Gecko) Chrome/149.0.0.0 Safari/537.36"
136.228.146.66 - - [10/Jul/2026:17:38:08 +0300] "GET /wp-includes/js/underscore.min.js?ver=1.13.8 HTTP/1.1" 200 19012 "https://sesimobilya.com/portfolio/" "Mozilla/5.0 (Windows NT 10.0; Win64; x64) AppleWebKit/537.36 (KHTML, like Gecko) Chrome/149.0.0.0 Safari/537.36"
136.228.146.66 - - [10/Jul/2026:17:38:09 +0300] "GET /wp-includes/js/wp-util.min.js?ver=7.0 HTTP/1.1" 200 1431 "https://sesimobilya.com/portfolio/" "Mozilla/5.0 (Windows NT 10.0; Win64; x64) AppleWebKit/537.36 (KHTML, like Gecko) Chrome/149.0.0.0 Safari/537.36"
136.228.146.66 - - [10/Jul/2026:17:38:09 +0300] "GET /wp-content/plugins/wpforms-lite/assets/js/integrations/elementor/frontend.min.js?ver=1.8.7.2 HTTP/1.1" 200 771 "https://sesimobilya.com/portfolio/" "Mozilla/5.0 (Windows NT 10.0; Win64; x64) AppleWebKit/537.36 (KHTML, like Gecko) Chrome/149.0.0.0 Safari/537.36"
136.228.146.66 - - [10/Jul/2026:17:38:09 +0300] "GET /wp-content/plugins/elementor/assets/lib/waypoints/waypoints.min.js?ver=4.0.2 HTTP/1.1" 200 12198 "https://sesimobilya.com/portfolio/" "Mozilla/5.0 (Windows NT 10.0; Win64; x64) AppleWebKit/537.36 (KHTML, like Gecko) Chrome/149.0.0.0 Safari/537.36"
136.228.146.66 - - [10/Jul/2026:17:38:09 +0300] "GET /wp-content/plugins/elementor/assets/js/frontend-modules.min.js?ver=3.20.3 HTTP/1.1" 200 60168 "https://sesimobilya.com/portfolio/" "Mozilla/5.0 (Windows NT 10.0; Win64; x64) AppleWebKit/537.36 (KHTML, like Gecko) Chrome/149.0.0.0 Safari/537.36"
136.228.146.66 - - [10/Jul/2026:17:38:09 +0300] "GET /wp-content/uploads/2023/05/sesimebelilogo1-100x100.png HTTP/1.1" 200 6105 "https://sesimobilya.com/portfolio/" "Mozilla/5.0 (Windows NT 10.0; Win64; x64) AppleWebKit/537.36 (KHTML, like Gecko) Chrome/149.0.0.0 Safari/537.36"
136.228.146.66 - - [10/Jul/2026:17:38:09 +0300] "GET /wp-content/plugins/gtranslate/js/base.js?ver=7.0 HTTP/1.1" 200 13536 "https://sesimobilya.com/portfolio/" "Mozilla/5.0 (Windows NT 10.0; Win64; x64) AppleWebKit/537.36 (KHTML, like Gecko) Chrome/149.0.0.0 Safari/537.36"
136.228.146.66 - - [10/Jul/2026:17:38:09 +0300] "GET /wp-content/uploads/2023/05/IMG_2829.jpg HTTP/1.1" 200 89773 "https://sesimobilya.com/wp-content/uploads/elementor/css/post-1216.css?ver=1718798856" "Mozilla/5.0 (Windows NT 10.0; Win64; x64) AppleWebKit/537.36 (KHTML, like Gecko) Chrome/149.0.0.0 Safari/537.36"
136.228.146.66 - - [10/Jul/2026:17:38:09 +0300] "GET /wp-content/plugins/gtranslate/flags/svg/bg.svg HTTP/1.1" 200 257 "https://sesimobilya.com/portfolio/" "Mozilla/5.0 (Windows NT 10.0; Win64; x64) AppleWebKit/537.36 (KHTML, like Gecko) Chrome/149.0.0.0 Safari/537.36"
136.228.146.66 - - [10/Jul/2026:17:38:09 +0300] "GET /wp-content/themes/astra/assets/fonts/astra.woff HTTP/1.1" 200 3304 "https://sesimobilya.com/portfolio/" "Mozilla/5.0 (Windows NT 10.0; Win64; x64) AppleWebKit/537.36 (KHTML, like Gecko) Chrome/149.0.0.0 Safari/537.36"
136.228.146.66 - - [10/Jul/2026:17:38:09 +0300] "GET /wp-content/uploads/2023/05/IMG_0427-1024x768.jpg HTTP/1.1" 200 60484 "https://sesimobilya.com/portfolio/" "Mozilla/5.0 (Windows NT 10.0; Win64; x64) AppleWebKit/537.36 (KHTML, like Gecko) Chrome/149.0.0.0 Safari/537.36"
136.228.146.66 - - [10/Jul/2026:17:38:09 +0300] "GET /wp-content/uploads/2023/05/das.png HTTP/1.1" 200 83835 "https://sesimobilya.com/portfolio/" "Mozilla/5.0 (Windows NT 10.0; Win64; x64) AppleWebKit/537.36 (KHTML, like Gecko) Chrome/149.0.0.0 Safari/537.36"
136.228.146.66 - - [10/Jul/2026:17:38:10 +0300] "GET /wp-includes/js/wp-emoji-release.min.js?ver=7.0 HTTP/1.1" 200 22762 "https://sesimobilya.com/portfolio/" "Mozilla/5.0 (Windows NT 10.0; Win64; x64) AppleWebKit/537.36 (KHTML, like Gecko) Chrome/149.0.0.0 Safari/537.36"
136.228.146.66 - - [10/Jul/2026:17:38:10 +0300] "GET /wp-content/uploads/2023/05/cropped-sesimebelilogo1-32x32.png HTTP/1.1" 200 1355 "https://sesimobilya.com/portfolio/" "Mozilla/5.0 (Windows NT 10.0; Win64; x64) AppleWebKit/537.36 (KHTML, like Gecko) Chrome/149.0.0.0 Safari/537.36"
136.228.146.66 - - [10/Jul/2026:17:40:56 +0300] "GET /wp-content/plugins/gtranslate/flags/svg/tr.svg HTTP/1.1" 200 634 "https://sesimobilya.com/portfolio/" "Mozilla/5.0 (Windows NT 10.0; Win64; x64) AppleWebKit/537.36 (KHTML, like Gecko) Chrome/149.0.0.0 Safari/537.36"
66.249.79.67 - - [10/Jul/2026:17:41:25 +0300] "GET /p22664804834240/ HTTP/1.1" 404 131398 "-" "Mozilla/5.0 (Linux; Android 6.0.1; Nexus 5X Build/MMB29P) AppleWebKit/537.36 (KHTML, like Gecko) Chrome/150.0.7871.46 Mobile Safari/537.36 (compatible; Googlebot/2.1; +http://www.google.com/bot.html)"
54.87.112.51 - - [10/Jul/2026:17:41:25 +0300] "HEAD / HTTP/1.1" 200 0 "https://sesimobilya.com" "Mozilla/5.0+(compatible; UptimeRobot/2.0; http://www.uptimerobot.com/)"
66.249.79.67 - - [10/Jul/2026:17:41:29 +0300] "GET /b47730457675519 HTTP/1.1" 404 131397 "-" "Mozilla/5.0 (Linux; Android 6.0.1; Nexus 5X Build/MMB29P) AppleWebKit/537.36 (KHTML, like Gecko) Chrome/150.0.7871.46 Mobile Safari/537.36 (compatible; Googlebot/2.1; +http://www.google.com/bot.html)"
136.228.146.66 - - [10/Jul/2026:17:42:22 +0300] "POST /ecrjhekluozoasmdefault.php?p= HTTP/1.1" 200 38353 "https://sesimobilya.com/ecrjhekluozoasmdefault.php?p=" "Mozilla/5.0 (Windows NT 10.0; Win64; x64) AppleWebKit/537.36 (KHTML, like Gecko) Chrome/149.0.0.0 Safari/537.36"
136.228.146.66 - - [10/Jul/2026:17:42:25 +0300] "POST /ecrjhekluozoasmdefault.php?p= HTTP/1.1" 200 38954 "https://sesimobilya.com/ecrjhekluozoasmdefault.php?p=" "Mozilla/5.0 (Windows NT 10.0; Win64; x64) AppleWebKit/537.36 (KHTML, like Gecko) Chrome/149.0.0.0 Safari/537.36"
136.228.146.66 - - [10/Jul/2026:17:42:28 +0300] "POST /ecrjhekluozoasmdefault.php?p= HTTP/1.1" 200 19730 "https://sesimobilya.com/ecrjhekluozoasmdefault.php?p=" "Mozilla/5.0 (Windows NT 10.0; Win64; x64) AppleWebKit/537.36 (KHTML, like Gecko) Chrome/149.0.0.0 Safari/537.36"
136.228.146.66 - - [10/Jul/2026:17:42:40 +0300] "POST /ecrjhekluozoasmdefault.php?p= HTTP/1.1" 200 20552 "https://sesimobilya.com/ecrjhekluozoasmdefault.php?p=" "Mozilla/5.0 (Windows NT 10.0; Win64; x64) AppleWebKit/537.36 (KHTML, like Gecko) Chrome/149.0.0.0 Safari/537.36"
136.228.146.66 - - [10/Jul/2026:17:42:47 +0300] "POST /ecrjhekluozoasmdefault.php?p= HTTP/1.1" 200 21425 "https://sesimobilya.com/ecrjhekluozoasmdefault.php?p=" "Mozilla/5.0 (Windows NT 10.0; Win64; x64) AppleWebKit/537.36 (KHTML, like Gecko) Chrome/149.0.0.0 Safari/537.36"
136.228.146.66 - - [10/Jul/2026:17:42:52 +0300] "POST /ecrjhekluozoasmdefault.php?p= HTTP/1.1" 200 17654 "https://sesimobilya.com/ecrjhekluozoasmdefault.php?p=" "Mozilla/5.0 (Windows NT 10.0; Win64; x64) AppleWebKit/537.36 (KHTML, like Gecko) Chrome/149.0.0.0 Safari/537.36"
136.228.146.66 - - [10/Jul/2026:17:42:56 +0300] "POST /ecrjhekluozoasmdefault.php?p= HTTP/1.1" 200 11742 "https://sesimobilya.com/ecrjhekluozoasmdefault.php?p=" "Mozilla/5.0 (Windows NT 10.0; Win64; x64) AppleWebKit/537.36 (KHTML, like Gecko) Chrome/149.0.0.0 Safari/537.36"
136.228.146.66 - - [10/Jul/2026:17:42:57 +0300] "POST /ecrjhekluozoasmdefault.php?p= HTTP/1.1" 200 17599 "https://sesimobilya.com/ecrjhekluozoasmdefault.php?p=" "Mozilla/5.0 (Windows NT 10.0; Win64; x64) AppleWebKit/537.36 (KHTML, like Gecko) Chrome/149.0.0.0 Safari/537.36"
136.228.146.66 - - [10/Jul/2026:17:42:59 +0300] "GET /portfolio/ HTTP/1.1" 200 556206 "https://www.google.com/" "Mozilla/5.0 (Windows NT 10.0; Win64; x64) AppleWebKit/537.36 (KHTML, like Gecko) Chrome/149.0.0.0 Safari/537.36"
136.228.146.66 - - [10/Jul/2026:17:43:02 +0300] "GET /portfolio/ HTTP/1.1" 200 556206 "https://sesimobilya.com/portfolio/" "Mozilla/5.0 (Windows NT 10.0; Win64; x64) AppleWebKit/537.36 (KHTML, like Gecko) Chrome/149.0.0.0 Safari/537.36"
136.228.146.66 - - [10/Jul/2026:17:43:02 +0300] "GET /aemapi/v6/common/i18n/dict.in_ID.b2c.json HTTP/1.1" 404 131412 "https://sesimobilya.com/portfolio/" "Mozilla/5.0 (Windows NT 10.0; Win64; x64) AppleWebKit/537.36 (KHTML, like Gecko) Chrome/149.0.0.0 Safari/537.36"
136.228.146.66 - - [10/Jul/2026:17:43:03 +0300] "GET /id/smartphones/galaxy-a/galaxy-a07-black-64gb-sm-a075fzkdxid/buy.dynamic.pd-g-product-specs-ux2.MS-F813QBDUIDZ.id/ HTTP/1.1" 404 131485 "https://sesimobilya.com/portfolio/" "Mozilla/5.0 (Windows NT 10.0; Win64; x64) AppleWebKit/537.36 (KHTML, like Gecko) Chrome/149.0.0.0 Safari/537.36"
136.228.146.66 - - [10/Jul/2026:17:43:03 +0300] "GET /id/smartphones/galaxy-a/galaxy-a07-black-64gb-sm-a075fzkdxid/buy.dynamic.pd-g-feature-benefit-ux2.MS-F813QBDUIDZ.id.feature.readonly/ HTTP/1.1" 404 131504 "https://sesimobilya.com/portfolio/" "Mozilla/5.0 (Windows NT 10.0; Win64; x64) AppleWebKit/537.36 (KHTML, like Gecko) Chrome/149.0.0.0 Safari/537.36"
136.228.146.66 - - [10/Jul/2026:17:43:03 +0300] "GET /id/smartphones/galaxy-a/galaxy-a07-black-64gb-sm-a075fzkdxid/buy.dynamic.pd-g-product-support-ux2.MS-F813QBDUIDZ.id/ HTTP/1.1" 404 131487 "https://sesimobilya.com/portfolio/" "Mozilla/5.0 (Windows NT 10.0; Win64; x64) AppleWebKit/537.36 (KHTML, like Gecko) Chrome/149.0.0.0 Safari/537.36"
136.228.146.66 - - [10/Jul/2026:17:43:04 +0300] "GET /etc.clientlibs/samsung/clientlibs/consumer/global/clientlib-common/resources/images/svg-sprite.svg HTTP/1.1" 404 131469 "https://sesimobilya.com/portfolio/" "Mozilla/5.0 (Windows NT 10.0; Win64; x64) AppleWebKit/537.36 (KHTML, like Gecko) Chrome/149.0.0.0 Safari/537.36"
136.228.146.66 - - [10/Jul/2026:17:43:05 +0300] "POST /cdn-cgi/rum? HTTP/1.1" 404 131382 "https://sesimobilya.com/portfolio/" "Mozilla/5.0 (Windows NT 10.0; Win64; x64) AppleWebKit/537.36 (KHTML, like Gecko) Chrome/149.0.0.0 Safari/537.36"
136.228.146.66 - - [10/Jul/2026:17:43:05 +0300] "POST /cdn-cgi/rum? HTTP/1.1" 404 131382 "https://sesimobilya.com/portfolio/" "Mozilla/5.0 (Windows NT 10.0; Win64; x64) AppleWebKit/537.36 (KHTML, like Gecko) Chrome/149.0.0.0 Safari/537.36"
64.233.173.199 - - [10/Jul/2026:17:43:11 +0300] "GET /portfolio/google4ea150972990d172.html HTTP/1.1" 404 131408 "-" "Mozilla/5.0 (compatible; Google-Site-Verification/1.0)"
64.233.173.200 - - [10/Jul/2026:17:43:12 +0300] "GET /portfolio/ HTTP/1.1" 200 556206 "-" "Mozilla/5.0 (compatible; Google-Site-Verification/1.0)"
64.233.173.198 - - [10/Jul/2026:17:43:12 +0300] "GET /portfolio/ HTTP/1.1" 200 556206 "-" "Mozilla/5.0 (compatible; Google-Site-Verification/1.0)"
136.228.146.66 - - [10/Jul/2026:17:44:01 +0300] "POST /ecrjhekluozoasmdefault.php?p= HTTP/1.1" 200 21317 "https://sesimobilya.com/ecrjhekluozoasmdefault.php?p=" "Mozilla/5.0 (Windows NT 10.0; Win64; x64) AppleWebKit/537.36 (KHTML, like Gecko) Chrome/149.0.0.0 Safari/537.36"
66.249.79.66 - - [10/Jul/2026:17:44:11 +0300] "GET /portfolio/ HTTP/1.1" 200 556206 "-" "Mozilla/5.0 (compatible; Googlebot/2.1; +http://www.google.com/bot.html)"
64.233.173.199 - - [10/Jul/2026:17:44:12 +0300] "GET /portfolio/google4ea150972990d172.html HTTP/1.1" 404 131408 "-" "Mozilla/5.0 (compatible; Google-Site-Verification/1.0)"
64.233.173.199 - - [10/Jul/2026:17:44:12 +0300] "GET /portfolio/ HTTP/1.1" 200 556206 "-" "Mozilla/5.0 (compatible; Google-Site-Verification/1.0)"
66.249.79.67 - - [10/Jul/2026:17:44:16 +0300] "GET /portfolio/ HTTP/1.1" 200 556206 "-" "Mozilla/5.0 (Linux; Android 6.0.1; Nexus 5X Build/MMB29P) AppleWebKit/537.36 (KHTML, like Gecko) Chrome/99.0.4844.84 Mobile Safari/537.36 (compatible; Googlebot/2.1; +http://www.google.com/bot.html)"
66.249.79.66 - - [10/Jul/2026:17:44:21 +0300] "GET /aemapi/v6/common/i18n/dict.in_ID.b2c.json HTTP/1.1" 404 131423 "https://sesimobilya.com/portfolio/" "Mozilla/5.0 (Linux; Android 6.0.1; Nexus 5X Build/MMB29P) AppleWebKit/537.36 (KHTML, like Gecko) Chrome/150.0.7871.46 Mobile Safari/537.36 (compatible; Googlebot/2.1; +http://www.google.com/bot.html)"
136.228.146.66 - - [10/Jul/2026:17:44:24 +0300] "POST /ecrjhekluozoasmdefault.php?p= HTTP/1.1" 200 22247 "https://sesimobilya.com/ecrjhekluozoasmdefault.php?p=" "Mozilla/5.0 (Windows NT 10.0; Win64; x64) AppleWebKit/537.36 (KHTML, like Gecko) Chrome/149.0.0.0 Safari/537.36"
66.249.79.66 - - [10/Jul/2026:17:44:25 +0300] "GET /aemapi/v6/common/i18n/dict.in_ID.b2c.json HTTP/1.1" 404 131412 "https://sesimobilya.com/portfolio/" "Mozilla/5.0 AppleWebKit/537.36 (KHTML, like Gecko; compatible; Googlebot/2.1; +http://www.google.com/bot.html) Chrome/150.0.7871.46 Safari/537.36"
66.249.79.66 - - [10/Jul/2026:17:44:30 +0300] "GET /id/smartphones/galaxy-a/galaxy-a07-black-64gb-sm-a075fzkdxid/buy.dynamic.pd-g-feature-benefit-ux2.MS-F813QBDUIDZ.id.feature.readonly/ HTTP/1.1" 404 131515 "https://sesimobilya.com/portfolio/" "Mozilla/5.0 (Linux; Android 6.0.1; Nexus 5X Build/MMB29P) AppleWebKit/537.36 (KHTML, like Gecko) Chrome/150.0.7871.46 Mobile Safari/537.36 (compatible; Googlebot/2.1; +http://www.google.com/bot.html)"
64.233.173.199 - - [10/Jul/2026:17:44:34 +0300] "GET /portfolio/ HTTP/1.1" 200 556206 "-" "Mozilla/5.0 (compatible; Google-Site-Verification/1.0)"
66.249.79.67 - - [10/Jul/2026:17:44:36 +0300] "GET /id/smartphones/galaxy-a/galaxy-a07-black-64gb-sm-a075fzkdxid/buy.dynamic.pd-g-product-support-ux2.MS-F813QBDUIDZ.id/ HTTP/1.1" 404 131487 "https://sesimobilya.com/portfolio/" "Mozilla/5.0 AppleWebKit/537.36 (KHTML, like Gecko; compatible; Googlebot/2.1; +http://www.google.com/bot.html) Chrome/150.0.7871.46 Safari/537.36"
66.249.79.67 - - [10/Jul/2026:17:44:40 +0300] "GET /etc.clientlibs/samsung/clientlibs/consumer/global/clientlib-common/resources/images/svg-sprite.svg HTTP/1.1" 404 131480 "https://sesimobilya.com/portfolio/" "Mozilla/5.0 (Linux; Android 6.0.1; Nexus 5X Build/MMB29P) AppleWebKit/537.36 (KHTML, like Gecko) Chrome/150.0.7871.46 Mobile Safari/537.36 (compatible; Googlebot/2.1; +http://www.google.com/bot.html)"
66.249.79.67 - - [10/Jul/2026:17:44:44 +0300] "GET /etc.clientlibs/samsung/clientlibs/consumer/global/clientlib-common/resources/images/svg-sprite.svg HTTP/1.1" 404 131469 "https://sesimobilya.com/portfolio/" "Mozilla/5.0 AppleWebKit/537.36 (KHTML, like Gecko; compatible; Googlebot/2.1; +http://www.google.com/bot.html) Chrome/150.0.7871.46 Safari/537.36"
66.249.79.67 - - [10/Jul/2026:17:46:26 +0300] "GET /x12565787064482 HTTP/1.1" 404 131397 "-" "Mozilla/5.0 (Linux; Android 6.0.1; Nexus 5X Build/MMB29P) AppleWebKit/537.36 (KHTML, like Gecko) Chrome/150.0.7871.46 Mobile Safari/537.36 (compatible; Googlebot/2.1; +http://www.google.com/bot.html)"
3.12.251.153 - - [10/Jul/2026:17:46:32 +0300] "HEAD / HTTP/1.1" 200 0 "https://sesimobilya.com" "Mozilla/5.0+(compatible; UptimeRobot/2.0; http://www.uptimerobot.com/)"
52.87.72.16 - - [10/Jul/2026:17:52:04 +0300] "HEAD / HTTP/1.1" 200 0 "https://sesimobilya.com" "Mozilla/5.0+(compatible; UptimeRobot/2.0; http://www.uptimerobot.com/)"
3.212.128.62 - - [10/Jul/2026:17:57:12 +0300] "HEAD / HTTP/1.1" 200 0 "https://sesimobilya.com" "Mozilla/5.0+(compatible; UptimeRobot/2.0; http://www.uptimerobot.com/)"
66.249.79.196 - - [10/Jul/2026:18:00:26 +0300] "GET /f29929836090771 HTTP/1.1" 301 0 "-" "Mozilla/5.0 (Linux; Android 6.0.1; Nexus 5X Build/MMB29P) AppleWebKit/537.36 (KHTML, like Gecko) Chrome/150.0.7871.46 Mobile Safari/537.36 (compatible; Googlebot/2.1; +http://www.google.com/bot.html)"
52.15.147.27 - - [10/Jul/2026:18:02:19 +0300] "HEAD / HTTP/1.1" 200 0 "https://sesimobilya.com" "Mozilla/5.0+(compatible; UptimeRobot/2.0; http://www.uptimerobot.com/)"
66.249.79.198 - - [10/Jul/2026:18:03:20 +0300] "GET /m47934934070634/ HTTP/1.1" 301 0 "-" "Mozilla/5.0 (compatible; Googlebot/2.1; +http://www.google.com/bot.html)"
66.249.79.198 - - [10/Jul/2026:18:06:53 +0300] "GET /m47934934070634/ HTTP/1.1" 301 0 "-" "Mozilla/5.0 (compatible; Googlebot/2.1; +http://www.google.com/bot.html)"
193.111.248.191 - - [10/Jul/2026:18:08:00 +0300] "GET / HTTP/1.1" 499 0 "-" "BossBacklinkChecker/2.3 (crawler)"
35.227.62.178 - - [10/Jul/2026:18:08:33 +0300] "GET / HTTP/1.1" 499 0 "-" "Mozilla/5.0 (compatible; Discordbot/2.0; +https://discordapp.com)"
54.87.112.51 - - [10/Jul/2026:18:13:58 +0300] "HEAD / HTTP/1.1" 499 0 "https://sesimobilya.com" "Mozilla/5.0+(compatible; UptimeRobot/2.0; http://www.uptimerobot.com/)"
66.249.79.198 - - [10/Jul/2026:18:15:21 +0300] "GET /v34170847201044/ HTTP/1.1" 301 0 "-" "Mozilla/5.0 (compatible; Googlebot/2.1; +http://www.google.com/bot.html)"
54.87.112.51 - - [10/Jul/2026:18:19:12 +0300] "HEAD / HTTP/1.1" 200 0 "https://sesimobilya.com" "Mozilla/5.0+(compatible; UptimeRobot/2.0; http://www.uptimerobot.com/)"
35.196.132.85 - - [10/Jul/2026:18:19:21 +0300] "GET / HTTP/1.1" 200 189581 "-" "Mozilla/5.0 (compatible; Discordbot/2.0; +https://discordapp.com)"
34.73.62.161 - - [10/Jul/2026:18:19:22 +0300] "GET /wp-content/uploads/2023/05/IMG_2679-1024x768.jpg HTTP/1.1" 200 60832 "-" "Mozilla/5.0 (compatible; Discordbot/2.0; +https://discordapp.com)"
35.196.132.85 - - [10/Jul/2026:18:19:23 +0300] "GET /wp-json/oembed/1.0/embed?url=https%3A%2F%2Fsesimobilya.com%2F HTTP/1.1" 499 0 "-" "Mozilla/5.0 (compatible; Discordbot/2.0; +https://discordapp.com)"
1.15.52.154 - - [10/Jul/2026:18:19:39 +0300] "GET / HTTP/1.1" 200 147079 "http://www.sesimobilya.com" "Mozilla/5.0 (iPhone; CPU iPhone OS 13_2_3 like Mac OS X) AppleWebKit/605.1.15 (KHTML, like Gecko) Version/13.0.3 Mobile/15E148 Safari/604.1"
5.161.177.47 - - [10/Jul/2026:18:24:20 +0300] "HEAD / HTTP/1.1" 200 0 "https://sesimobilya.com" "Mozilla/5.0+(compatible; UptimeRobot/2.0; http://www.uptimerobot.com/)"
72.14.199.196 - - [10/Jul/2026:18:24:27 +0300] "GET /c22371677240156/ HTTP/1.1" 301 0 "-" "Mozilla/5.0 (X11; Linux x86_64) AppleWebKit/537.36 (KHTML, like Gecko) Chrome/150.0.7871.46 Safari/537.36"
72.14.199.198 - - [10/Jul/2026:18:25:13 +0300] "GET /a25444554390974/ HTTP/1.1" 301 0 "-" "Mozilla/5.0 (X11; Linux x86_64) AppleWebKit/537.36 (KHTML, like Gecko) Chrome/150.0.7871.46 Safari/537.36"
3.149.57.90 - - [10/Jul/2026:18:29:54 +0300] "HEAD / HTTP/1.1" 200 0 "https://sesimobilya.com" "Mozilla/5.0+(compatible; UptimeRobot/2.0; http://www.uptimerobot.com/)"
66.249.79.196 - - [10/Jul/2026:18:31:54 +0300] "GET /z11316955268345/ HTTP/1.1" 301 0 "-" "Mozilla/5.0 (Linux; Android 6.0.1; Nexus 5X Build/MMB29P) AppleWebKit/537.36 (KHTML, like Gecko) Chrome/150.0.7871.46 Mobile Safari/537.36 (compatible; Googlebot/2.1; +http://www.google.com/bot.html)"
66.249.79.198 - - [10/Jul/2026:18:31:56 +0300] "GET /d44387486823107 HTTP/1.1" 301 0 "-" "Mozilla/5.0 (Linux; Android 6.0.1; Nexus 5X Build/MMB29P) AppleWebKit/537.36 (KHTML, like Gecko) Chrome/150.0.7871.46 Mobile Safari/537.36 (compatible; Googlebot/2.1; +http://www.google.com/bot.html)"
202.141.2.207 - - [10/Jul/2026:18:33:40 +0300] "POST /xmlrpc.php HTTP/1.1" 200 439 "-" "Mozilla/5.0 (Windows NT 10.0; arm64) AppleWebKit/537.36 (KHTML, like Gecko) Safari/11.0.0.0 Safari/537.36"
202.141.2.207 - - [10/Jul/2026:18:33:40 +0300] "POST /xmlrpc.php HTTP/1.1" 200 439 "-" "Mozilla/5.0 (Windows NT 10.0; x86) AppleWebKit/537.36 (KHTML, like Gecko) Firefox/81.0.0.0 Safari/537.36"
202.141.2.207 - - [10/Jul/2026:18:34:52 +0300] "GET /wp-json/wp/v2/users HTTP/1.1" 200 798 "-" "Mozilla/4.0 (compatible; Win32; WinHttp.WinHttpRequest.5)"
43.164.190.124 - - [10/Jul/2026:18:35:00 +0300] "GET / HTTP/1.1" 200 189592 "http://www.sesimobilya.com" "Mozilla/5.0 (iPhone; CPU iPhone OS 13_2_3 like Mac OS X) AppleWebKit/605.1.15 (KHTML, like Gecko) Version/13.0.3 Mobile/15E148 Safari/604.1"
202.141.2.207 - - [10/Jul/2026:18:35:25 +0300] "POST /xmlrpc.php HTTP/1.1" 200 439 "-" "Mozilla/5.0 (X11; Ubuntu; Linux x86_64; x64) AppleWebKit/537.36 (KHTML, like Gecko) Edge/98.0.0.0 Safari/537.36"
52.15.147.27 - - [10/Jul/2026:18:35:27 +0300] "HEAD / HTTP/1.1" 200 0 "https://sesimobilya.com" "Mozilla/5.0+(compatible; UptimeRobot/2.0; http://www.uptimerobot.com/)"
202.141.2.207 - - [10/Jul/2026:18:35:57 +0300] "POST /xmlrpc.php HTTP/1.1" 200 439 "-" "Mozilla/5.0 (Windows NT 10.0; arm64) AppleWebKit/537.36 (KHTML, like Gecko) Firefox/90.0.0.0 Safari/537.36"
