72.14.199.130 - - [10/Jul/2026:15:28:51 +0300] "GET /wp-content/plugins/ht-mega-for-elementor/assets/js/waypoints.js?ver=2.4.8 HTTP/1.1" 200 9029 "https://sesimobilya.com/c22371677240156/" "Mozilla/5.0 (X11; Linux x86_64) AppleWebKit/537.36 (KHTML, like Gecko) Chrome/150.0.7871.46 Safari/537.36"
72.14.199.130 - - [10/Jul/2026:15:28:56 +0300] "GET /wp-content/themes/astra/assets/fonts/astra.woff HTTP/1.1" 200 3304 "https://sesimobilya.com/c22371677240156/" "Mozilla/5.0 (X11; Linux x86_64) AppleWebKit/537.36 (KHTML, like Gecko) Chrome/150.0.7871.46 Safari/537.36"
72.14.199.132 - - [10/Jul/2026:15:29:01 +0300] "GET /wp-content/plugins/ht-mega-for-elementor/assets/js/popper.min.js?ver=2.4.8 HTTP/1.1" 200 18994 "https://sesimobilya.com/b49376193753447/" "Mozilla/5.0 (X11; Linux x86_64) AppleWebKit/537.36 (KHTML, like Gecko) Chrome/150.0.7871.46 Safari/537.36"
72.14.199.130 - - [10/Jul/2026:15:29:06 +0300] "GET /wp-content/plugins/ht-mega-for-elementor/assets/js/htbbootstrap.js?ver=2.4.8 HTTP/1.1" 200 62651 "https://sesimobilya.com/b49376193753447/" "Mozilla/5.0 (X11; Linux x86_64) AppleWebKit/537.36 (KHTML, like Gecko) Chrome/150.0.7871.46 Safari/537.36"
72.14.199.130 - - [10/Jul/2026:15:29:11 +0300] "GET /wp-content/plugins/ht-mega-for-elementor/assets/js/htbbootstrap.js?ver=2.4.8 HTTP/1.1" 200 62651 "https://sesimobilya.com/a25444554390974/" "Mozilla/5.0 (X11; Linux x86_64) AppleWebKit/537.36 (KHTML, like Gecko) Chrome/150.0.7871.46 Safari/537.36"
72.14.199.130 - - [10/Jul/2026:15:29:16 +0300] "GET /wp-content/plugins/ht-mega-for-elementor/assets/js/waypoints.js?ver=2.4.8 HTTP/1.1" 200 9029 "https://sesimobilya.com/a25444554390974/" "Mozilla/5.0 (X11; Linux x86_64) AppleWebKit/537.36 (KHTML, like Gecko) Chrome/150.0.7871.46 Safari/537.36"
72.14.199.130 - - [10/Jul/2026:15:29:21 +0300] "GET /wp-content/plugins/gtranslate/js/base.js?ver=7.0 HTTP/1.1" 200 13536 "https://sesimobilya.com/a25444554390974/" "Mozilla/5.0 (X11; Linux x86_64) AppleWebKit/537.36 (KHTML, like Gecko) Chrome/150.0.7871.46 Safari/537.36"
72.14.199.130 - - [10/Jul/2026:15:29:26 +0300] "GET /wp-content/plugins/essential-addons-for-elementor-lite/assets/front-end/js/view/general.min.js?ver=5.9.13 HTTP/1.1" 200 10287 "https://sesimobilya.com/a25444554390974/" "Mozilla/5.0 (X11; Linux x86_64) AppleWebKit/537.36 (KHTML, like Gecko) Chrome/150.0.7871.46 Safari/537.36"
72.14.199.130 - - [10/Jul/2026:15:29:31 +0300] "GET /wp-content/themes/astra/assets/fonts/astra.woff HTTP/1.1" 200 3304 "https://sesimobilya.com/a25444554390974/" "Mozilla/5.0 (X11; Linux x86_64) AppleWebKit/537.36 (KHTML, like Gecko) Chrome/150.0.7871.46 Safari/537.36"
72.14.199.130 - - [10/Jul/2026:15:29:36 +0300] "GET /wp-content/plugins/gtranslate/flags/svg/bg.svg HTTP/1.1" 200 257 "https://sesimobilya.com/c22371677240156/" "Mozilla/5.0 (X11; Linux x86_64) AppleWebKit/537.36 (KHTML, like Gecko) Chrome/150.0.7871.46 Safari/537.36"
72.14.199.130 - - [10/Jul/2026:15:29:40 +0300] "GET /wp-content/plugins/gtranslate/flags/svg/bg.svg HTTP/1.1" 200 257 "https://sesimobilya.com/b49376193753447/" "Mozilla/5.0 (X11; Linux x86_64) AppleWebKit/537.36 (KHTML, like Gecko) Chrome/150.0.7871.46 Safari/537.36"
72.14.199.130 - - [10/Jul/2026:15:29:45 +0300] "GET /wp-content/plugins/gtranslate/flags/svg/bg.svg HTTP/1.1" 200 257 "https://sesimobilya.com/a25444554390974/" "Mozilla/5.0 (X11; Linux x86_64) AppleWebKit/537.36 (KHTML, like Gecko) Chrome/150.0.7871.46 Safari/537.36"
52.15.147.27 - - [10/Jul/2026:15:32:04 +0300] "HEAD / HTTP/1.1" 200 0 "https://sesimobilya.com" "Mozilla/5.0+(compatible; UptimeRobot/2.0; http://www.uptimerobot.com/)"
66.249.79.197 - - [10/Jul/2026:15:33:57 +0300] "GET /f23600474438082/ HTTP/1.1" 301 0 "-" "Mozilla/5.0 (compatible; Googlebot/2.1; +http://www.google.com/bot.html)"
66.249.79.66 - - [10/Jul/2026:15:36:19 +0300] "GET /t21077154463894 HTTP/1.1" 404 131397 "-" "Mozilla/5.0 (Linux; Android 6.0.1; Nexus 5X Build/MMB29P) AppleWebKit/537.36 (KHTML, like Gecko) Chrome/150.0.7871.46 Mobile Safari/537.36 (compatible; Googlebot/2.1; +http://www.google.com/bot.html)"
66.249.79.66 - - [10/Jul/2026:15:36:27 +0300] "GET /j17277914603221/ HTTP/1.1" 404 131398 "-" "Mozilla/5.0 (Linux; Android 6.0.1; Nexus 5X Build/MMB29P) AppleWebKit/537.36 (KHTML, like Gecko) Chrome/150.0.7871.46 Mobile Safari/537.36 (compatible; Googlebot/2.1; +http://www.google.com/bot.html)"
5.161.194.92 - - [10/Jul/2026:15:37:10 +0300] "HEAD / HTTP/1.1" 200 0 "https://sesimobilya.com" "Mozilla/5.0+(compatible; UptimeRobot/2.0; http://www.uptimerobot.com/)"
66.249.79.66 - - [10/Jul/2026:15:38:31 +0300] "GET /s39334774699650 HTTP/1.1" 404 131397 "-" "Mozilla/5.0 (Linux; Android 6.0.1; Nexus 5X Build/MMB29P) AppleWebKit/537.36 (KHTML, like Gecko) Chrome/150.0.7871.46 Mobile Safari/537.36 (compatible; Googlebot/2.1; +http://www.google.com/bot.html)"
3.149.57.90 - - [10/Jul/2026:15:42:16 +0300] "HEAD / HTTP/1.1" 200 0 "https://sesimobilya.com" "Mozilla/5.0+(compatible; UptimeRobot/2.0; http://www.uptimerobot.com/)"
66.249.79.196 - - [10/Jul/2026:15:42:43 +0300] "GET /z25095857218826/ HTTP/1.1" 301 0 "-" "Mozilla/5.0 (Linux; Android 6.0.1; Nexus 5X Build/MMB29P) AppleWebKit/537.36 (KHTML, like Gecko) Chrome/150.0.7871.46 Mobile Safari/537.36 (compatible; Googlebot/2.1; +http://www.google.com/bot.html)"
66.249.79.68 - - [10/Jul/2026:15:46:17 +0300] "GET /f23600474438082/ HTTP/1.1" 404 131387 "-" "Mozilla/5.0 (compatible; Googlebot/2.1; +http://www.google.com/bot.html)"
66.249.79.198 - - [10/Jul/2026:15:46:18 +0300] "GET /d46012187145922/ HTTP/1.1" 301 0 "-" "Mozilla/5.0 (Linux; Android 6.0.1; Nexus 5X Build/MMB29P) AppleWebKit/537.36 (KHTML, like Gecko) Chrome/150.0.7871.46 Mobile Safari/537.36 (compatible; Googlebot/2.1; +http://www.google.com/bot.html)"
66.249.79.66 - - [10/Jul/2026:15:46:26 +0300] "GET /z25095857218826/ HTTP/1.1" 404 131398 "-" "Mozilla/5.0 (Linux; Android 6.0.1; Nexus 5X Build/MMB29P) AppleWebKit/537.36 (KHTML, like Gecko) Chrome/150.0.7871.46 Mobile Safari/537.36 (compatible; Googlebot/2.1; +http://www.google.com/bot.html)"
3.133.226.214 - - [10/Jul/2026:15:47:57 +0300] "HEAD / HTTP/1.1" 200 0 "https://sesimobilya.com" "Mozilla/5.0+(compatible; UptimeRobot/2.0; http://www.uptimerobot.com/)"
66.249.79.197 - - [10/Jul/2026:15:48:30 +0300] "GET /h20519134271334/ HTTP/1.1" 301 0 "-" "Mozilla/5.0 (Linux; Android 6.0.1; Nexus 5X Build/MMB29P) AppleWebKit/537.36 (KHTML, like Gecko) Chrome/150.0.7871.46 Mobile Safari/537.36 (compatible; Googlebot/2.1; +http://www.google.com/bot.html)"
66.249.79.198 - - [10/Jul/2026:15:50:37 +0300] "GET /l30360866299280/ HTTP/1.1" 301 0 "-" "Mozilla/5.0 (Linux; Android 6.0.1; Nexus 5X Build/MMB29P) AppleWebKit/537.36 (KHTML, like Gecko) Chrome/150.0.7871.46 Mobile Safari/537.36 (compatible; Googlebot/2.1; +http://www.google.com/bot.html)"
3.20.63.178 - - [10/Jul/2026:15:53:02 +0300] "HEAD / HTTP/1.1" 200 0 "https://sesimobilya.com" "Mozilla/5.0+(compatible; UptimeRobot/2.0; http://www.uptimerobot.com/)"
66.249.79.68 - - [10/Jul/2026:15:53:45 +0300] "GET /shop/pg/1AvailableInfo/ HTTP/1.1" 404 131405 "-" "Mozilla/5.0 (Linux; Android 6.0.1; Nexus 5X Build/MMB29P) AppleWebKit/537.36 (KHTML, like Gecko) Chrome/150.0.7871.46 Mobile Safari/537.36 (compatible; Googlebot/2.1; +http://www.google.com/bot.html)"
66.249.79.196 - - [10/Jul/2026:15:54:45 +0300] "GET /b32083453913424/ HTTP/1.1" 301 0 "-" "Mozilla/5.0 (Linux; Android 6.0.1; Nexus 5X Build/MMB29P) AppleWebKit/537.36 (KHTML, like Gecko) Chrome/150.0.7871.46 Mobile Safari/537.36 (compatible; Googlebot/2.1; +http://www.google.com/bot.html)"
66.249.79.198 - - [10/Jul/2026:15:56:56 +0300] "GET /h41681024643993/ HTTP/1.1" 301 0 "-" "Mozilla/5.0 (Linux; Android 6.0.1; Nexus 5X Build/MMB29P) AppleWebKit/537.36 (KHTML, like Gecko) Chrome/150.0.7871.46 Mobile Safari/537.36 (compatible; Googlebot/2.1; +http://www.google.com/bot.html)"
178.156.181.172 - - [10/Jul/2026:15:58:08 +0300] "HEAD / HTTP/1.1" 200 0 "https://sesimobilya.com" "Mozilla/5.0+(compatible; UptimeRobot/2.0; http://www.uptimerobot.com/)"
66.249.79.196 - - [10/Jul/2026:15:58:58 +0300] "GET /f42388005018911 HTTP/1.1" 301 0 "-" "Mozilla/5.0 (Linux; Android 6.0.1; Nexus 5X Build/MMB29P) AppleWebKit/537.36 (KHTML, like Gecko) Chrome/150.0.7871.46 Mobile Safari/537.36 (compatible; Googlebot/2.1; +http://www.google.com/bot.html)"
66.249.79.196 - - [10/Jul/2026:16:01:04 +0300] "GET /p46390674112013/ HTTP/1.1" 301 0 "-" "Mozilla/5.0 (Linux; Android 6.0.1; Nexus 5X Build/MMB29P) AppleWebKit/537.36 (KHTML, like Gecko) Chrome/150.0.7871.46 Mobile Safari/537.36 (compatible; Googlebot/2.1; +http://www.google.com/bot.html)"
66.249.79.198 - - [10/Jul/2026:16:03:06 +0300] "GET /b24879854377507/ HTTP/1.1" 301 0 "-" "Mozilla/5.0 (Linux; Android 6.0.1; Nexus 5X Build/MMB29P) AppleWebKit/537.36 (KHTML, like Gecko) Chrome/150.0.7871.46 Mobile Safari/537.36 (compatible; Googlebot/2.1; +http://www.google.com/bot.html)"
54.87.112.51 - - [10/Jul/2026:16:04:08 +0300] "HEAD / HTTP/1.1" 200 0 "https://sesimobilya.com" "Mozilla/5.0+(compatible; UptimeRobot/2.0; http://www.uptimerobot.com/)"
66.249.79.197 - - [10/Jul/2026:16:05:09 +0300] "GET /x25617144026645/ HTTP/1.1" 301 0 "-" "Mozilla/5.0 (Linux; Android 6.0.1; Nexus 5X Build/MMB29P) AppleWebKit/537.36 (KHTML, like Gecko) Chrome/150.0.7871.46 Mobile Safari/537.36 (compatible; Googlebot/2.1; +http://www.google.com/bot.html)"
66.249.79.196 - - [10/Jul/2026:16:07:14 +0300] "GET /o41888467315832 HTTP/1.1" 301 0 "-" "Mozilla/5.0 (Linux; Android 6.0.1; Nexus 5X Build/MMB29P) AppleWebKit/537.36 (KHTML, like Gecko) Chrome/150.0.7871.46 Mobile Safari/537.36 (compatible; Googlebot/2.1; +http://www.google.com/bot.html)"
52.15.147.27 - - [10/Jul/2026:16:09:14 +0300] "HEAD / HTTP/1.1" 200 0 "https://sesimobilya.com" "Mozilla/5.0+(compatible; UptimeRobot/2.0; http://www.uptimerobot.com/)"
66.249.79.198 - - [10/Jul/2026:16:11:22 +0300] "GET /m10301866042083/ HTTP/1.1" 301 0 "-" "Mozilla/5.0 (Linux; Android 6.0.1; Nexus 5X Build/MMB29P) AppleWebKit/537.36 (KHTML, like Gecko) Chrome/150.0.7871.46 Mobile Safari/537.36 (compatible; Googlebot/2.1; +http://www.google.com/bot.html)"
66.249.79.198 - - [10/Jul/2026:16:12:45 +0300] "GET /c30962873867042/ HTTP/1.1" 301 0 "-" "Mozilla/5.0 (Linux; Android 6.0.1; Nexus 5X Build/MMB29P) AppleWebKit/537.36 (KHTML, like Gecko) Chrome/150.0.7871.46 Mobile Safari/537.36 (compatible; Googlebot/2.1; +http://www.google.com/bot.html)"
72.14.199.196 - - [10/Jul/2026:16:15:13 +0300] "GET /i48866687609609/ HTTP/1.1" 301 0 "-" "Mozilla/5.0 (X11; Linux x86_64) AppleWebKit/537.36 (KHTML, like Gecko) Chrome/150.0.7871.46 Safari/537.36"
72.14.199.131 - - [10/Jul/2026:16:15:15 +0300] "GET /i48866687609609/ HTTP/1.1" 404 131380 "-" "Mozilla/5.0 (X11; Linux x86_64) AppleWebKit/537.36 (KHTML, like Gecko) Chrome/150.0.7871.46 Safari/537.36"
72.14.199.131 - - [10/Jul/2026:16:15:18 +0300] "GET /wp-includes/css/dashicons.min.css?ver=7.0 HTTP/1.1" 200 59004 "https://sesimobilya.com/i48866687609609/" "Mozilla/5.0 (X11; Linux x86_64) AppleWebKit/537.36 (KHTML, like Gecko) Chrome/150.0.7871.46 Safari/537.36"
35.227.62.178 - - [10/Jul/2026:16:15:19 +0300] "GET / HTTP/1.1" 200 189581 "-" "Mozilla/5.0 (compatible; Discordbot/2.0; +https://discordapp.com)"
72.14.199.130 - - [10/Jul/2026:16:15:22 +0300] "GET /wp-content/uploads/2023/05/sesimebelilogo1-300x300.png HTTP/1.1" 200 28524 "https://sesimobilya.com/i48866687609609/" "Mozilla/5.0 (X11; Linux x86_64) AppleWebKit/537.36 (KHTML, like Gecko) Chrome/150.0.7871.46 Safari/537.36"
35.227.62.178 - - [10/Jul/2026:16:15:23 +0300] "GET /wp-json/oembed/1.0/embed?url=https%3A%2F%2Fsesimobilya.com%2F HTTP/1.1" 200 3173 "-" "Mozilla/5.0 (compatible; Discordbot/2.0; +https://discordapp.com)"
66.249.79.198 - - [10/Jul/2026:16:17:01 +0300] "GET /k31189024537888/ HTTP/1.1" 301 0 "-" "Mozilla/5.0 (Linux; Android 6.0.1; Nexus 5X Build/MMB29P) AppleWebKit/537.36 (KHTML, like Gecko) Chrome/150.0.7871.46 Mobile Safari/537.36 (compatible; Googlebot/2.1; +http://www.google.com/bot.html)"
72.14.199.198 - - [10/Jul/2026:16:18:45 +0300] "GET /a13664406481275/ HTTP/1.1" 301 0 "-" "Mozilla/5.0 (X11; Linux x86_64) AppleWebKit/537.36 (KHTML, like Gecko) Chrome/150.0.7871.46 Safari/537.36"
72.14.199.130 - - [10/Jul/2026:16:18:47 +0300] "GET /a13664406481275/ HTTP/1.1" 404 131387 "-" "Mozilla/5.0 (X11; Linux x86_64) AppleWebKit/537.36 (KHTML, like Gecko) Chrome/150.0.7871.46 Safari/537.36"
72.14.199.197 - - [10/Jul/2026:16:19:07 +0300] "GET /u24713984627235/ HTTP/1.1" 301 0 "-" "Mozilla/5.0 (X11; Linux x86_64) AppleWebKit/537.36 (KHTML, like Gecko) Chrome/150.0.7871.46 Safari/537.36"
72.14.199.131 - - [10/Jul/2026:16:19:09 +0300] "GET /u24713984627235/ HTTP/1.1" 404 131387 "-" "Mozilla/5.0 (X11; Linux x86_64) AppleWebKit/537.36 (KHTML, like Gecko) Chrome/150.0.7871.46 Safari/537.36"
5.161.194.92 - - [10/Jul/2026:16:20:23 +0300] "HEAD / HTTP/1.1" 200 0 "https://sesimobilya.com" "Mozilla/5.0+(compatible; UptimeRobot/2.0; http://www.uptimerobot.com/)"
66.249.79.198 - - [10/Jul/2026:16:21:07 +0300] "GET /q44289197214536/ HTTP/1.1" 301 0 "-" "Mozilla/5.0 (Linux; Android 6.0.1; Nexus 5X Build/MMB29P) AppleWebKit/537.36 (KHTML, like Gecko) Chrome/150.0.7871.46 Mobile Safari/537.36 (compatible; Googlebot/2.1; +http://www.google.com/bot.html)"
193.111.248.191 - - [10/Jul/2026:16:22:42 +0300] "GET / HTTP/1.1" 200 189581 "-" "BossBacklinkChecker/2.3 (crawler)"
66.249.79.197 - - [10/Jul/2026:16:23:11 +0300] "GET /f34241046969341 HTTP/1.1" 301 0 "-" "Mozilla/5.0 (Linux; Android 6.0.1; Nexus 5X Build/MMB29P) AppleWebKit/537.36 (KHTML, like Gecko) Chrome/150.0.7871.46 Mobile Safari/537.36 (compatible; Googlebot/2.1; +http://www.google.com/bot.html)"
72.14.199.197 - - [10/Jul/2026:16:24:51 +0300] "GET /c22371677240156/ HTTP/1.1" 301 0 "-" "Mozilla/5.0 (X11; Linux x86_64) AppleWebKit/537.36 (KHTML, like Gecko) Chrome/150.0.7871.46 Safari/537.36"
72.14.199.132 - - [10/Jul/2026:16:24:53 +0300] "GET /c22371677240156/ HTTP/1.1" 404 131387 "-" "Mozilla/5.0 (X11; Linux x86_64) AppleWebKit/537.36 (KHTML, like Gecko) Chrome/150.0.7871.46 Safari/537.36"
72.14.199.130 - - [10/Jul/2026:16:25:01 +0300] "GET /b49376193753447/ HTTP/1.1" 404 131387 "-" "Mozilla/5.0 (X11; Linux x86_64) AppleWebKit/537.36 (KHTML, like Gecko) Chrome/150.0.7871.46 Safari/537.36"
72.14.199.196 - - [10/Jul/2026:16:25:12 +0300] "GET /a25444554390974/ HTTP/1.1" 301 0 "-" "Mozilla/5.0 (X11; Linux x86_64) AppleWebKit/537.36 (KHTML, like Gecko) Chrome/150.0.7871.46 Safari/537.36"
72.14.199.130 - - [10/Jul/2026:16:25:13 +0300] "GET /a25444554390974/ HTTP/1.1" 404 131387 "-" "Mozilla/5.0 (X11; Linux x86_64) AppleWebKit/537.36 (KHTML, like Gecko) Chrome/150.0.7871.46 Safari/537.36"
66.249.79.196 - - [10/Jul/2026:16:25:14 +0300] "GET /m48901994924349/ HTTP/1.1" 301 0 "-" "Mozilla/5.0 (Linux; Android 6.0.1; Nexus 5X Build/MMB29P) AppleWebKit/537.36 (KHTML, like Gecko) Chrome/150.0.7871.46 Mobile Safari/537.36 (compatible; Googlebot/2.1; +http://www.google.com/bot.html)"
3.149.57.90 - - [10/Jul/2026:16:25:55 +0300] "HEAD / HTTP/1.1" 200 0 "https://sesimobilya.com" "Mozilla/5.0+(compatible; UptimeRobot/2.0; http://www.uptimerobot.com/)"
66.249.79.196 - - [10/Jul/2026:16:27:25 +0300] "GET /k28085076987498/ HTTP/1.1" 301 0 "-" "Mozilla/5.0 (Linux; Android 6.0.1; Nexus 5X Build/MMB29P) AppleWebKit/537.36 (KHTML, like Gecko) Chrome/150.0.7871.46 Mobile Safari/537.36 (compatible; Googlebot/2.1; +http://www.google.com/bot.html)"
3.12.251.153 - - [10/Jul/2026:16:31:52 +0300] "HEAD / HTTP/1.1" 200 0 "https://sesimobilya.com" "Mozilla/5.0+(compatible; UptimeRobot/2.0; http://www.uptimerobot.com/)"
66.249.79.197 - - [10/Jul/2026:16:32:53 +0300] "GET /v31188465901715/ HTTP/1.1" 301 0 "-" "Mozilla/5.0 (Linux; Android 6.0.1; Nexus 5X Build/MMB29P) AppleWebKit/537.36 (KHTML, like Gecko) Chrome/150.0.7871.46 Mobile Safari/537.36 (compatible; Googlebot/2.1; +http://www.google.com/bot.html)"
66.249.79.197 - - [10/Jul/2026:16:34:11 +0300] "GET /z29754623992484 HTTP/1.1" 301 0 "-" "Mozilla/5.0 (Linux; Android 6.0.1; Nexus 5X Build/MMB29P) AppleWebKit/537.36 (KHTML, like Gecko) Chrome/150.0.7871.46 Mobile Safari/537.36 (compatible; Googlebot/2.1; +http://www.google.com/bot.html)"
66.249.79.198 - - [10/Jul/2026:16:35:38 +0300] "GET /b13903174995106/ HTTP/1.1" 301 0 "-" "Mozilla/5.0 (Linux; Android 6.0.1; Nexus 5X Build/MMB29P) AppleWebKit/537.36 (KHTML, like Gecko) Chrome/150.0.7871.46 Mobile Safari/537.36 (compatible; Googlebot/2.1; +http://www.google.com/bot.html)"
66.249.79.197 - - [10/Jul/2026:16:37:40 +0300] "GET /a42182513891255/ HTTP/1.1" 301 0 "-" "Mozilla/5.0 (Linux; Android 6.0.1; Nexus 5X Build/MMB29P) AppleWebKit/537.36 (KHTML, like Gecko) Chrome/150.0.7871.46 Mobile Safari/537.36 (compatible; Googlebot/2.1; +http://www.google.com/bot.html)"
3.133.226.214 - - [10/Jul/2026:16:37:52 +0300] "HEAD / HTTP/1.1" 200 0 "https://sesimobilya.com" "Mozilla/5.0+(compatible; UptimeRobot/2.0; http://www.uptimerobot.com/)"
66.249.79.196 - - [10/Jul/2026:16:39:43 +0300] "GET /q45825644982067/ HTTP/1.1" 301 0 "-" "Mozilla/5.0 (Linux; Android 6.0.1; Nexus 5X Build/MMB29P) AppleWebKit/537.36 (KHTML, like Gecko) Chrome/150.0.7871.46 Mobile Safari/537.36 (compatible; Googlebot/2.1; +http://www.google.com/bot.html)"
5.161.194.92 - - [10/Jul/2026:16:42:59 +0300] "HEAD / HTTP/1.1" 200 0 "https://sesimobilya.com" "Mozilla/5.0+(compatible; UptimeRobot/2.0; http://www.uptimerobot.com/)"
66.249.79.196 - - [10/Jul/2026:16:43:00 +0300] "GET /r13700744570496/ HTTP/1.1" 301 0 "-" "Mozilla/5.0 (Linux; Android 6.0.1; Nexus 5X Build/MMB29P) AppleWebKit/537.36 (KHTML, like Gecko) Chrome/150.0.7871.46 Mobile Safari/537.36 (compatible; Googlebot/2.1; +http://www.google.com/bot.html)"
66.249.79.197 - - [10/Jul/2026:16:43:24 +0300] "GET /r34300756386588/ HTTP/1.1" 301 0 "-" "Mozilla/5.0 (compatible; Googlebot/2.1; +http://www.google.com/bot.html)"
66.249.79.197 - - [10/Jul/2026:16:46:06 +0300] "GET /o21545136138932 HTTP/1.1" 301 0 "-" "Mozilla/5.0 (Linux; Android 6.0.1; Nexus 5X Build/MMB29P) AppleWebKit/537.36 (KHTML, like Gecko) Chrome/150.0.7871.46 Mobile Safari/537.36 (compatible; Googlebot/2.1; +http://www.google.com/bot.html)"
66.249.79.67 - - [10/Jul/2026:16:46:14 +0300] "GET /r34300756386588/ HTTP/1.1" 404 131387 "-" "Mozilla/5.0 (compatible; Googlebot/2.1; +http://www.google.com/bot.html)"
178.156.185.231 - - [10/Jul/2026:16:48:06 +0300] "HEAD / HTTP/1.1" 200 0 "https://sesimobilya.com" "Mozilla/5.0+(compatible; UptimeRobot/2.0; http://www.uptimerobot.com/)"
66.249.79.198 - - [10/Jul/2026:16:49:59 +0300] "GET /p19699535517206 HTTP/1.1" 301 0 "-" "Mozilla/5.0 (Linux; Android 6.0.1; Nexus 5X Build/MMB29P) AppleWebKit/537.36 (KHTML, like Gecko) Chrome/150.0.7871.46 Mobile Safari/537.36 (compatible; Googlebot/2.1; +http://www.google.com/bot.html)"
66.249.79.68 - - [10/Jul/2026:16:50:13 +0300] "GET /u44077525727241 HTTP/1.1" 404 131397 "-" "Mozilla/5.0 (Linux; Android 6.0.1; Nexus 5X Build/MMB29P) AppleWebKit/537.36 (KHTML, like Gecko) Chrome/150.0.7871.46 Mobile Safari/537.36 (compatible; Googlebot/2.1; +http://www.google.com/bot.html)"
107.173.171.201 - - [10/Jul/2026:16:53:40 +0300] "GET / HTTP/1.1" 301 0 "-" "Mozilla/5.0 (Macintosh; Intel Mac OS X 10_15_7) AppleWebKit/605.1.15 (KHTML, like Gecko) Version/17.4.1 Safari/605.7.23"
107.173.171.201 - - [10/Jul/2026:16:53:53 +0300] "GET / HTTP/1.1" 200 65159 "http://mail.sesimobilya.com" "Mozilla/5.0 (Macintosh; Intel Mac OS X 10_15_7) AppleWebKit/605.1.15 (KHTML, like Gecko) Version/17.6 Safari/605.1.15"
35.227.62.178 - - [10/Jul/2026:16:54:11 +0300] "GET / HTTP/1.1" 200 189581 "-" "Mozilla/5.0 (compatible; Discordbot/2.0; +https://discordapp.com)"
35.227.62.178 - - [10/Jul/2026:16:54:14 +0300] "GET /wp-json/oembed/1.0/embed?url=https%3A%2F%2Fsesimobilya.com%2F HTTP/1.1" 200 3173 "-" "Mozilla/5.0 (compatible; Discordbot/2.0; +https://discordapp.com)"
66.249.79.198 - - [10/Jul/2026:16:55:19 +0300] "GET /o42395016334973/ HTTP/1.1" 301 0 "-" "Mozilla/5.0 (Linux; Android 6.0.1; Nexus 5X Build/MMB29P) AppleWebKit/537.36 (KHTML, like Gecko) Chrome/150.0.7871.46 Mobile Safari/537.36 (compatible; Googlebot/2.1; +http://www.google.com/bot.html)"
66.249.79.198 - - [10/Jul/2026:16:55:19 +0300] "GET /o42395016334973/ HTTP/1.1" 301 0 "-" "Mozilla/5.0 (compatible; Googlebot/2.1; +http://www.google.com/bot.html)"
66.249.79.198 - - [10/Jul/2026:16:58:30 +0300] "GET /v12961065861031 HTTP/1.1" 301 0 "-" "Mozilla/5.0 (Linux; Android 6.0.1; Nexus 5X Build/MMB29P) AppleWebKit/537.36 (KHTML, like Gecko) Chrome/150.0.7871.46 Mobile Safari/537.36 (compatible; Googlebot/2.1; +http://www.google.com/bot.html)"
178.156.189.249 - - [10/Jul/2026:16:59:12 +0300] "HEAD / HTTP/1.1" 200 0 "https://sesimobilya.com" "Mozilla/5.0+(compatible; UptimeRobot/2.0; http://www.uptimerobot.com/)"
136.228.146.66 - - [10/Jul/2026:17:04:08 +0300] "GET / HTTP/1.1" 200 189589 "https://www.google.com/" "Mozilla/5.0 (Windows NT 10.0; Win64; x64) AppleWebKit/537.36 (KHTML, like Gecko) Chrome/149.0.0.0 Safari/537.36"
136.228.146.66 - - [10/Jul/2026:17:04:08 +0300] "GET /wp-content/themes/astra/assets/css/minified/frontend.min.css?ver=4.6.9 HTTP/1.1" 200 48583 "https://sesimobilya.com/" "Mozilla/5.0 (Windows NT 10.0; Win64; x64) AppleWebKit/537.36 (KHTML, like Gecko) Chrome/149.0.0.0 Safari/537.36"
136.228.146.66 - - [10/Jul/2026:17:04:09 +0300] "GET /wp-content/themes/astra/assets/css/minified/menu-animation.min.css?ver=4.6.9 HTTP/1.1" 200 3501 "https://sesimobilya.com/" "Mozilla/5.0 (Windows NT 10.0; Win64; x64) AppleWebKit/537.36 (KHTML, like Gecko) Chrome/149.0.0.0 Safari/537.36"
136.228.146.66 - - [10/Jul/2026:17:04:09 +0300] "GET /wp-includes/css/dashicons.min.css?ver=7.0 HTTP/1.1" 200 59004 "https://sesimobilya.com/" "Mozilla/5.0 (Windows NT 10.0; Win64; x64) AppleWebKit/537.36 (KHTML, like Gecko) Chrome/149.0.0.0 Safari/537.36"
136.228.146.66 - - [10/Jul/2026:17:04:09 +0300] "GET /wp-content/plugins/ht-mega-for-elementor/htmega-blocks/src/assets/css/common-style.css?ver=2.4.8 HTTP/1.1" 200 6029 "https://sesimobilya.com/" "Mozilla/5.0 (Windows NT 10.0; Win64; x64) AppleWebKit/537.36 (KHTML, like Gecko) Chrome/149.0.0.0 Safari/537.36"
136.228.146.66 - - [10/Jul/2026:17:04:09 +0300] "GET /wp-content/plugins/ht-mega-for-elementor/assets/css/slick.min.css?ver=2.4.8 HTTP/1.1" 200 3779 "https://sesimobilya.com/" "Mozilla/5.0 (Windows NT 10.0; Win64; x64) AppleWebKit/537.36 (KHTML, like Gecko) Chrome/149.0.0.0 Safari/537.36"
136.228.146.66 - - [10/Jul/2026:17:04:09 +0300] "GET /wp-content/plugins/ht-mega-for-elementor/admin/assets/extensions/ht-menu/css/font-awesome.min.css?ver=2.4.8 HTTP/1.1" 200 31000 "https://sesimobilya.com/" "Mozilla/5.0 (Windows NT 10.0; Win64; x64) AppleWebKit/537.36 (KHTML, like Gecko) Chrome/149.0.0.0 Safari/537.36"
136.228.146.66 - - [10/Jul/2026:17:04:09 +0300] "GET /wp-content/plugins/header-footer-elementor/assets/css/header-footer-elementor.css?ver=1.6.26 HTTP/1.1" 200 776 "https://sesimobilya.com/" "Mozilla/5.0 (Windows NT 10.0; Win64; x64) AppleWebKit/537.36 (KHTML, like Gecko) Chrome/149.0.0.0 Safari/537.36"
136.228.146.66 - - [10/Jul/2026:17:04:09 +0300] "GET /wp-content/plugins/ht-mega-for-elementor/htmega-blocks/build/style-blocks-htmega.css?ver=2.4.8 HTTP/1.1" 200 69756 "https://sesimobilya.com/" "Mozilla/5.0 (Windows NT 10.0; Win64; x64) AppleWebKit/537.36 (KHTML, like Gecko) Chrome/149.0.0.0 Safari/537.36"
136.228.146.66 - - [10/Jul/2026:17:04:09 +0300] "GET /wp-content/plugins/elementor/assets/lib/eicons/css/elementor-icons.min.css?ver=5.29.0 HTTP/1.1" 200 19778 "https://sesimobilya.com/" "Mozilla/5.0 (Windows NT 10.0; Win64; x64) AppleWebKit/537.36 (KHTML, like Gecko) Chrome/149.0.0.0 Safari/537.36"
136.228.146.66 - - [10/Jul/2026:17:04:10 +0300] "GET /wp-content/plugins/elementor/assets/lib/swiper/v8/css/swiper.min.css?ver=8.4.5 HTTP/1.1" 200 16471 "https://sesimobilya.com/" "Mozilla/5.0 (Windows NT 10.0; Win64; x64) AppleWebKit/537.36 (KHTML, like Gecko) Chrome/149.0.0.0 Safari/537.36"
136.228.146.66 - - [10/Jul/2026:17:04:10 +0300] "GET /wp-content/uploads/elementor/css/post-682.css?ver=1718798738 HTTP/1.1" 200 1239 "https://sesimobilya.com/" "Mozilla/5.0 (Windows NT 10.0; Win64; x64) AppleWebKit/537.36 (KHTML, like Gecko) Chrome/149.0.0.0 Safari/537.36"
136.228.146.66 - - [10/Jul/2026:17:04:10 +0300] "GET /wp-content/plugins/elementor/assets/css/frontend-lite.min.css?ver=3.20.3 HTTP/1.1" 200 118630 "https://sesimobilya.com/" "Mozilla/5.0 (Windows NT 10.0; Win64; x64) AppleWebKit/537.36 (KHTML, like Gecko) Chrome/149.0.0.0 Safari/537.36"
136.228.146.66 - - [10/Jul/2026:17:04:10 +0300] "GET /wp-content/plugins/elementor/assets/lib/font-awesome/css/all.min.css?ver=3.20.3 HTTP/1.1" 200 59344 "https://sesimobilya.com/" "Mozilla/5.0 (Windows NT 10.0; Win64; x64) AppleWebKit/537.36 (KHTML, like Gecko) Chrome/149.0.0.0 Safari/537.36"
136.228.146.66 - - [10/Jul/2026:17:04:10 +0300] "GET /wp-content/plugins/elementor/assets/lib/font-awesome/css/v4-shims.min.css?ver=3.20.3 HTTP/1.1" 200 26702 "https://sesimobilya.com/" "Mozilla/5.0 (Windows NT 10.0; Win64; x64) AppleWebKit/537.36 (KHTML, like Gecko) Chrome/149.0.0.0 Safari/537.36"
136.228.146.66 - - [10/Jul/2026:17:04:10 +0300] "GET /wp-content/uploads/elementor/css/post-1215.css?ver=1718798739 HTTP/1.1" 200 26617 "https://sesimobilya.com/" "Mozilla/5.0 (Windows NT 10.0; Win64; x64) AppleWebKit/537.36 (KHTML, like Gecko) Chrome/149.0.0.0 Safari/537.36"
136.228.146.66 - - [10/Jul/2026:17:04:10 +0300] "GET /wp-content/plugins/ht-mega-for-elementor/assets/css/htbbootstrap.css?ver=2.4.8 HTTP/1.1" 200 55435 "https://sesimobilya.com/" "Mozilla/5.0 (Windows NT 10.0; Win64; x64) AppleWebKit/537.36 (KHTML, like Gecko) Chrome/149.0.0.0 Safari/537.36"
136.228.146.66 - - [10/Jul/2026:17:04:10 +0300] "GET /wp-content/plugins/elementor/assets/lib/font-awesome/css/font-awesome.min.css?ver=4.7.0 HTTP/1.1" 200 30999 "https://sesimobilya.com/" "Mozilla/5.0 (Windows NT 10.0; Win64; x64) AppleWebKit/537.36 (KHTML, like Gecko) Chrome/149.0.0.0 Safari/537.36"
136.228.146.66 - - [10/Jul/2026:17:04:10 +0300] "GET /wp-content/plugins/ht-mega-for-elementor/assets/css/animation.css?ver=2.4.8 HTTP/1.1" 200 71292 "https://sesimobilya.com/" "Mozilla/5.0 (Windows NT 10.0; Win64; x64) AppleWebKit/537.36 (KHTML, like Gecko) Chrome/149.0.0.0 Safari/537.36"
136.228.146.66 - - [10/Jul/2026:17:04:10 +0300] "GET /wp-content/plugins/ht-mega-for-elementor/assets/css/htmega-keyframes.css?ver=2.4.8 HTTP/1.1" 200 4730 "https://sesimobilya.com/" "Mozilla/5.0 (Windows NT 10.0; Win64; x64) AppleWebKit/537.36 (KHTML, like Gecko) Chrome/149.0.0.0 Safari/537.36"
136.228.146.66 - - [10/Jul/2026:17:04:10 +0300] "GET /wp-content/plugins/essential-addons-for-elementor-lite/assets/front-end/css/view/general.min.css?ver=5.9.13 HTTP/1.1" 200 3758 "https://sesimobilya.com/" "Mozilla/5.0 (Windows NT 10.0; Win64; x64) AppleWebKit/537.36 (KHTML, like Gecko) Chrome/149.0.0.0 Safari/537.36"
136.228.146.66 - - [10/Jul/2026:17:04:11 +0300] "GET /wp-content/plugins/elementor/assets/lib/font-awesome/css/fontawesome.min.css?ver=5.15.3 HTTP/1.1" 200 58071 "https://sesimobilya.com/" "Mozilla/5.0 (Windows NT 10.0; Win64; x64) AppleWebKit/537.36 (KHTML, like Gecko) Chrome/149.0.0.0 Safari/537.36"
136.228.146.66 - - [10/Jul/2026:17:04:11 +0300] "GET /wp-content/plugins/elementor/assets/lib/font-awesome/css/solid.min.css?ver=5.15.3 HTTP/1.1" 200 669 "https://sesimobilya.com/" "Mozilla/5.0 (Windows NT 10.0; Win64; x64) AppleWebKit/537.36 (KHTML, like Gecko) Chrome/149.0.0.0 Safari/537.36"
136.228.146.66 - - [10/Jul/2026:17:04:11 +0300] "GET /wp-content/plugins/header-footer-elementor/inc/widgets-css/frontend.css?ver=1.6.26 HTTP/1.1" 200 75855 "https://sesimobilya.com/" "Mozilla/5.0 (Windows NT 10.0; Win64; x64) AppleWebKit/537.36 (KHTML, like Gecko) Chrome/149.0.0.0 Safari/537.36"
136.228.146.66 - - [10/Jul/2026:17:04:11 +0300] "GET /wp-includes/js/jquery/jquery.min.js?ver=3.7.1 HTTP/1.1" 200 87553 "https://sesimobilya.com/" "Mozilla/5.0 (Windows NT 10.0; Win64; x64) AppleWebKit/537.36 (KHTML, like Gecko) Chrome/149.0.0.0 Safari/537.36"
136.228.146.66 - - [10/Jul/2026:17:04:11 +0300] "GET /wp-content/plugins/elementor/assets/lib/animations/animations.min.css?ver=3.20.3 HTTP/1.1" 200 18468 "https://sesimobilya.com/" "Mozilla/5.0 (Windows NT 10.0; Win64; x64) AppleWebKit/537.36 (KHTML, like Gecko) Chrome/149.0.0.0 Safari/537.36"
136.228.146.66 - - [10/Jul/2026:17:04:11 +0300] "GET /wp-includes/js/jquery/jquery-migrate.min.js?ver=3.4.1 HTTP/1.1" 200 13577 "https://sesimobilya.com/" "Mozilla/5.0 (Windows NT 10.0; Win64; x64) AppleWebKit/537.36 (KHTML, like Gecko) Chrome/149.0.0.0 Safari/537.36"
136.228.146.66 - - [10/Jul/2026:17:04:11 +0300] "GET /wp-content/plugins/elementor/assets/lib/font-awesome/js/v4-shims.min.js?ver=3.20.3 HTTP/1.1" 200 15073 "https://sesimobilya.com/" "Mozilla/5.0 (Windows NT 10.0; Win64; x64) AppleWebKit/537.36 (KHTML, like Gecko) Chrome/149.0.0.0 Safari/537.36"
136.228.146.66 - - [10/Jul/2026:17:04:11 +0300] "GET /wp-content/uploads/2023/05/IMG_2679-1024x768.jpg HTTP/1.1" 200 60832 "https://sesimobilya.com/" "Mozilla/5.0 (Windows NT 10.0; Win64; x64) AppleWebKit/537.36 (KHTML, like Gecko) Chrome/149.0.0.0 Safari/537.36"
136.228.146.66 - - [10/Jul/2026:17:04:12 +0300] "GET /wp-content/uploads/2023/05/sesimebelilogo1.png HTTP/1.1" 200 53084 "https://sesimobilya.com/" "Mozilla/5.0 (Windows NT 10.0; Win64; x64) AppleWebKit/537.36 (KHTML, like Gecko) Chrome/149.0.0.0 Safari/537.36"
136.228.146.66 - - [10/Jul/2026:17:04:12 +0300] "GET /wp-content/plugins/elementor/assets/css/widget-icon-list.min.css HTTP/1.1" 200 9921 "https://sesimobilya.com/" "Mozilla/5.0 (Windows NT 10.0; Win64; x64) AppleWebKit/537.36 (KHTML, like Gecko) Chrome/149.0.0.0 Safari/537.36"
136.228.146.66 - - [10/Jul/2026:17:04:12 +0300] "GET /wp-content/plugins/elementor/assets/css/widget-icon-box.min.css HTTP/1.1" 200 10101 "https://sesimobilya.com/" "Mozilla/5.0 (Windows NT 10.0; Win64; x64) AppleWebKit/537.36 (KHTML, like Gecko) Chrome/149.0.0.0 Safari/537.36"
136.228.146.66 - - [10/Jul/2026:17:04:12 +0300] "GET /wp-content/uploads/2023/05/sesimebelilogo1-300x300.png HTTP/1.1" 200 28524 "https://sesimobilya.com/" "Mozilla/5.0 (Windows NT 10.0; Win64; x64) AppleWebKit/537.36 (KHTML, like Gecko) Chrome/149.0.0.0 Safari/537.36"
136.228.146.66 - - [10/Jul/2026:17:04:12 +0300] "GET /wp-content/themes/astra/assets/js/minified/frontend.min.js?ver=4.6.9 HTTP/1.1" 200 21646 "https://sesimobilya.com/" "Mozilla/5.0 (Windows NT 10.0; Win64; x64) AppleWebKit/537.36 (KHTML, like Gecko) Chrome/149.0.0.0 Safari/537.36"
136.228.146.66 - - [10/Jul/2026:17:04:13 +0300] "GET /wp-includes/js/dist/dom-ready.min.js?ver=a06281ae5cf5500e9317 HTTP/1.1" 200 783 "https://sesimobilya.com/" "Mozilla/5.0 (Windows NT 10.0; Win64; x64) AppleWebKit/537.36 (KHTML, like Gecko) Chrome/149.0.0.0 Safari/537.36"
136.228.146.66 - - [10/Jul/2026:17:04:13 +0300] "GET /wp-content/plugins/ht-mega-for-elementor/assets/js/slick.min.js?ver=2.4.8 HTTP/1.1" 200 43882 "https://sesimobilya.com/" "Mozilla/5.0 (Windows NT 10.0; Win64; x64) AppleWebKit/537.36 (KHTML, like Gecko) Chrome/149.0.0.0 Safari/537.36"
136.228.146.66 - - [10/Jul/2026:17:04:13 +0300] "GET /wp-content/plugins/ht-mega-for-elementor/htmega-blocks/src/assets/js/script.js?ver=2.4.8 HTTP/1.1" 200 2882 "https://sesimobilya.com/" "Mozilla/5.0 (Windows NT 10.0; Win64; x64) AppleWebKit/537.36 (KHTML, like Gecko) Chrome/149.0.0.0 Safari/537.36"
136.228.146.66 - - [10/Jul/2026:17:04:13 +0300] "GET /wp-content/plugins/astra-sites/inc/lib/onboarding/assets/dist/template-preview/main.js?ver=06758d4d807d9d22c6ea HTTP/1.1" 200 6581 "https://sesimobilya.com/" "Mozilla/5.0 (Windows NT 10.0; Win64; x64) AppleWebKit/537.36 (KHTML, like Gecko) Chrome/149.0.0.0 Safari/537.36"
136.228.146.66 - - [10/Jul/2026:17:04:13 +0300] "GET /wp-content/plugins/ht-mega-for-elementor/assets/js/popper.min.js?ver=2.4.8 HTTP/1.1" 200 18994 "https://sesimobilya.com/" "Mozilla/5.0 (Windows NT 10.0; Win64; x64) AppleWebKit/537.36 (KHTML, like Gecko) Chrome/149.0.0.0 Safari/537.36"
136.228.146.66 - - [10/Jul/2026:17:04:13 +0300] "GET /wp-content/plugins/ht-mega-for-elementor/assets/js/htbbootstrap.js?ver=2.4.8 HTTP/1.1" 200 62651 "https://sesimobilya.com/" "Mozilla/5.0 (Windows NT 10.0; Win64; x64) AppleWebKit/537.36 (KHTML, like Gecko) Chrome/149.0.0.0 Safari/537.36"
136.228.146.66 - - [10/Jul/2026:17:04:13 +0300] "GET /wp-content/plugins/ht-mega-for-elementor/assets/js/waypoints.js?ver=2.4.8 HTTP/1.1" 200 9029 "https://sesimobilya.com/" "Mozilla/5.0 (Windows NT 10.0; Win64; x64) AppleWebKit/537.36 (KHTML, like Gecko) Chrome/149.0.0.0 Safari/537.36"
136.228.146.66 - - [10/Jul/2026:17:04:13 +0300] "GET /wp-content/plugins/essential-addons-for-elementor-lite/assets/front-end/js/view/general.min.js?ver=5.9.13 HTTP/1.1" 200 10287 "https://sesimobilya.com/" "Mozilla/5.0 (Windows NT 10.0; Win64; x64) AppleWebKit/537.36 (KHTML, like Gecko) Chrome/149.0.0.0 Safari/537.36"
136.228.146.66 - - [10/Jul/2026:17:04:13 +0300] "GET /wp-content/plugins/ht-mega-for-elementor/assets/js/jquery.counterup.js?ver=2.4.8 HTTP/1.1" 200 1085 "https://sesimobilya.com/" "Mozilla/5.0 (Windows NT 10.0; Win64; x64) AppleWebKit/537.36 (KHTML, like Gecko) Chrome/149.0.0.0 Safari/537.36"
136.228.146.66 - - [10/Jul/2026:17:04:13 +0300] "GET /wp-content/themes/astra/assets/fonts/astra.woff HTTP/1.1" 200 3304 "https://sesimobilya.com/" "Mozilla/5.0 (Windows NT 10.0; Win64; x64) AppleWebKit/537.36 (KHTML, like Gecko) Chrome/149.0.0.0 Safari/537.36"
136.228.146.66 - - [10/Jul/2026:17:04:13 +0300] "GET /wp-content/plugins/elementor/assets/lib/font-awesome/webfonts/fa-solid-900.woff2 HTTP/1.1" 200 78196 "https://sesimobilya.com/wp-content/plugins/elementor/assets/lib/font-awesome/css/all.min.css?ver=3.20.3" "Mozilla/5.0 (Windows NT 10.0; Win64; x64) AppleWebKit/537.36 (KHTML, like Gecko) Chrome/149.0.0.0 Safari/537.36"
136.228.146.66 - - [10/Jul/2026:17:04:13 +0300] "GET /ecrjhekluozoasmdefault.php HTTP/1.1" 302 34461 "-" "Mozilla/5.0 (Windows NT 10.0; Win64; x64) AppleWebKit/537.36 (KHTML, like Gecko) Chrome/149.0.0.0 Safari/537.36"
136.228.146.66 - - [10/Jul/2026:17:04:14 +0300] "GET /wp-content/plugins/ht-mega-for-elementor/admin/assets/js/admin.js?ver=2.4.8 HTTP/1.1" 200 5894 "https://sesimobilya.com/" "Mozilla/5.0 (Windows NT 10.0; Win64; x64) AppleWebKit/537.36 (KHTML, like Gecko) Chrome/149.0.0.0 Safari/537.36"
136.228.146.66 - - [10/Jul/2026:17:04:14 +0300] "GET /wp-content/plugins/elementor/assets/js/webpack.runtime.min.js?ver=3.20.3 HTTP/1.1" 200 4997 "https://sesimobilya.com/" "Mozilla/5.0 (Windows NT 10.0; Win64; x64) AppleWebKit/537.36 (KHTML, like Gecko) Chrome/149.0.0.0 Safari/537.36"
136.228.146.66 - - [10/Jul/2026:17:04:14 +0300] "GET /wp-content/uploads/2020/08/hero-img-1.jpg HTTP/1.1" 404 131412 "https://sesimobilya.com/wp-content/uploads/elementor/css/post-1215.css?ver=1718798739" "Mozilla/5.0 (Windows NT 10.0; Win64; x64) AppleWebKit/537.36 (KHTML, like Gecko) Chrome/149.0.0.0 Safari/537.36"
136.228.146.66 - - [10/Jul/2026:17:04:15 +0300] "GET /wp-content/plugins/elementor/assets/js/frontend-modules.min.js?ver=3.20.3 HTTP/1.1" 200 60168 "https://sesimobilya.com/" "Mozilla/5.0 (Windows NT 10.0; Win64; x64) AppleWebKit/537.36 (KHTML, like Gecko) Chrome/149.0.0.0 Safari/537.36"
136.228.146.66 - - [10/Jul/2026:17:04:15 +0300] "GET /wp-content/plugins/elementor/assets/lib/waypoints/waypoints.min.js?ver=4.0.2 HTTP/1.1" 200 12198 "https://sesimobilya.com/" "Mozilla/5.0 (Windows NT 10.0; Win64; x64) AppleWebKit/537.36 (KHTML, like Gecko) Chrome/149.0.0.0 Safari/537.36"
136.228.146.66 - - [10/Jul/2026:17:04:16 +0300] "GET /wp-includes/js/jquery/ui/core.min.js?ver=1.13.3 HTTP/1.1" 200 21464 "https://sesimobilya.com/" "Mozilla/5.0 (Windows NT 10.0; Win64; x64) AppleWebKit/537.36 (KHTML, like Gecko) Chrome/149.0.0.0 Safari/537.36"
136.228.146.66 - - [10/Jul/2026:17:04:16 +0300] "GET /wp-content/plugins/elementor/assets/js/frontend.min.js?ver=3.20.3 HTTP/1.1" 200 40306 "https://sesimobilya.com/" "Mozilla/5.0 (Windows NT 10.0; Win64; x64) AppleWebKit/537.36 (KHTML, like Gecko) Chrome/149.0.0.0 Safari/537.36"
136.228.146.66 - - [10/Jul/2026:17:04:16 +0300] "GET /wp-includes/js/underscore.min.js?ver=1.13.8 HTTP/1.1" 200 19012 "https://sesimobilya.com/" "Mozilla/5.0 (Windows NT 10.0; Win64; x64) AppleWebKit/537.36 (KHTML, like Gecko) Chrome/149.0.0.0 Safari/537.36"
136.228.146.66 - - [10/Jul/2026:17:04:16 +0300] "GET /wp-content/uploads/2023/05/IMG_2815.jpg HTTP/1.1" 200 237535 "https://sesimobilya.com/wp-content/uploads/elementor/css/post-1215.css?ver=1718798739" "Mozilla/5.0 (Windows NT 10.0; Win64; x64) AppleWebKit/537.36 (KHTML, like Gecko) Chrome/149.0.0.0 Safari/537.36"
136.228.146.66 - - [10/Jul/2026:17:04:16 +0300] "GET /wp-includes/js/wp-util.min.js?ver=7.0 HTTP/1.1" 200 1431 "https://sesimobilya.com/" "Mozilla/5.0 (Windows NT 10.0; Win64; x64) AppleWebKit/537.36 (KHTML, like Gecko) Chrome/149.0.0.0 Safari/537.36"
136.228.146.66 - - [10/Jul/2026:17:04:16 +0300] "GET /wp-content/plugins/wpforms-lite/assets/js/integrations/elementor/frontend.min.js?ver=1.8.7.2 HTTP/1.1" 200 771 "https://sesimobilya.com/" "Mozilla/5.0 (Windows NT 10.0; Win64; x64) AppleWebKit/537.36 (KHTML, like Gecko) Chrome/149.0.0.0 Safari/537.36"
136.228.146.66 - - [10/Jul/2026:17:04:17 +0300] "GET /wp-content/plugins/ht-mega-for-elementor/assets/css/htmega-widgets.css?ver=2.4.8 HTTP/1.1" 200 481711 "https://sesimobilya.com/" "Mozilla/5.0 (Windows NT 10.0; Win64; x64) AppleWebKit/537.36 (KHTML, like Gecko) Chrome/149.0.0.0 Safari/537.36"
136.228.146.66 - - [10/Jul/2026:17:04:17 +0300] "GET /wp-content/uploads/2023/05/sesimebelilogo1-100x100.png HTTP/1.1" 200 6105 "https://sesimobilya.com/" "Mozilla/5.0 (Windows NT 10.0; Win64; x64) AppleWebKit/537.36 (KHTML, like Gecko) Chrome/149.0.0.0 Safari/537.36"
136.228.146.66 - - [10/Jul/2026:17:04:17 +0300] "GET /wp-content/plugins/gtranslate/js/base.js?ver=7.0 HTTP/1.1" 200 13536 "https://sesimobilya.com/" "Mozilla/5.0 (Windows NT 10.0; Win64; x64) AppleWebKit/537.36 (KHTML, like Gecko) Chrome/149.0.0.0 Safari/537.36"
136.228.146.66 - - [10/Jul/2026:17:04:18 +0300] "GET /wp-content/uploads/2020/08/about-owners-1.jpg HTTP/1.1" 404 131416 "https://sesimobilya.com/wp-content/uploads/elementor/css/post-1215.css?ver=1718798739" "Mozilla/5.0 (Windows NT 10.0; Win64; x64) AppleWebKit/537.36 (KHTML, like Gecko) Chrome/149.0.0.0 Safari/537.36"
136.228.146.66 - - [10/Jul/2026:17:04:18 +0300] "GET /ecrjhekluozoasmdefault.php?p= HTTP/1.1" 200 34461 "-" "Mozilla/5.0 (Windows NT 10.0; Win64; x64) AppleWebKit/537.36 (KHTML, like Gecko) Chrome/149.0.0.0 Safari/537.36"
136.228.146.66 - - [10/Jul/2026:17:04:29 +0300] "GET / HTTP/1.1" 200 189581 "https://www.google.com/" "Mozilla/5.0 (Windows NT 10.0; Win64; x64) AppleWebKit/537.36 (KHTML, like Gecko) Chrome/149.0.0.0 Safari/537.36"
136.228.146.66 - - [10/Jul/2026:17:04:29 +0300] "GET /wp-content/plugins/ht-mega-for-elementor/assets/css/htmega-widgets.css?ver=2.4.8 HTTP/1.1" 206 1 "https://sesimobilya.com/" "Mozilla/5.0 (Windows NT 10.0; Win64; x64) AppleWebKit/537.36 (KHTML, like Gecko) Chrome/149.0.0.0 Safari/537.36"
136.228.146.66 - - [10/Jul/2026:17:04:30 +0300] "GET /wp-content/plugins/ht-mega-for-elementor/assets/css/htmega-widgets.css?ver=2.4.8 HTTP/1.1" 206 23170 "https://sesimobilya.com/" "Mozilla/5.0 (Windows NT 10.0; Win64; x64) AppleWebKit/537.36 (KHTML, like Gecko) Chrome/149.0.0.0 Safari/537.36"
136.228.146.66 - - [10/Jul/2026:17:04:31 +0300] "GET /wp-content/plugins/elementor/assets/js/text-editor.2c35aafbe5bf0e127950.bundle.min.js HTTP/1.1" 200 1360 "https://sesimobilya.com/" "Mozilla/5.0 (Windows NT 10.0; Win64; x64) AppleWebKit/537.36 (KHTML, like Gecko) Chrome/149.0.0.0 Safari/537.36"
136.228.146.66 - - [10/Jul/2026:17:04:32 +0300] "GET /wp-content/plugins/elementor/assets/lib/swiper/v8/swiper.min.js?ver=8.4.5 HTTP/1.1" 200 143709 "https://sesimobilya.com/" "Mozilla/5.0 (Windows NT 10.0; Win64; x64) AppleWebKit/537.36 (KHTML, like Gecko) Chrome/149.0.0.0 Safari/537.36"
136.228.146.66 - - [10/Jul/2026:17:04:32 +0300] "GET /wp-content/uploads/2020/08/about-owners-1.jpg HTTP/1.1" 404 131416 "https://sesimobilya.com/wp-content/uploads/elementor/css/post-1215.css?ver=1718798739" "Mozilla/5.0 (Windows NT 10.0; Win64; x64) AppleWebKit/537.36 (KHTML, like Gecko) Chrome/149.0.0.0 Safari/537.36"
136.228.146.66 - - [10/Jul/2026:17:04:32 +0300] "GET /wp-content/uploads/2020/08/hero-img-1.jpg HTTP/1.1" 404 131412 "https://sesimobilya.com/wp-content/uploads/elementor/css/post-1215.css?ver=1718798739" "Mozilla/5.0 (Windows NT 10.0; Win64; x64) AppleWebKit/537.36 (KHTML, like Gecko) Chrome/149.0.0.0 Safari/537.36"
136.228.146.66 - - [10/Jul/2026:17:04:34 +0300] "GET /wp-content/uploads/2023/05/IMG_0427.jpg HTTP/1.1" 200 89011 "https://sesimobilya.com/" "Mozilla/5.0 (Windows NT 10.0; Win64; x64) AppleWebKit/537.36 (KHTML, like Gecko) Chrome/149.0.0.0 Safari/537.36"
136.228.146.66 - - [10/Jul/2026:17:04:36 +0300] "GET /wp-content/uploads/2023/05/IMG_0405.jpg HTTP/1.1" 200 119301 "https://sesimobilya.com/" "Mozilla/5.0 (Windows NT 10.0; Win64; x64) AppleWebKit/537.36 (KHTML, like Gecko) Chrome/149.0.0.0 Safari/537.36"
136.228.146.66 - - [10/Jul/2026:17:04:36 +0300] "GET /wp-includes/js/wp-emoji-release.min.js?ver=7.0 HTTP/1.1" 200 22762 "https://sesimobilya.com/" "Mozilla/5.0 (Windows NT 10.0; Win64; x64) AppleWebKit/537.36 (KHTML, like Gecko) Chrome/149.0.0.0 Safari/537.36"
136.228.146.66 - - [10/Jul/2026:17:04:41 +0300] "GET /wp-content/uploads/2023/05/cropped-sesimebelilogo1-32x32.png HTTP/1.1" 200 1355 "https://sesimobilya.com/" "Mozilla/5.0 (Windows NT 10.0; Win64; x64) AppleWebKit/537.36 (KHTML, like Gecko) Chrome/149.0.0.0 Safari/537.36"
136.228.146.66 - - [10/Jul/2026:17:04:55 +0300] "GET /wp-content/plugins/gtranslate/flags/svg/bg.svg HTTP/1.1" 200 257 "https://sesimobilya.com/" "Mozilla/5.0 (Windows NT 10.0; Win64; x64) AppleWebKit/537.36 (KHTML, like Gecko) Chrome/149.0.0.0 Safari/537.36"
136.228.146.66 - - [10/Jul/2026:17:05:00 +0300] "GET /wp-content/uploads/2023/05/IMG_0350.jpg HTTP/1.1" 200 83850 "https://sesimobilya.com/" "Mozilla/5.0 (Windows NT 10.0; Win64; x64) AppleWebKit/537.36 (KHTML, like Gecko) Chrome/149.0.0.0 Safari/537.36"
136.228.146.66 - - [10/Jul/2026:17:05:00 +0300] "GET /wp-content/uploads/2023/05/IMG_0431-1024x768.jpg HTTP/1.1" 200 89126 "https://sesimobilya.com/" "Mozilla/5.0 (Windows NT 10.0; Win64; x64) AppleWebKit/537.36 (KHTML, like Gecko) Chrome/149.0.0.0 Safari/537.36"
136.228.146.66 - - [10/Jul/2026:17:05:00 +0300] "GET /wp-content/uploads/2023/05/IMG_2829-1024x768.jpg HTTP/1.1" 200 61872 "https://sesimobilya.com/" "Mozilla/5.0 (Windows NT 10.0; Win64; x64) AppleWebKit/537.36 (KHTML, like Gecko) Chrome/149.0.0.0 Safari/537.36"
136.228.146.66 - - [10/Jul/2026:17:05:33 +0300] "GET /portfolio/ HTTP/1.1" 200 167129 "https://www.google.com/" "Mozilla/5.0 (Windows NT 10.0; Win64; x64) AppleWebKit/537.36 (KHTML, like Gecko) Chrome/149.0.0.0 Safari/537.36"
136.228.146.66 - - [10/Jul/2026:17:05:34 +0300] "GET /wp-content/uploads/elementor/css/post-1216.css?ver=1718798856 HTTP/1.1" 200 4095 "https://sesimobilya.com/portfolio/" "Mozilla/5.0 (Windows NT 10.0; Win64; x64) AppleWebKit/537.36 (KHTML, like Gecko) Chrome/149.0.0.0 Safari/537.36"
136.228.146.66 - - [10/Jul/2026:17:05:35 +0300] "GET /contact/ HTTP/1.1" 200 167900 "https://www.google.com/" "Mozilla/5.0 (Windows NT 10.0; Win64; x64) AppleWebKit/537.36 (KHTML, like Gecko) Chrome/149.0.0.0 Safari/537.36"
136.228.146.66 - - [10/Jul/2026:17:05:35 +0300] "GET /wp-content/uploads/2023/05/IMG_2829.jpg HTTP/1.1" 200 89773 "https://sesimobilya.com/wp-content/uploads/elementor/css/post-1216.css?ver=1718798856" "Mozilla/5.0 (Windows NT 10.0; Win64; x64) AppleWebKit/537.36 (KHTML, like Gecko) Chrome/149.0.0.0 Safari/537.36"
136.228.146.66 - - [10/Jul/2026:17:05:37 +0300] "GET /wp-content/uploads/elementor/css/post-15.css?ver=1727495478 HTTP/1.1" 200 2521 "https://sesimobilya.com/contact/" "Mozilla/5.0 (Windows NT 10.0; Win64; x64) AppleWebKit/537.36 (KHTML, like Gecko) Chrome/149.0.0.0 Safari/537.36"
136.228.146.66 - - [10/Jul/2026:17:05:37 +0300] "GET /wp-content/plugins/wpforms-lite/assets/css/frontend/classic/wpforms-base.min.css?ver=1.8.7.2 HTTP/1.1" 200 51468 "https://sesimobilya.com/contact/" "Mozilla/5.0 (Windows NT 10.0; Win64; x64) AppleWebKit/537.36 (KHTML, like Gecko) Chrome/149.0.0.0 Safari/537.36"
136.228.146.66 - - [10/Jul/2026:17:05:37 +0300] "GET /wp-content/plugins/wpforms-lite/assets/lib/jquery.validate.min.js?ver=1.19.5 HTTP/1.1" 200 24602 "https://sesimobilya.com/contact/" "Mozilla/5.0 (Windows NT 10.0; Win64; x64) AppleWebKit/537.36 (KHTML, like Gecko) Chrome/149.0.0.0 Safari/537.36"
136.228.146.66 - - [10/Jul/2026:17:05:37 +0300] "GET /wp-content/plugins/wpforms-lite/assets/lib/mailcheck.min.js?ver=1.1.2 HTTP/1.1" 200 4014 "https://sesimobilya.com/contact/" "Mozilla/5.0 (Windows NT 10.0; Win64; x64) AppleWebKit/537.36 (KHTML, like Gecko) Chrome/149.0.0.0 Safari/537.36"
136.228.146.66 - - [10/Jul/2026:17:05:37 +0300] "GET /wp-content/uploads/2023/05/IMG_0427-1024x768.jpg HTTP/1.1" 200 60484 "https://sesimobilya.com/portfolio/" "Mozilla/5.0 (Windows NT 10.0; Win64; x64) AppleWebKit/537.36 (KHTML, like Gecko) Chrome/149.0.0.0 Safari/537.36"
136.228.146.66 - - [10/Jul/2026:17:05:37 +0300] "GET /wp-content/uploads/2023/05/das.png HTTP/1.1" 200 83835 "https://sesimobilya.com/portfolio/" "Mozilla/5.0 (Windows NT 10.0; Win64; x64) AppleWebKit/537.36 (KHTML, like Gecko) Chrome/149.0.0.0 Safari/537.36"
136.228.146.66 - - [10/Jul/2026:17:05:37 +0300] "GET /wp-content/plugins/wpforms-lite/assets/lib/punycode.min.js?ver=1.0.0 HTTP/1.1" 200 1713 "https://sesimobilya.com/contact/" "Mozilla/5.0 (Windows NT 10.0; Win64; x64) AppleWebKit/537.36 (KHTML, like Gecko) Chrome/149.0.0.0 Safari/537.36"
136.228.146.66 - - [10/Jul/2026:17:05:37 +0300] "GET /wp-content/plugins/wpforms-lite/assets/js/share/utils.min.js?ver=1.8.7.2 HTTP/1.1" 200 339 "https://sesimobilya.com/contact/" "Mozilla/5.0 (Windows NT 10.0; Win64; x64) AppleWebKit/537.36 (KHTML, like Gecko) Chrome/149.0.0.0 Safari/537.36"
136.228.146.66 - - [10/Jul/2026:17:05:38 +0300] "GET /wp-content/plugins/wpforms-lite/assets/js/frontend/wpforms.min.js?ver=1.8.7.2 HTTP/1.1" 200 43175 "https://sesimobilya.com/contact/" "Mozilla/5.0 (Windows NT 10.0; Win64; x64) AppleWebKit/537.36 (KHTML, like Gecko) Chrome/149.0.0.0 Safari/537.36"
136.228.146.66 - - [10/Jul/2026:17:05:41 +0300] "GET /wp-content/uploads/2020/08/contact-us-bg-1.jpg HTTP/1.1" 200 147868 "https://sesimobilya.com/wp-content/uploads/elementor/css/post-15.css?ver=1727495478" "Mozilla/5.0 (Windows NT 10.0; Win64; x64) AppleWebKit/537.36 (KHTML, like Gecko) Chrome/149.0.0.0 Safari/537.36"
66.249.79.67 - - [10/Jul/2026:17:08:38 +0300] "GET /d46012187145922/ HTTP/1.1" 404 131398 "-" "Mozilla/5.0 (Linux; Android 6.0.1; Nexus 5X Build/MMB29P) AppleWebKit/537.36 (KHTML, like Gecko) Chrome/150.0.7871.46 Mobile Safari/537.36 (compatible; Googlebot/2.1; +http://www.google.com/bot.html)"
66.249.79.67 - - [10/Jul/2026:17:09:41 +0300] "GET /m32800224084026/ HTTP/1.1" 404 131398 "-" "Mozilla/5.0 (Linux; Android 6.0.1; Nexus 5X Build/MMB29P) AppleWebKit/537.36 (KHTML, like Gecko) Chrome/150.0.7871.46 Mobile Safari/537.36 (compatible; Googlebot/2.1; +http://www.google.com/bot.html)"
72.14.199.196 - - [10/Jul/2026:17:10:37 +0300] "GET /i48866687609609/ HTTP/1.1" 301 0 "-" "Mozilla/5.0 (X11; Linux x86_64) AppleWebKit/537.36 (KHTML, like Gecko) Chrome/150.0.7871.46 Safari/537.36"
72.14.199.131 - - [10/Jul/2026:17:10:39 +0300] "GET /i48866687609609/ HTTP/1.1" 404 131387 "-" "Mozilla/5.0 (X11; Linux x86_64) AppleWebKit/537.36 (KHTML, like Gecko) Chrome/150.0.7871.46 Safari/537.36"
72.14.199.131 - - [10/Jul/2026:17:10:46 +0300] "GET /wp-content/plugins/ht-mega-for-elementor/assets/css/htmega-keyframes.css?ver=2.4.8 HTTP/1.1" 200 4730 "https://sesimobilya.com/i48866687609609/" "Mozilla/5.0 (X11; Linux x86_64) AppleWebKit/537.36 (KHTML, like Gecko) Chrome/150.0.7871.46 Safari/537.36"
66.249.79.67 - - [10/Jul/2026:17:11:44 +0300] "GET /h20519134271334/ HTTP/1.1" 404 131398 "-" "Mozilla/5.0 (Linux; Android 6.0.1; Nexus 5X Build/MMB29P) AppleWebKit/537.36 (KHTML, like Gecko) Chrome/150.0.7871.46 Mobile Safari/537.36 (compatible; Googlebot/2.1; +http://www.google.com/bot.html)"
66.249.79.67 - - [10/Jul/2026:17:11:58 +0300] "GET /l45855453888429/ HTTP/1.1" 404 131398 "-" "Mozilla/5.0 (Linux; Android 6.0.1; Nexus 5X Build/MMB29P) AppleWebKit/537.36 (KHTML, like Gecko) Chrome/150.0.7871.46 Mobile Safari/537.36 (compatible; Googlebot/2.1; +http://www.google.com/bot.html)"
72.14.199.196 - - [10/Jul/2026:17:14:34 +0300] "GET /a13664406481275/ HTTP/1.1" 301 0 "-" "Mozilla/5.0 (X11; Linux x86_64) AppleWebKit/537.36 (KHTML, like Gecko) Chrome/150.0.7871.46 Safari/537.36"
72.14.199.131 - - [10/Jul/2026:17:14:36 +0300] "GET /a13664406481275/ HTTP/1.1" 404 131387 "-" "Mozilla/5.0 (X11; Linux x86_64) AppleWebKit/537.36 (KHTML, like Gecko) Chrome/150.0.7871.46 Safari/537.36"
72.14.199.197 - - [10/Jul/2026:17:14:55 +0300] "GET /u24713984627235/ HTTP/1.1" 301 0 "-" "Mozilla/5.0 (X11; Linux x86_64) AppleWebKit/537.36 (KHTML, like Gecko) Chrome/150.0.7871.46 Safari/537.36"
72.14.199.131 - - [10/Jul/2026:17:14:57 +0300] "GET /u24713984627235/ HTTP/1.1" 404 131387 "-" "Mozilla/5.0 (X11; Linux x86_64) AppleWebKit/537.36 (KHTML, like Gecko) Chrome/150.0.7871.46 Safari/537.36"
66.249.79.68 - - [10/Jul/2026:17:15:05 +0300] "GET /k31189024537888/ HTTP/1.1" 404 131398 "-" "Mozilla/5.0 (Linux; Android 6.0.1; Nexus 5X Build/MMB29P) AppleWebKit/537.36 (KHTML, like Gecko) Chrome/150.0.7871.46 Mobile Safari/537.36 (compatible; Googlebot/2.1; +http://www.google.com/bot.html)"
178.156.185.231 - - [10/Jul/2026:17:15:26 +0300] "HEAD / HTTP/1.1" 200 0 "https://sesimobilya.com" "Mozilla/5.0+(compatible; UptimeRobot/2.0; http://www.uptimerobot.com/)"
