File manager - Edit - /usr/local/apache/domlogs/webtrixia/sesimobilya.com.webtrixia.com-ssl_log
Back
93.94.140.42 - - [10/Jul/2026:11:29:02 +0300] "POST /wp-cron.php?doing_wp_cron=1783672142.1423308849334716796875 HTTP/1.1" 200 0 "-" "WordPress/7.0; https://sesimobilya.com"
54.87.112.51 - - [10/Jul/2026:11:29:02 +0300] "HEAD / HTTP/1.1" 200 0 "https://sesimobilya.com" "Mozilla/5.0+(compatible; UptimeRobot/2.0; http://www.uptimerobot.com/)"
93.94.140.42 - - [10/Jul/2026:11:30:36 +0300] "POST /wp-cron.php?doing_wp_cron=1783672236.9379889965057373046875 HTTP/1.1" 200 0 "-" "WordPress/7.0; https://sesimobilya.com"
72.14.199.131 - - [10/Jul/2026:11:30:37 +0300] "GET /b49376193753447/ HTTP/1.1" 404 131387 "-" "Mozilla/5.0 (X11; Linux x86_64) AppleWebKit/537.36 (KHTML, like Gecko) Chrome/150.0.7871.46 Safari/537.36"
72.14.199.131 - - [10/Jul/2026:11:30:40 +0300] "GET /wp-content/plugins/elementor/assets/lib/font-awesome/css/all.min.css?ver=3.20.3 HTTP/1.1" 200 59344 "https://sesimobilya.com/b49376193753447/" "Mozilla/5.0 (X11; Linux x86_64) AppleWebKit/537.36 (KHTML, like Gecko) Chrome/150.0.7871.46 Safari/537.36"
72.14.199.130 - - [10/Jul/2026:11:30:44 +0300] "GET /wp-includes/css/dashicons.min.css?ver=7.0 HTTP/1.1" 200 59004 "https://sesimobilya.com/b49376193753447/" "Mozilla/5.0 (X11; Linux x86_64) AppleWebKit/537.36 (KHTML, like Gecko) Chrome/150.0.7871.46 Safari/537.36"
72.14.199.130 - - [10/Jul/2026:11:30:48 +0300] "GET /wp-content/uploads/elementor/css/post-682.css?ver=1718798738 HTTP/1.1" 200 1239 "https://sesimobilya.com/b49376193753447/" "Mozilla/5.0 (X11; Linux x86_64) AppleWebKit/537.36 (KHTML, like Gecko) Chrome/150.0.7871.46 Safari/537.36"
72.14.199.130 - - [10/Jul/2026:11:30:52 +0300] "GET /wp-includes/js/jquery/jquery.min.js?ver=3.7.1 HTTP/1.1" 200 87553 "https://sesimobilya.com/b49376193753447/" "Mozilla/5.0 (X11; Linux x86_64) AppleWebKit/537.36 (KHTML, like Gecko) Chrome/150.0.7871.46 Safari/537.36"
72.14.199.130 - - [10/Jul/2026:11:30:56 +0300] "GET /wp-includes/js/jquery/jquery-migrate.min.js?ver=3.4.1 HTTP/1.1" 200 13577 "https://sesimobilya.com/b49376193753447/" "Mozilla/5.0 (X11; Linux x86_64) AppleWebKit/537.36 (KHTML, like Gecko) Chrome/150.0.7871.46 Safari/537.36"
72.14.199.132 - - [10/Jul/2026:11:31:07 +0300] "GET /wp-content/uploads/2023/05/sesimebelilogo1-300x300.png HTTP/1.1" 200 28524 "https://sesimobilya.com/b49376193753447/" "Mozilla/5.0 (X11; Linux x86_64) AppleWebKit/537.36 (KHTML, like Gecko) Chrome/150.0.7871.46 Safari/537.36"
72.14.199.131 - - [10/Jul/2026:11:31:09 +0300] "GET /wp-includes/js/dist/dom-ready.min.js?ver=a06281ae5cf5500e9317 HTTP/1.1" 200 783 "https://sesimobilya.com/b49376193753447/" "Mozilla/5.0 (X11; Linux x86_64) AppleWebKit/537.36 (KHTML, like Gecko) Chrome/150.0.7871.46 Safari/537.36"
72.14.199.130 - - [10/Jul/2026:11:31:14 +0300] "GET /wp-content/plugins/astra-sites/inc/lib/onboarding/assets/dist/template-preview/main.js?ver=06758d4d807d9d22c6ea HTTP/1.1" 200 6581 "https://sesimobilya.com/b49376193753447/" "Mozilla/5.0 (X11; Linux x86_64) AppleWebKit/537.36 (KHTML, like Gecko) Chrome/150.0.7871.46 Safari/537.36"
72.14.199.130 - - [10/Jul/2026:11:31:18 +0300] "GET /wp-content/plugins/ht-mega-for-elementor/assets/js/popper.min.js?ver=2.4.8 HTTP/1.1" 200 18994 "https://sesimobilya.com/b49376193753447/" "Mozilla/5.0 (X11; Linux x86_64) AppleWebKit/537.36 (KHTML, like Gecko) Chrome/150.0.7871.46 Safari/537.36"
72.14.199.130 - - [10/Jul/2026:11:31:22 +0300] "GET /wp-content/plugins/ht-mega-for-elementor/assets/js/htbbootstrap.js?ver=2.4.8 HTTP/1.1" 200 62651 "https://sesimobilya.com/b49376193753447/" "Mozilla/5.0 (X11; Linux x86_64) AppleWebKit/537.36 (KHTML, like Gecko) Chrome/150.0.7871.46 Safari/537.36"
72.14.199.130 - - [10/Jul/2026:11:31:26 +0300] "GET /wp-content/plugins/ht-mega-for-elementor/assets/js/waypoints.js?ver=2.4.8 HTTP/1.1" 200 9029 "https://sesimobilya.com/b49376193753447/" "Mozilla/5.0 (X11; Linux x86_64) AppleWebKit/537.36 (KHTML, like Gecko) Chrome/150.0.7871.46 Safari/537.36"
72.14.199.130 - - [10/Jul/2026:11:31:30 +0300] "GET /wp-content/plugins/gtranslate/js/base.js?ver=7.0 HTTP/1.1" 200 13536 "https://sesimobilya.com/b49376193753447/" "Mozilla/5.0 (X11; Linux x86_64) AppleWebKit/537.36 (KHTML, like Gecko) Chrome/150.0.7871.46 Safari/537.36"
72.14.199.130 - - [10/Jul/2026:11:31:34 +0300] "GET /wp-content/themes/astra/assets/fonts/astra.woff HTTP/1.1" 200 3304 "https://sesimobilya.com/b49376193753447/" "Mozilla/5.0 (X11; Linux x86_64) AppleWebKit/537.36 (KHTML, like Gecko) Chrome/150.0.7871.46 Safari/537.36"
72.14.199.130 - - [10/Jul/2026:11:31:38 +0300] "GET /wp-content/plugins/gtranslate/flags/svg/bg.svg HTTP/1.1" 200 257 "https://sesimobilya.com/b49376193753447/" "Mozilla/5.0 (X11; Linux x86_64) AppleWebKit/537.36 (KHTML, like Gecko) Chrome/150.0.7871.46 Safari/537.36"
93.94.140.42 - - [10/Jul/2026:11:34:34 +0300] "POST /wp-cron.php?doing_wp_cron=1783672474.1775319576263427734375 HTTP/1.1" 200 0 "-" "WordPress/7.0; https://sesimobilya.com"
216.144.248.28 - - [10/Jul/2026:11:34:34 +0300] "HEAD / HTTP/1.1" 200 0 "https://sesimobilya.com" "Mozilla/5.0+(compatible; UptimeRobot/2.0; http://www.uptimerobot.com/)"
93.94.140.42 - - [10/Jul/2026:11:39:39 +0300] "POST /wp-cron.php?doing_wp_cron=1783672779.6386508941650390625000 HTTP/1.1" 200 0 "-" "WordPress/7.0; https://sesimobilya.com"
5.161.113.195 - - [10/Jul/2026:11:39:39 +0300] "HEAD / HTTP/1.1" 200 0 "https://sesimobilya.com" "Mozilla/5.0+(compatible; UptimeRobot/2.0; http://www.uptimerobot.com/)"
93.94.140.42 - - [10/Jul/2026:11:42:20 +0300] "POST /wp-cron.php?doing_wp_cron=1783672940.6241459846496582031250 HTTP/1.1" 200 0 "-" "WordPress/7.0; https://sesimobilya.com"
66.249.79.66 - - [10/Jul/2026:11:42:20 +0300] "GET /b35657577395192/ HTTP/1.1" 404 131398 "-" "Mozilla/5.0 (Linux; Android 6.0.1; Nexus 5X Build/MMB29P) AppleWebKit/537.36 (KHTML, like Gecko) Chrome/150.0.7871.46 Mobile Safari/537.36 (compatible; Googlebot/2.1; +http://www.google.com/bot.html)"
93.94.140.42 - - [10/Jul/2026:11:43:36 +0300] "POST /wp-cron.php?doing_wp_cron=1783673016.8478150367736816406250 HTTP/1.1" 200 0 "-" "WordPress/7.0; https://sesimobilya.com"
193.111.248.191 - - [10/Jul/2026:11:43:36 +0300] "GET / HTTP/1.1" 200 189581 "-" "BossBacklinkChecker/2.3 (crawler)"
93.94.140.42 - - [10/Jul/2026:11:44:44 +0300] "POST /wp-cron.php?doing_wp_cron=1783673084.4911420345306396484375 HTTP/1.1" 200 0 "-" "WordPress/7.0; https://sesimobilya.com"
34.198.201.66 - - [10/Jul/2026:11:44:44 +0300] "HEAD / HTTP/1.1" 200 0 "https://sesimobilya.com" "Mozilla/5.0+(compatible; UptimeRobot/2.0; http://www.uptimerobot.com/)"
93.94.140.42 - - [10/Jul/2026:11:50:46 +0300] "POST /wp-cron.php?doing_wp_cron=1783673446.0429379940032958984375 HTTP/1.1" 200 0 "-" "WordPress/7.0; https://sesimobilya.com"
93.94.140.42 - - [10/Jul/2026:11:50:46 +0300] "POST /wp-cron.php?doing_wp_cron=1783673446.1453590393066406250000 HTTP/1.1" 200 0 "-" "WordPress/7.0; https://sesimobilya.com"
54.87.112.51 - - [10/Jul/2026:11:50:46 +0300] "HEAD / HTTP/1.1" 200 0 "https://sesimobilya.com" "Mozilla/5.0+(compatible; UptimeRobot/2.0; http://www.uptimerobot.com/)"
93.94.140.42 - - [10/Jul/2026:11:55:50 +0300] "POST /wp-cron.php?doing_wp_cron=1783673750.9269309043884277343750 HTTP/1.1" 200 0 "-" "WordPress/7.0; https://sesimobilya.com"
34.198.201.66 - - [10/Jul/2026:11:55:50 +0300] "HEAD / HTTP/1.1" 200 0 "https://sesimobilya.com" "Mozilla/5.0+(compatible; UptimeRobot/2.0; http://www.uptimerobot.com/)"
93.94.140.42 - - [10/Jul/2026:12:01:54 +0300] "POST /wp-cron.php?doing_wp_cron=1783674114.2506189346313476562500 HTTP/1.1" 200 0 "-" "WordPress/7.0; https://sesimobilya.com"
216.144.248.28 - - [10/Jul/2026:12:01:54 +0300] "HEAD / HTTP/1.1" 200 0 "https://sesimobilya.com" "Mozilla/5.0+(compatible; UptimeRobot/2.0; http://www.uptimerobot.com/)"
93.94.140.42 - - [10/Jul/2026:12:07:24 +0300] "POST /wp-cron.php?doing_wp_cron=1783674444.6365408897399902343750 HTTP/1.1" 200 0 "-" "WordPress/7.0; https://sesimobilya.com"
216.144.248.28 - - [10/Jul/2026:12:07:24 +0300] "HEAD / HTTP/1.1" 200 0 "https://sesimobilya.com" "Mozilla/5.0+(compatible; UptimeRobot/2.0; http://www.uptimerobot.com/)"
93.94.140.42 - - [10/Jul/2026:12:12:30 +0300] "POST /wp-cron.php?doing_wp_cron=1783674750.1773960590362548828125 HTTP/1.1" 200 0 "-" "WordPress/7.0; https://sesimobilya.com"
178.156.185.127 - - [10/Jul/2026:12:12:30 +0300] "HEAD / HTTP/1.1" 200 0 "https://sesimobilya.com" "Mozilla/5.0+(compatible; UptimeRobot/2.0; http://www.uptimerobot.com/)"
93.94.140.42 - - [10/Jul/2026:12:18:31 +0300] "POST /wp-cron.php?doing_wp_cron=1783675111.5750389099121093750000 HTTP/1.1" 200 0 "-" "WordPress/7.0; https://sesimobilya.com"
216.144.248.29 - - [10/Jul/2026:12:18:31 +0300] "HEAD / HTTP/1.1" 200 0 "https://sesimobilya.com" "Mozilla/5.0+(compatible; UptimeRobot/2.0; http://www.uptimerobot.com/)"
93.94.140.42 - - [10/Jul/2026:12:23:36 +0300] "POST /wp-cron.php?doing_wp_cron=1783675416.6323080062866210937500 HTTP/1.1" 200 0 "-" "WordPress/7.0; https://sesimobilya.com"
178.156.181.172 - - [10/Jul/2026:12:23:36 +0300] "HEAD / HTTP/1.1" 200 0 "https://sesimobilya.com" "Mozilla/5.0+(compatible; UptimeRobot/2.0; http://www.uptimerobot.com/)"
93.94.140.42 - - [10/Jul/2026:12:29:32 +0300] "POST /wp-cron.php?doing_wp_cron=1783675772.5551090240478515625000 HTTP/1.1" 200 0 "-" "WordPress/7.0; https://sesimobilya.com"
66.249.79.66 - - [10/Jul/2026:12:29:32 +0300] "GET /i33675483829480 HTTP/1.1" 404 131397 "-" "Mozilla/5.0 (Linux; Android 6.0.1; Nexus 5X Build/MMB29P) AppleWebKit/537.36 (KHTML, like Gecko) Chrome/150.0.7871.46 Mobile Safari/537.36 (compatible; Googlebot/2.1; +http://www.google.com/bot.html)"
35.237.4.214 - - [10/Jul/2026:12:29:38 +0300] "GET / HTTP/1.1" 200 189573 "-" "Mozilla/5.0 (compatible; Discordbot/2.0; +https://discordapp.com)"
35.237.4.214 - - [10/Jul/2026:12:29:41 +0300] "GET /wp-json/oembed/1.0/embed?url=https%3A%2F%2Fsesimobilya.com%2F HTTP/1.1" 200 3173 "-" "Mozilla/5.0 (compatible; Discordbot/2.0; +https://discordapp.com)"
93.94.140.42 - - [10/Jul/2026:12:32:28 +0300] "POST /wp-cron.php?doing_wp_cron=1783675948.8678569793701171875000 HTTP/1.1" 200 0 "-" "WordPress/7.0; https://sesimobilya.com"
72.14.199.132 - - [10/Jul/2026:12:32:29 +0300] "GET /b49376193753447/ HTTP/1.1" 404 131387 "-" "Mozilla/5.0 (X11; Linux x86_64) AppleWebKit/537.36 (KHTML, like Gecko) Chrome/150.0.7871.46 Safari/537.36"
72.14.199.131 - - [10/Jul/2026:12:32:42 +0300] "GET /wp-content/plugins/ht-mega-for-elementor/assets/css/animation.css?ver=2.4.8 HTTP/1.1" 200 71292 "https://sesimobilya.com/b49376193753447/" "Mozilla/5.0 (X11; Linux x86_64) AppleWebKit/537.36 (KHTML, like Gecko) Chrome/150.0.7871.46 Safari/537.36"
72.14.199.130 - - [10/Jul/2026:12:32:49 +0300] "GET /wp-includes/css/dashicons.min.css?ver=7.0 HTTP/1.1" 200 59004 "https://sesimobilya.com/b49376193753447/" "Mozilla/5.0 (X11; Linux x86_64) AppleWebKit/537.36 (KHTML, like Gecko) Chrome/150.0.7871.46 Safari/537.36"
72.14.199.130 - - [10/Jul/2026:12:32:55 +0300] "GET /wp-includes/js/jquery/jquery-migrate.min.js?ver=3.4.1 HTTP/1.1" 200 13577 "https://sesimobilya.com/b49376193753447/" "Mozilla/5.0 (X11; Linux x86_64) AppleWebKit/537.36 (KHTML, like Gecko) Chrome/150.0.7871.46 Safari/537.36"
72.14.199.131 - - [10/Jul/2026:12:33:02 +0300] "GET /wp-content/themes/astra/assets/css/minified/frontend.min.css?ver=4.6.9 HTTP/1.1" 200 48583 "https://sesimobilya.com/b49376193753447/" "Mozilla/5.0 (X11; Linux x86_64) AppleWebKit/537.36 (KHTML, like Gecko) Chrome/150.0.7871.46 Safari/537.36"
72.14.199.131 - - [10/Jul/2026:12:33:09 +0300] "GET /wp-content/plugins/ht-mega-for-elementor/assets/css/slick.min.css?ver=2.4.8 HTTP/1.1" 200 3779 "https://sesimobilya.com/b49376193753447/" "Mozilla/5.0 (X11; Linux x86_64) AppleWebKit/537.36 (KHTML, like Gecko) Chrome/150.0.7871.46 Safari/537.36"
72.14.199.130 - - [10/Jul/2026:12:33:17 +0300] "GET /wp-content/plugins/header-footer-elementor/assets/css/header-footer-elementor.css?ver=1.6.26 HTTP/1.1" 200 776 "https://sesimobilya.com/b49376193753447/" "Mozilla/5.0 (X11; Linux x86_64) AppleWebKit/537.36 (KHTML, like Gecko) Chrome/150.0.7871.46 Safari/537.36"
72.14.199.130 - - [10/Jul/2026:12:33:24 +0300] "GET /wp-content/plugins/elementor/assets/lib/swiper/v8/css/swiper.min.css?ver=8.4.5 HTTP/1.1" 200 16471 "https://sesimobilya.com/b49376193753447/" "Mozilla/5.0 (X11; Linux x86_64) AppleWebKit/537.36 (KHTML, like Gecko) Chrome/150.0.7871.46 Safari/537.36"
72.14.199.130 - - [10/Jul/2026:12:33:31 +0300] "GET /wp-content/plugins/elementor/assets/lib/font-awesome/css/all.min.css?ver=3.20.3 HTTP/1.1" 200 59344 "https://sesimobilya.com/b49376193753447/" "Mozilla/5.0 (X11; Linux x86_64) AppleWebKit/537.36 (KHTML, like Gecko) Chrome/150.0.7871.46 Safari/537.36"
72.14.199.130 - - [10/Jul/2026:12:33:38 +0300] "GET /wp-content/plugins/ht-mega-for-elementor/htmega-blocks/build/style-blocks-htmega.css?ver=2.4.8 HTTP/1.1" 200 69756 "https://sesimobilya.com/b49376193753447/" "Mozilla/5.0 (X11; Linux x86_64) AppleWebKit/537.36 (KHTML, like Gecko) Chrome/150.0.7871.46 Safari/537.36"
72.14.199.130 - - [10/Jul/2026:12:33:45 +0300] "GET /wp-content/themes/astra/assets/css/minified/menu-animation.min.css?ver=4.6.9 HTTP/1.1" 200 3501 "https://sesimobilya.com/b49376193753447/" "Mozilla/5.0 (X11; Linux x86_64) AppleWebKit/537.36 (KHTML, like Gecko) Chrome/150.0.7871.46 Safari/537.36"
72.14.199.130 - - [10/Jul/2026:12:33:52 +0300] "GET /wp-content/plugins/ht-mega-for-elementor/admin/assets/extensions/ht-menu/css/font-awesome.min.css?ver=2.4.8 HTTP/1.1" 200 31000 "https://sesimobilya.com/b49376193753447/" "Mozilla/5.0 (X11; Linux x86_64) AppleWebKit/537.36 (KHTML, like Gecko) Chrome/150.0.7871.46 Safari/537.36"
72.14.199.130 - - [10/Jul/2026:12:33:59 +0300] "GET /wp-content/plugins/elementor/assets/lib/eicons/css/elementor-icons.min.css?ver=5.29.0 HTTP/1.1" 200 19778 "https://sesimobilya.com/b49376193753447/" "Mozilla/5.0 (X11; Linux x86_64) AppleWebKit/537.36 (KHTML, like Gecko) Chrome/150.0.7871.46 Safari/537.36"
72.14.199.130 - - [10/Jul/2026:12:34:06 +0300] "GET /wp-content/plugins/elementor/assets/lib/font-awesome/css/font-awesome.min.css?ver=4.7.0 HTTP/1.1" 200 30999 "https://sesimobilya.com/b49376193753447/" "Mozilla/5.0 (X11; Linux x86_64) AppleWebKit/537.36 (KHTML, like Gecko) Chrome/150.0.7871.46 Safari/537.36"
72.14.199.130 - - [10/Jul/2026:12:34:13 +0300] "GET /wp-content/plugins/ht-mega-for-elementor/assets/css/htbbootstrap.css?ver=2.4.8 HTTP/1.1" 200 55435 "https://sesimobilya.com/b49376193753447/" "Mozilla/5.0 (X11; Linux x86_64) AppleWebKit/537.36 (KHTML, like Gecko) Chrome/150.0.7871.46 Safari/537.36"
72.14.199.130 - - [10/Jul/2026:12:34:19 +0300] "GET /wp-content/plugins/ht-mega-for-elementor/htmega-blocks/src/assets/css/common-style.css?ver=2.4.8 HTTP/1.1" 200 6029 "https://sesimobilya.com/b49376193753447/" "Mozilla/5.0 (X11; Linux x86_64) AppleWebKit/537.36 (KHTML, like Gecko) Chrome/150.0.7871.46 Safari/537.36"
72.14.199.130 - - [10/Jul/2026:12:34:26 +0300] "GET /wp-content/plugins/elementor/assets/css/frontend-lite.min.css?ver=3.20.3 HTTP/1.1" 200 118630 "https://sesimobilya.com/b49376193753447/" "Mozilla/5.0 (X11; Linux x86_64) AppleWebKit/537.36 (KHTML, like Gecko) Chrome/150.0.7871.46 Safari/537.36"
72.14.199.130 - - [10/Jul/2026:12:34:33 +0300] "GET /wp-content/plugins/ht-mega-for-elementor/assets/js/slick.min.js?ver=2.4.8 HTTP/1.1" 200 43882 "https://sesimobilya.com/b49376193753447/" "Mozilla/5.0 (X11; Linux x86_64) AppleWebKit/537.36 (KHTML, like Gecko) Chrome/150.0.7871.46 Safari/537.36"
72.14.199.130 - - [10/Jul/2026:12:34:39 +0300] "GET /wp-content/plugins/ht-mega-for-elementor/htmega-blocks/src/assets/js/script.js?ver=2.4.8 HTTP/1.1" 200 2882 "https://sesimobilya.com/b49376193753447/" "Mozilla/5.0 (X11; Linux x86_64) AppleWebKit/537.36 (KHTML, like Gecko) Chrome/150.0.7871.46 Safari/537.36"
72.14.199.130 - - [10/Jul/2026:12:34:46 +0300] "GET /wp-includes/js/dist/dom-ready.min.js?ver=a06281ae5cf5500e9317 HTTP/1.1" 200 783 "https://sesimobilya.com/b49376193753447/" "Mozilla/5.0 (X11; Linux x86_64) AppleWebKit/537.36 (KHTML, like Gecko) Chrome/150.0.7871.46 Safari/537.36"
93.94.140.42 - - [10/Jul/2026:12:37:36 +0300] "POST /wp-cron.php?doing_wp_cron=1783676256.0432751178741455078125 HTTP/1.1" 200 0 "-" "WordPress/7.0; https://sesimobilya.com"
72.14.199.196 - - [10/Jul/2026:12:37:36 +0300] "GET /i48866687609609/ HTTP/1.1" 301 0 "-" "Mozilla/5.0 (X11; Linux x86_64) AppleWebKit/537.36 (KHTML, like Gecko) Chrome/150.0.7871.46 Safari/537.36"
72.14.199.130 - - [10/Jul/2026:12:37:38 +0300] "GET /i48866687609609/ HTTP/1.1" 404 131387 "-" "Mozilla/5.0 (X11; Linux x86_64) AppleWebKit/537.36 (KHTML, like Gecko) Chrome/150.0.7871.46 Safari/537.36"
93.94.140.42 - - [10/Jul/2026:12:42:44 +0300] "POST /wp-cron.php?doing_wp_cron=1783676564.2325909137725830078125 HTTP/1.1" 200 0 "-" "WordPress/7.0; https://sesimobilya.com"
66.249.79.196 - - [10/Jul/2026:12:42:44 +0300] "GET /robots.txt HTTP/1.1" 301 0 "-" "Mozilla/5.0 (compatible; Googlebot/2.1; +http://www.google.com/bot.html)"
66.249.79.68 - - [10/Jul/2026:12:42:45 +0300] "GET /robots.txt HTTP/1.1" 200 184 "-" "Mozilla/5.0 (compatible; Googlebot/2.1; +http://www.google.com/bot.html)"
93.94.140.42 - - [10/Jul/2026:12:43:01 +0300] "POST /wp-cron.php?doing_wp_cron=1783676581.2407639026641845703125 HTTP/1.1" 200 0 "-" "WordPress/7.0; https://sesimobilya.com"
72.14.199.196 - - [10/Jul/2026:12:43:01 +0300] "GET /a13664406481275/ HTTP/1.1" 301 0 "-" "Mozilla/5.0 (X11; Linux x86_64) AppleWebKit/537.36 (KHTML, like Gecko) Chrome/150.0.7871.46 Safari/537.36"
72.14.199.130 - - [10/Jul/2026:12:43:03 +0300] "GET /a13664406481275/ HTTP/1.1" 404 131387 "-" "Mozilla/5.0 (X11; Linux x86_64) AppleWebKit/537.36 (KHTML, like Gecko) Chrome/150.0.7871.46 Safari/537.36"
66.249.79.196 - - [10/Jul/2026:12:43:48 +0300] "GET /v24335975353984 HTTP/1.1" 301 0 "-" "Mozilla/5.0 (Linux; Android 6.0.1; Nexus 5X Build/MMB29P) AppleWebKit/537.36 (KHTML, like Gecko) Chrome/150.0.7871.46 Mobile Safari/537.36 (compatible; Googlebot/2.1; +http://www.google.com/bot.html)"
93.94.140.42 - - [10/Jul/2026:12:44:01 +0300] "POST /wp-cron.php?doing_wp_cron=1783676641.8768620491027832031250 HTTP/1.1" 200 0 "-" "WordPress/7.0; https://sesimobilya.com"
72.14.199.197 - - [10/Jul/2026:12:44:01 +0300] "GET /u24713984627235/ HTTP/1.1" 301 0 "-" "Mozilla/5.0 (X11; Linux x86_64) AppleWebKit/537.36 (KHTML, like Gecko) Chrome/150.0.7871.46 Safari/537.36"
72.14.199.131 - - [10/Jul/2026:12:44:03 +0300] "GET /u24713984627235/ HTTP/1.1" 404 131387 "-" "Mozilla/5.0 (X11; Linux x86_64) AppleWebKit/537.36 (KHTML, like Gecko) Chrome/150.0.7871.46 Safari/537.36"
72.14.199.130 - - [10/Jul/2026:12:44:09 +0300] "GET /wp-content/plugins/ht-mega-for-elementor/assets/css/htmega-keyframes.css?ver=2.4.8 HTTP/1.1" 200 4730 "https://sesimobilya.com/u24713984627235/" "Mozilla/5.0 (X11; Linux x86_64) AppleWebKit/537.36 (KHTML, like Gecko) Chrome/150.0.7871.46 Safari/537.36"
93.94.140.42 - - [10/Jul/2026:12:44:59 +0300] "POST /wp-cron.php?doing_wp_cron=1783676699.2398090362548828125000 HTTP/1.1" 200 0 "-" "WordPress/7.0; https://sesimobilya.com"
66.249.79.197 - - [10/Jul/2026:12:44:59 +0300] "GET /k48803405629644 HTTP/1.1" 301 0 "-" "Mozilla/5.0 (Linux; Android 6.0.1; Nexus 5X Build/MMB29P) AppleWebKit/537.36 (KHTML, like Gecko) Chrome/150.0.7871.46 Mobile Safari/537.36 (compatible; Googlebot/2.1; +http://www.google.com/bot.html)"
93.94.140.42 - - [10/Jul/2026:12:52:27 +0300] "POST /wp-cron.php?doing_wp_cron=1783677147.2568469047546386718750 HTTP/1.1" 200 0 "-" "WordPress/7.0; https://sesimobilya.com"
93.94.140.42 - - [10/Jul/2026:12:52:28 +0300] "POST /wp-cron.php?doing_wp_cron=1783677148.3280711174011230468750 HTTP/1.1" 200 0 "-" "WordPress/7.0; https://sesimobilya.com"
193.111.248.191 - - [10/Jul/2026:12:52:28 +0300] "GET / HTTP/1.1" 200 189581 "-" "BossBacklinkChecker/2.3 (crawler)"
93.94.140.42 - - [10/Jul/2026:12:54:18 +0300] "POST /wp-cron.php?doing_wp_cron=1783677258.3066430091857910156250 HTTP/1.1" 200 0 "-" "WordPress/7.0; https://sesimobilya.com"
66.249.79.197 - - [10/Jul/2026:12:54:18 +0300] "GET /r35635146118037 HTTP/1.1" 301 0 "-" "Mozilla/5.0 (Linux; Android 6.0.1; Nexus 5X Build/MMB29P) AppleWebKit/537.36 (KHTML, like Gecko) Chrome/150.0.7871.46 Mobile Safari/537.36 (compatible; Googlebot/2.1; +http://www.google.com/bot.html)"
93.94.140.42 - - [10/Jul/2026:12:55:07 +0300] "POST /wp-cron.php?doing_wp_cron=1783677307.6048579216003417968750 HTTP/1.1" 200 0 "-" "WordPress/7.0; https://sesimobilya.com"
5.161.73.160 - - [10/Jul/2026:12:55:07 +0300] "HEAD / HTTP/1.1" 200 0 "https://sesimobilya.com" "Mozilla/5.0+(compatible; UptimeRobot/2.0; http://www.uptimerobot.com/)"
93.94.140.42 - - [10/Jul/2026:13:00:25 +0300] "POST /wp-cron.php?doing_wp_cron=1783677625.5396220684051513671875 HTTP/1.1" 200 0 "-" "WordPress/7.0; https://sesimobilya.com"
66.249.79.197 - - [10/Jul/2026:13:00:25 +0300] "GET /b37472947114047 HTTP/1.1" 301 0 "-" "Mozilla/5.0 (Linux; Android 6.0.1; Nexus 5X Build/MMB29P) AppleWebKit/537.36 (KHTML, like Gecko) Chrome/150.0.7871.46 Mobile Safari/537.36 (compatible; Googlebot/2.1; +http://www.google.com/bot.html)"
66.249.79.196 - - [10/Jul/2026:13:00:34 +0300] "GET /a43295134357620 HTTP/1.1" 301 0 "-" "Mozilla/5.0 (Linux; Android 6.0.1; Nexus 5X Build/MMB29P) AppleWebKit/537.36 (KHTML, like Gecko) Chrome/150.0.7871.46 Mobile Safari/537.36 (compatible; Googlebot/2.1; +http://www.google.com/bot.html)"
93.94.140.42 - - [10/Jul/2026:13:01:27 +0300] "POST /wp-cron.php?doing_wp_cron=1783677686.2386000156402587890625 HTTP/1.1" 499 0 "-" "WordPress/7.0; https://sesimobilya.com"
216.144.248.29 - - [10/Jul/2026:13:01:27 +0300] "HEAD / HTTP/1.1" 200 0 "https://sesimobilya.com" "Mozilla/5.0+(compatible; UptimeRobot/2.0; http://www.uptimerobot.com/)"
93.94.140.42 - - [10/Jul/2026:13:06:47 +0300] "POST /wp-cron.php?doing_wp_cron=1783678007.7873220443725585937500 HTTP/1.1" 200 0 "-" "WordPress/7.0; https://sesimobilya.com"
178.156.189.113 - - [10/Jul/2026:13:06:48 +0300] "HEAD / HTTP/1.1" 200 0 "https://sesimobilya.com" "Mozilla/5.0+(compatible; UptimeRobot/2.0; http://www.uptimerobot.com/)"
66.249.79.196 - - [10/Jul/2026:13:11:49 +0300] "GET /shop/pg/1AvailableInfo/ HTTP/1.1" 301 0 "-" "Mozilla/5.0 (Linux; Android 6.0.1; Nexus 5X Build/MMB29P) AppleWebKit/537.36 (KHTML, like Gecko) Chrome/150.0.7871.46 Mobile Safari/537.36 (compatible; Googlebot/2.1; +http://www.google.com/bot.html)"
216.144.248.28 - - [10/Jul/2026:13:12:20 +0300] "HEAD / HTTP/1.1" 200 0 "https://sesimobilya.com" "Mozilla/5.0+(compatible; UptimeRobot/2.0; http://www.uptimerobot.com/)"
66.249.79.196 - - [10/Jul/2026:13:14:21 +0300] "GET /p22664804834240/ HTTP/1.1" 301 0 "-" "Mozilla/5.0 (Linux; Android 6.0.1; Nexus 5X Build/MMB29P) AppleWebKit/537.36 (KHTML, like Gecko) Chrome/150.0.7871.46 Mobile Safari/537.36 (compatible; Googlebot/2.1; +http://www.google.com/bot.html)"
35.237.4.214 - - [10/Jul/2026:13:18:23 +0300] "GET / HTTP/1.1" 200 189581 "-" "Mozilla/5.0 (compatible; Discordbot/2.0; +https://discordapp.com)"
35.237.4.214 - - [10/Jul/2026:13:18:27 +0300] "GET /wp-json/oembed/1.0/embed?url=https%3A%2F%2Fsesimobilya.com%2F HTTP/1.1" 200 3173 "-" "Mozilla/5.0 (compatible; Discordbot/2.0; +https://discordapp.com)"
66.249.79.197 - - [10/Jul/2026:13:27:45 +0300] "GET /e35909495932255/ HTTP/1.1" 301 0 "-" "Mozilla/5.0 (Linux; Android 6.0.1; Nexus 5X Build/MMB29P) AppleWebKit/537.36 (KHTML, like Gecko) Chrome/150.0.7871.46 Mobile Safari/537.36 (compatible; Googlebot/2.1; +http://www.google.com/bot.html)"
66.249.79.198 - - [10/Jul/2026:13:27:47 +0300] "GET /e35909495932255/ HTTP/1.1" 301 0 "-" "Mozilla/5.0 (compatible; Googlebot/2.1; +http://www.google.com/bot.html)"
66.249.79.196 - - [10/Jul/2026:13:28:17 +0300] "GET /f14412564417906 HTTP/1.1" 301 0 "-" "Mozilla/5.0 (Linux; Android 6.0.1; Nexus 5X Build/MMB29P) AppleWebKit/537.36 (KHTML, like Gecko) Chrome/150.0.7871.46 Mobile Safari/537.36 (compatible; Googlebot/2.1; +http://www.google.com/bot.html)"
66.249.79.198 - - [10/Jul/2026:13:29:19 +0300] "GET /q42483655355438 HTTP/1.1" 301 0 "-" "Mozilla/5.0 (Linux; Android 6.0.1; Nexus 5X Build/MMB29P) AppleWebKit/537.36 (KHTML, like Gecko) Chrome/150.0.7871.46 Mobile Safari/537.36 (compatible; Googlebot/2.1; +http://www.google.com/bot.html)"
178.156.181.172 - - [10/Jul/2026:13:33:40 +0300] "HEAD / HTTP/1.1" 200 0 "https://sesimobilya.com" "Mozilla/5.0+(compatible; UptimeRobot/2.0; http://www.uptimerobot.com/)"
72.14.199.198 - - [10/Jul/2026:13:33:49 +0300] "GET /c22371677240156/ HTTP/1.1" 301 0 "-" "Mozilla/5.0 (X11; Linux x86_64) AppleWebKit/537.36 (KHTML, like Gecko) Chrome/150.0.7871.46 Safari/537.36"
72.14.199.197 - - [10/Jul/2026:13:34:19 +0300] "GET /a25444554390974/ HTTP/1.1" 301 0 "-" "Mozilla/5.0 (X11; Linux x86_64) AppleWebKit/537.36 (KHTML, like Gecko) Chrome/150.0.7871.46 Safari/537.36"
66.249.79.196 - - [10/Jul/2026:13:34:27 +0300] "GET /v19535517315120 HTTP/1.1" 301 0 "-" "Mozilla/5.0 (Linux; Android 6.0.1; Nexus 5X Build/MMB29P) AppleWebKit/537.36 (KHTML, like Gecko) Chrome/150.0.7871.46 Mobile Safari/537.36 (compatible; Googlebot/2.1; +http://www.google.com/bot.html)"
72.14.199.197 - - [10/Jul/2026:13:38:03 +0300] "GET /i48866687609609/ HTTP/1.1" 301 0 "-" "Mozilla/5.0 (X11; Linux x86_64) AppleWebKit/537.36 (KHTML, like Gecko) Chrome/150.0.7871.46 Safari/537.36"
52.15.147.27 - - [10/Jul/2026:13:38:47 +0300] "HEAD / HTTP/1.1" 200 0 "https://sesimobilya.com" "Mozilla/5.0+(compatible; UptimeRobot/2.0; http://www.uptimerobot.com/)"
66.249.79.198 - - [10/Jul/2026:13:40:05 +0300] "GET /p43594145588435/ HTTP/1.1" 301 0 "-" "Mozilla/5.0 (Linux; Android 6.0.1; Nexus 5X Build/MMB29P) AppleWebKit/537.36 (KHTML, like Gecko) Chrome/150.0.7871.46 Mobile Safari/537.36 (compatible; Googlebot/2.1; +http://www.google.com/bot.html)"
102.220.160.79 - - [10/Jul/2026:13:40:26 +0300] "GET / HTTP/1.1" 200 65154 "-" "Mozilla/5.0 (Windows NT 10.0; Win64; x64) AppleWebKit/537.36 (KHTML, like Gecko) Chrome/122.0.0.0 Safari/537.36"
66.249.79.197 - - [10/Jul/2026:13:40:51 +0300] "GET /x11083264306143/ HTTP/1.1" 301 0 "-" "Mozilla/5.0 (Linux; Android 6.0.1; Nexus 5X Build/MMB29P) AppleWebKit/537.36 (KHTML, like Gecko) Chrome/150.0.7871.46 Mobile Safari/537.36 (compatible; Googlebot/2.1; +http://www.google.com/bot.html)"
72.14.199.198 - - [10/Jul/2026:13:44:13 +0300] "GET /a13664406481275/ HTTP/1.1" 301 0 "-" "Mozilla/5.0 (X11; Linux x86_64) AppleWebKit/537.36 (KHTML, like Gecko) Chrome/150.0.7871.46 Safari/537.36"
72.14.199.196 - - [10/Jul/2026:13:44:35 +0300] "GET /u24713984627235/ HTTP/1.1" 301 0 "-" "Mozilla/5.0 (X11; Linux x86_64) AppleWebKit/537.36 (KHTML, like Gecko) Chrome/150.0.7871.46 Safari/537.36"
66.249.79.196 - - [10/Jul/2026:13:52:16 +0300] "GET /g10652556998036 HTTP/1.1" 301 0 "-" "Mozilla/5.0 (Linux; Android 6.0.1; Nexus 5X Build/MMB29P) AppleWebKit/537.36 (KHTML, like Gecko) Chrome/150.0.7871.46 Mobile Safari/537.36 (compatible; Googlebot/2.1; +http://www.google.com/bot.html)"
66.249.79.196 - - [10/Jul/2026:13:53:13 +0300] "GET /m42182435740468 HTTP/1.1" 301 0 "-" "Mozilla/5.0 (Linux; Android 6.0.1; Nexus 5X Build/MMB29P) AppleWebKit/537.36 (KHTML, like Gecko) Chrome/150.0.7871.46 Mobile Safari/537.36 (compatible; Googlebot/2.1; +http://www.google.com/bot.html)"
66.249.79.196 - - [10/Jul/2026:13:58:37 +0300] "GET /m47934934070634/ HTTP/1.1" 301 0 "-" "Mozilla/5.0 (compatible; Googlebot/2.1; +http://www.google.com/bot.html)"
3.212.128.62 - - [10/Jul/2026:14:05:19 +0300] "HEAD / HTTP/1.1" 200 0 "https://sesimobilya.com" "Mozilla/5.0+(compatible; UptimeRobot/2.0; http://www.uptimerobot.com/)"
66.249.79.198 - - [10/Jul/2026:14:10:06 +0300] "GET /l37709527278193 HTTP/1.1" 301 0 "-" "Mozilla/5.0 (Linux; Android 6.0.1; Nexus 5X Build/MMB29P) AppleWebKit/537.36 (KHTML, like Gecko) Chrome/150.0.7871.46 Mobile Safari/537.36 (compatible; Googlebot/2.1; +http://www.google.com/bot.html)"
66.249.79.196 - - [10/Jul/2026:14:10:19 +0300] "GET /d34856503782476 HTTP/1.1" 301 0 "-" "Mozilla/5.0 (Linux; Android 6.0.1; Nexus 5X Build/MMB29P) AppleWebKit/537.36 (KHTML, like Gecko) Chrome/150.0.7871.46 Mobile Safari/537.36 (compatible; Googlebot/2.1; +http://www.google.com/bot.html)"
216.144.248.28 - - [10/Jul/2026:14:10:53 +0300] "HEAD / HTTP/1.1" 200 0 "https://sesimobilya.com" "Mozilla/5.0+(compatible; UptimeRobot/2.0; http://www.uptimerobot.com/)"
178.156.189.249 - - [10/Jul/2026:14:16:28 +0300] "HEAD / HTTP/1.1" 200 0 "https://sesimobilya.com" "Mozilla/5.0+(compatible; UptimeRobot/2.0; http://www.uptimerobot.com/)"
72.14.199.198 - - [10/Jul/2026:14:20:44 +0300] "GET /i48866687609609/ HTTP/1.1" 301 0 "-" "Mozilla/5.0 (X11; Linux x86_64) AppleWebKit/537.36 (KHTML, like Gecko) Chrome/150.0.7871.46 Safari/537.36"
66.249.79.196 - - [10/Jul/2026:14:20:57 +0300] "GET /b47730457675519 HTTP/1.1" 301 0 "-" "Mozilla/5.0 (Linux; Android 6.0.1; Nexus 5X Build/MMB29P) AppleWebKit/537.36 (KHTML, like Gecko) Chrome/150.0.7871.46 Mobile Safari/537.36 (compatible; Googlebot/2.1; +http://www.google.com/bot.html)"
66.249.79.197 - - [10/Jul/2026:14:20:58 +0300] "GET /o14972845109398 HTTP/1.1" 301 0 "-" "Mozilla/5.0 (Linux; Android 6.0.1; Nexus 5X Build/MMB29P) AppleWebKit/537.36 (KHTML, like Gecko) Chrome/150.0.7871.46 Mobile Safari/537.36 (compatible; Googlebot/2.1; +http://www.google.com/bot.html)"
5.161.113.195 - - [10/Jul/2026:14:22:02 +0300] "HEAD / HTTP/1.1" 200 0 "https://sesimobilya.com" "Mozilla/5.0+(compatible; UptimeRobot/2.0; http://www.uptimerobot.com/)"
72.14.199.198 - - [10/Jul/2026:14:25:09 +0300] "GET /a13664406481275/ HTTP/1.1" 301 0 "-" "Mozilla/5.0 (X11; Linux x86_64) AppleWebKit/537.36 (KHTML, like Gecko) Chrome/150.0.7871.46 Safari/537.36"
72.14.199.196 - - [10/Jul/2026:14:25:33 +0300] "GET /u24713984627235/ HTTP/1.1" 301 0 "-" "Mozilla/5.0 (X11; Linux x86_64) AppleWebKit/537.36 (KHTML, like Gecko) Chrome/150.0.7871.46 Safari/537.36"
72.14.199.196 - - [10/Jul/2026:14:26:46 +0300] "GET /c22371677240156/ HTTP/1.1" 301 0 "-" "Mozilla/5.0 (X11; Linux x86_64) AppleWebKit/537.36 (KHTML, like Gecko) Chrome/150.0.7871.46 Safari/537.36"
178.156.181.172 - - [10/Jul/2026:14:27:08 +0300] "HEAD / HTTP/1.1" 200 0 "https://sesimobilya.com" "Mozilla/5.0+(compatible; UptimeRobot/2.0; http://www.uptimerobot.com/)"
72.14.199.196 - - [10/Jul/2026:14:27:25 +0300] "GET /a25444554390974/ HTTP/1.1" 301 0 "-" "Mozilla/5.0 (X11; Linux x86_64) AppleWebKit/537.36 (KHTML, like Gecko) Chrome/150.0.7871.46 Safari/537.36"
66.249.79.196 - - [10/Jul/2026:14:30:30 +0300] "GET /y48349943797487 HTTP/1.1" 301 0 "-" "Mozilla/5.0 (Linux; Android 6.0.1; Nexus 5X Build/MMB29P) AppleWebKit/537.36 (KHTML, like Gecko) Chrome/150.0.7871.46 Mobile Safari/537.36 (compatible; Googlebot/2.1; +http://www.google.com/bot.html)"
66.249.79.196 - - [10/Jul/2026:14:31:20 +0300] "GET /f10648855431000 HTTP/1.1" 301 0 "-" "Mozilla/5.0 (Linux; Android 6.0.1; Nexus 5X Build/MMB29P) AppleWebKit/537.36 (KHTML, like Gecko) Chrome/150.0.7871.46 Mobile Safari/537.36 (compatible; Googlebot/2.1; +http://www.google.com/bot.html)"
178.156.181.172 - - [10/Jul/2026:14:32:14 +0300] "HEAD / HTTP/1.1" 200 0 "https://sesimobilya.com" "Mozilla/5.0+(compatible; UptimeRobot/2.0; http://www.uptimerobot.com/)"
35.237.4.214 - - [10/Jul/2026:14:38:19 +0300] "GET / HTTP/1.1" 200 189581 "-" "Mozilla/5.0 (compatible; Discordbot/2.0; +https://discordapp.com)"
34.74.113.139 - - [10/Jul/2026:14:38:19 +0300] "GET /wp-content/uploads/2023/05/IMG_2679-1024x768.jpg HTTP/1.1" 200 60832 "-" "Mozilla/5.0 (compatible; Discordbot/2.0; +https://discordapp.com)"
35.237.4.214 - - [10/Jul/2026:14:38:20 +0300] "GET /wp-json/oembed/1.0/embed?url=https%3A%2F%2Fsesimobilya.com%2F HTTP/1.1" 200 3173 "-" "Mozilla/5.0 (compatible; Discordbot/2.0; +https://discordapp.com)"
66.249.79.198 - - [10/Jul/2026:14:42:39 +0300] "GET /x42381237161057 HTTP/1.1" 301 0 "-" "Mozilla/5.0 (Linux; Android 6.0.1; Nexus 5X Build/MMB29P) AppleWebKit/537.36 (KHTML, like Gecko) Chrome/150.0.7871.46 Mobile Safari/537.36 (compatible; Googlebot/2.1; +http://www.google.com/bot.html)"
66.249.79.196 - - [10/Jul/2026:14:42:46 +0300] "GET /c38579637483808 HTTP/1.1" 301 0 "-" "Mozilla/5.0 (Linux; Android 6.0.1; Nexus 5X Build/MMB29P) AppleWebKit/537.36 (KHTML, like Gecko) Chrome/150.0.7871.46 Mobile Safari/537.36 (compatible; Googlebot/2.1; +http://www.google.com/bot.html)"
178.156.181.172 - - [10/Jul/2026:14:43:20 +0300] "HEAD / HTTP/1.1" 200 0 "https://sesimobilya.com" "Mozilla/5.0+(compatible; UptimeRobot/2.0; http://www.uptimerobot.com/)"
3.20.63.178 - - [10/Jul/2026:14:48:29 +0300] "HEAD / HTTP/1.1" 200 0 "https://sesimobilya.com" "Mozilla/5.0+(compatible; UptimeRobot/2.0; http://www.uptimerobot.com/)"
66.249.79.197 - - [10/Jul/2026:14:48:36 +0300] "GET /x36146664359926/ HTTP/1.1" 301 0 "-" "Mozilla/5.0 (compatible; Googlebot/2.1; +http://www.google.com/bot.html)"
178.156.185.127 - - [10/Jul/2026:14:53:39 +0300] "HEAD / HTTP/1.1" 200 0 "https://sesimobilya.com" "Mozilla/5.0+(compatible; UptimeRobot/2.0; http://www.uptimerobot.com/)"
52.15.147.27 - - [10/Jul/2026:14:59:11 +0300] "HEAD / HTTP/1.1" 200 0 "https://sesimobilya.com" "Mozilla/5.0+(compatible; UptimeRobot/2.0; http://www.uptimerobot.com/)"
66.249.79.196 - - [10/Jul/2026:15:02:33 +0300] "GET /q46129045608782 HTTP/1.1" 301 0 "-" "Mozilla/5.0 (Linux; Android 6.0.1; Nexus 5X Build/MMB29P) AppleWebKit/537.36 (KHTML, like Gecko) Chrome/150.0.7871.46 Mobile Safari/537.36 (compatible; Googlebot/2.1; +http://www.google.com/bot.html)"
3.212.128.62 - - [10/Jul/2026:15:04:18 +0300] "HEAD / HTTP/1.1" 200 0 "https://sesimobilya.com" "Mozilla/5.0+(compatible; UptimeRobot/2.0; http://www.uptimerobot.com/)"
66.249.79.198 - - [10/Jul/2026:15:07:19 +0300] "GET /q35491114877120 HTTP/1.1" 301 0 "-" "Mozilla/5.0 (Linux; Android 6.0.1; Nexus 5X Build/MMB29P) AppleWebKit/537.36 (KHTML, like Gecko) Chrome/150.0.7871.46 Mobile Safari/537.36 (compatible; Googlebot/2.1; +http://www.google.com/bot.html)"
5.161.113.195 - - [10/Jul/2026:15:09:25 +0300] "HEAD / HTTP/1.1" 200 0 "https://sesimobilya.com" "Mozilla/5.0+(compatible; UptimeRobot/2.0; http://www.uptimerobot.com/)"
74.7.242.7 - - [10/Jul/2026:15:12:25 +0300] "GET /sitemap_index.xml HTTP/1.1" 200 414 "-" "Mozilla/5.0 AppleWebKit/537.36 (KHTML, like Gecko; compatible; GPTBot/1.4; +https://openai.com/gptbot)"
74.7.228.33 - - [10/Jul/2026:15:12:26 +0300] "GET /robots.txt HTTP/1.1" 200 184 "-" "Mozilla/5.0 (Macintosh; Intel Mac OS X 10_15_7) AppleWebKit/537.36 (KHTML, like Gecko) Chrome/131.0.0.0 Safari/537.36; compatible; OAI-SearchBot/1.4; robots.txt; +https://openai.com/searchbot"
3.149.57.90 - - [10/Jul/2026:15:15:26 +0300] "HEAD / HTTP/1.1" 200 0 "https://sesimobilya.com" "Mozilla/5.0+(compatible; UptimeRobot/2.0; http://www.uptimerobot.com/)"
72.14.199.198 - - [10/Jul/2026:15:19:48 +0300] "GET /i48866687609609/ HTTP/1.1" 301 0 "-" "Mozilla/5.0 (X11; Linux x86_64) AppleWebKit/537.36 (KHTML, like Gecko) Chrome/150.0.7871.46 Safari/537.36"
3.149.57.90 - - [10/Jul/2026:15:20:32 +0300] "HEAD / HTTP/1.1" 200 0 "https://sesimobilya.com" "Mozilla/5.0+(compatible; UptimeRobot/2.0; http://www.uptimerobot.com/)"
72.14.199.197 - - [10/Jul/2026:15:23:31 +0300] "GET /a13664406481275/ HTTP/1.1" 301 0 "-" "Mozilla/5.0 (X11; Linux x86_64) AppleWebKit/537.36 (KHTML, like Gecko) Chrome/150.0.7871.46 Safari/537.36"
72.14.199.131 - - [10/Jul/2026:15:23:33 +0300] "GET /a13664406481275/ HTTP/1.1" 404 131380 "-" "Mozilla/5.0 (X11; Linux x86_64) AppleWebKit/537.36 (KHTML, like Gecko) Chrome/150.0.7871.46 Safari/537.36"
72.14.199.131 - - [10/Jul/2026:15:23:38 +0300] "GET /wp-content/themes/astra/assets/css/minified/frontend.min.css?ver=4.6.9 HTTP/1.1" 200 48583 "https://sesimobilya.com/a13664406481275/" "Mozilla/5.0 (X11; Linux x86_64) AppleWebKit/537.36 (KHTML, like Gecko) Chrome/150.0.7871.46 Safari/537.36"
72.14.199.130 - - [10/Jul/2026:15:23:45 +0300] "GET /wp-content/plugins/ht-mega-for-elementor/admin/assets/extensions/ht-menu/css/font-awesome.min.css?ver=2.4.8 HTTP/1.1" 200 31000 "https://sesimobilya.com/a13664406481275/" "Mozilla/5.0 (X11; Linux x86_64) AppleWebKit/537.36 (KHTML, like Gecko) Chrome/150.0.7871.46 Safari/537.36"
72.14.199.130 - - [10/Jul/2026:15:23:50 +0300] "GET /wp-content/plugins/ht-mega-for-elementor/htmega-blocks/src/assets/css/common-style.css?ver=2.4.8 HTTP/1.1" 200 6029 "https://sesimobilya.com/a13664406481275/" "Mozilla/5.0 (X11; Linux x86_64) AppleWebKit/537.36 (KHTML, like Gecko) Chrome/150.0.7871.46 Safari/537.36"
72.14.199.130 - - [10/Jul/2026:15:23:57 +0300] "GET /wp-content/plugins/ht-mega-for-elementor/assets/css/slick.min.css?ver=2.4.8 HTTP/1.1" 200 3779 "https://sesimobilya.com/a13664406481275/" "Mozilla/5.0 (X11; Linux x86_64) AppleWebKit/537.36 (KHTML, like Gecko) Chrome/150.0.7871.46 Safari/537.36"
72.14.199.131 - - [10/Jul/2026:15:24:04 +0300] "GET /wp-content/plugins/elementor/assets/css/frontend-lite.min.css?ver=3.20.3 HTTP/1.1" 200 118630 "https://sesimobilya.com/a13664406481275/" "Mozilla/5.0 (X11; Linux x86_64) AppleWebKit/537.36 (KHTML, like Gecko) Chrome/150.0.7871.46 Safari/537.36"
72.14.199.198 - - [10/Jul/2026:15:24:08 +0300] "GET /u24713984627235/ HTTP/1.1" 301 0 "-" "Mozilla/5.0 (X11; Linux x86_64) AppleWebKit/537.36 (KHTML, like Gecko) Chrome/150.0.7871.46 Safari/537.36"
72.14.199.131 - - [10/Jul/2026:15:24:11 +0300] "GET /wp-content/plugins/header-footer-elementor/assets/css/header-footer-elementor.css?ver=1.6.26 HTTP/1.1" 200 776 "https://sesimobilya.com/a13664406481275/" "Mozilla/5.0 (X11; Linux x86_64) AppleWebKit/537.36 (KHTML, like Gecko) Chrome/150.0.7871.46 Safari/537.36"
72.14.199.130 - - [10/Jul/2026:15:24:17 +0300] "GET /wp-content/plugins/elementor/assets/lib/eicons/css/elementor-icons.min.css?ver=5.29.0 HTTP/1.1" 200 19778 "https://sesimobilya.com/a13664406481275/" "Mozilla/5.0 (X11; Linux x86_64) AppleWebKit/537.36 (KHTML, like Gecko) Chrome/150.0.7871.46 Safari/537.36"
72.14.199.130 - - [10/Jul/2026:15:24:24 +0300] "GET /wp-content/plugins/elementor/assets/lib/swiper/v8/css/swiper.min.css?ver=8.4.5 HTTP/1.1" 200 16471 "https://sesimobilya.com/a13664406481275/" "Mozilla/5.0 (X11; Linux x86_64) AppleWebKit/537.36 (KHTML, like Gecko) Chrome/150.0.7871.46 Safari/537.36"
72.14.199.130 - - [10/Jul/2026:15:24:30 +0300] "GET /wp-content/plugins/elementor/assets/lib/font-awesome/css/v4-shims.min.css?ver=3.20.3 HTTP/1.1" 200 26702 "https://sesimobilya.com/a13664406481275/" "Mozilla/5.0 (X11; Linux x86_64) AppleWebKit/537.36 (KHTML, like Gecko) Chrome/150.0.7871.46 Safari/537.36"
72.14.199.130 - - [10/Jul/2026:15:24:37 +0300] "GET /wp-content/plugins/ht-mega-for-elementor/assets/css/htbbootstrap.css?ver=2.4.8 HTTP/1.1" 200 55435 "https://sesimobilya.com/a13664406481275/" "Mozilla/5.0 (X11; Linux x86_64) AppleWebKit/537.36 (KHTML, like Gecko) Chrome/150.0.7871.46 Safari/537.36"
72.14.199.130 - - [10/Jul/2026:15:24:43 +0300] "GET /wp-content/plugins/elementor/assets/lib/font-awesome/css/all.min.css?ver=3.20.3 HTTP/1.1" 200 59344 "https://sesimobilya.com/a13664406481275/" "Mozilla/5.0 (X11; Linux x86_64) AppleWebKit/537.36 (KHTML, like Gecko) Chrome/150.0.7871.46 Safari/537.36"
72.14.199.130 - - [10/Jul/2026:15:24:50 +0300] "GET /wp-content/plugins/essential-addons-for-elementor-lite/assets/front-end/css/view/general.min.css?ver=5.9.13 HTTP/1.1" 200 3758 "https://sesimobilya.com/a13664406481275/" "Mozilla/5.0 (X11; Linux x86_64) AppleWebKit/537.36 (KHTML, like Gecko) Chrome/150.0.7871.46 Safari/537.36"
72.14.199.130 - - [10/Jul/2026:15:24:56 +0300] "GET /wp-includes/js/jquery/jquery-migrate.min.js?ver=3.4.1 HTTP/1.1" 200 13577 "https://sesimobilya.com/a13664406481275/" "Mozilla/5.0 (X11; Linux x86_64) AppleWebKit/537.36 (KHTML, like Gecko) Chrome/150.0.7871.46 Safari/537.36"
72.14.199.132 - - [10/Jul/2026:15:25:03 +0300] "GET /wp-content/themes/astra/assets/js/minified/frontend.min.js?ver=4.6.9 HTTP/1.1" 200 21646 "https://sesimobilya.com/a13664406481275/" "Mozilla/5.0 (X11; Linux x86_64) AppleWebKit/537.36 (KHTML, like Gecko) Chrome/150.0.7871.46 Safari/537.36"
72.14.199.130 - - [10/Jul/2026:15:25:09 +0300] "GET /wp-content/plugins/elementor/assets/lib/font-awesome/js/v4-shims.min.js?ver=3.20.3 HTTP/1.1" 200 15073 "https://sesimobilya.com/a13664406481275/" "Mozilla/5.0 (X11; Linux x86_64) AppleWebKit/537.36 (KHTML, like Gecko) Chrome/150.0.7871.46 Safari/537.36"
72.14.199.130 - - [10/Jul/2026:15:25:15 +0300] "GET /wp-content/themes/astra/assets/css/minified/menu-animation.min.css?ver=4.6.9 HTTP/1.1" 200 3501 "https://sesimobilya.com/a13664406481275/" "Mozilla/5.0 (X11; Linux x86_64) AppleWebKit/537.36 (KHTML, like Gecko) Chrome/150.0.7871.46 Safari/537.36"
72.14.199.130 - - [10/Jul/2026:15:25:21 +0300] "GET /wp-content/plugins/ht-mega-for-elementor/htmega-blocks/build/style-blocks-htmega.css?ver=2.4.8 HTTP/1.1" 200 69756 "https://sesimobilya.com/a13664406481275/" "Mozilla/5.0 (X11; Linux x86_64) AppleWebKit/537.36 (KHTML, like Gecko) Chrome/150.0.7871.46 Safari/537.36"
72.14.199.130 - - [10/Jul/2026:15:25:28 +0300] "GET /wp-content/plugins/ht-mega-for-elementor/assets/css/animation.css?ver=2.4.8 HTTP/1.1" 200 71292 "https://sesimobilya.com/a13664406481275/" "Mozilla/5.0 (X11; Linux x86_64) AppleWebKit/537.36 (KHTML, like Gecko) Chrome/150.0.7871.46 Safari/537.36"
72.14.199.130 - - [10/Jul/2026:15:25:36 +0300] "GET /u24713984627235/ HTTP/1.1" 404 131387 "-" "Mozilla/5.0 (X11; Linux x86_64) AppleWebKit/537.36 (KHTML, like Gecko) Chrome/150.0.7871.46 Safari/537.36"
72.14.199.130 - - [10/Jul/2026:15:25:40 +0300] "GET /wp-content/plugins/ht-mega-for-elementor/htmega-blocks/src/assets/js/script.js?ver=2.4.8 HTTP/1.1" 200 2882 "https://sesimobilya.com/a13664406481275/" "Mozilla/5.0 (X11; Linux x86_64) AppleWebKit/537.36 (KHTML, like Gecko) Chrome/150.0.7871.46 Safari/537.36"
72.14.199.130 - - [10/Jul/2026:15:25:46 +0300] "GET /wp-includes/js/dist/dom-ready.min.js?ver=a06281ae5cf5500e9317 HTTP/1.1" 200 783 "https://sesimobilya.com/a13664406481275/" "Mozilla/5.0 (X11; Linux x86_64) AppleWebKit/537.36 (KHTML, like Gecko) Chrome/150.0.7871.46 Safari/537.36"
66.249.79.197 - - [10/Jul/2026:15:25:51 +0300] "GET /n49728317401395 HTTP/1.1" 301 0 "-" "Mozilla/5.0 (Linux; Android 6.0.1; Nexus 5X Build/MMB29P) AppleWebKit/537.36 (KHTML, like Gecko) Chrome/150.0.7871.46 Mobile Safari/537.36 (compatible; Googlebot/2.1; +http://www.google.com/bot.html)"
72.14.199.130 - - [10/Jul/2026:15:25:52 +0300] "GET /wp-content/themes/astra/assets/css/minified/frontend.min.css?ver=4.6.9 HTTP/1.1" 200 48583 "https://sesimobilya.com/u24713984627235/" "Mozilla/5.0 (X11; Linux x86_64) AppleWebKit/537.36 (KHTML, like Gecko) Chrome/150.0.7871.46 Safari/537.36"
72.14.199.130 - - [10/Jul/2026:15:25:58 +0300] "GET /wp-content/plugins/ht-mega-for-elementor/admin/assets/extensions/ht-menu/css/font-awesome.min.css?ver=2.4.8 HTTP/1.1" 200 31000 "https://sesimobilya.com/u24713984627235/" "Mozilla/5.0 (X11; Linux x86_64) AppleWebKit/537.36 (KHTML, like Gecko) Chrome/150.0.7871.46 Safari/537.36"
72.14.199.131 - - [10/Jul/2026:15:26:04 +0300] "GET /wp-content/plugins/elementor/assets/lib/eicons/css/elementor-icons.min.css?ver=5.29.0 HTTP/1.1" 200 19778 "https://sesimobilya.com/u24713984627235/" "Mozilla/5.0 (X11; Linux x86_64) AppleWebKit/537.36 (KHTML, like Gecko) Chrome/150.0.7871.46 Safari/537.36"
3.20.63.178 - - [10/Jul/2026:15:26:05 +0300] "HEAD / HTTP/1.1" 200 0 "https://sesimobilya.com" "Mozilla/5.0+(compatible; UptimeRobot/2.0; http://www.uptimerobot.com/)"
72.14.199.131 - - [10/Jul/2026:15:26:10 +0300] "GET /wp-content/plugins/elementor/assets/css/frontend-lite.min.css?ver=3.20.3 HTTP/1.1" 200 118630 "https://sesimobilya.com/u24713984627235/" "Mozilla/5.0 (X11; Linux x86_64) AppleWebKit/537.36 (KHTML, like Gecko) Chrome/150.0.7871.46 Safari/537.36"
72.14.199.130 - - [10/Jul/2026:15:26:15 +0300] "GET /wp-includes/css/dashicons.min.css?ver=7.0 HTTP/1.1" 200 59004 "https://sesimobilya.com/u24713984627235/" "Mozilla/5.0 (X11; Linux x86_64) AppleWebKit/537.36 (KHTML, like Gecko) Chrome/150.0.7871.46 Safari/537.36"
72.14.199.130 - - [10/Jul/2026:15:26:21 +0300] "GET /wp-content/plugins/ht-mega-for-elementor/htmega-blocks/src/assets/css/common-style.css?ver=2.4.8 HTTP/1.1" 200 6029 "https://sesimobilya.com/u24713984627235/" "Mozilla/5.0 (X11; Linux x86_64) AppleWebKit/537.36 (KHTML, like Gecko) Chrome/150.0.7871.46 Safari/537.36"
72.14.199.130 - - [10/Jul/2026:15:26:27 +0300] "GET /wp-content/plugins/header-footer-elementor/assets/css/header-footer-elementor.css?ver=1.6.26 HTTP/1.1" 200 776 "https://sesimobilya.com/u24713984627235/" "Mozilla/5.0 (X11; Linux x86_64) AppleWebKit/537.36 (KHTML, like Gecko) Chrome/150.0.7871.46 Safari/537.36"
72.14.199.198 - - [10/Jul/2026:15:27:19 +0300] "GET /c22371677240156/ HTTP/1.1" 301 0 "-" "Mozilla/5.0 (X11; Linux x86_64) AppleWebKit/537.36 (KHTML, like Gecko) Chrome/150.0.7871.46 Safari/537.36"
72.14.199.132 - - [10/Jul/2026:15:27:21 +0300] "GET /c22371677240156/ HTTP/1.1" 404 131387 "-" "Mozilla/5.0 (X11; Linux x86_64) AppleWebKit/537.36 (KHTML, like Gecko) Chrome/150.0.7871.46 Safari/537.36"
72.14.199.130 - - [10/Jul/2026:15:27:25 +0300] "GET /b49376193753447/ HTTP/1.1" 404 131387 "-" "Mozilla/5.0 (X11; Linux x86_64) AppleWebKit/537.36 (KHTML, like Gecko) Chrome/150.0.7871.46 Safari/537.36"
72.14.199.130 - - [10/Jul/2026:15:27:29 +0300] "GET /wp-includes/js/jquery/jquery.min.js?ver=3.7.1 HTTP/1.1" 200 87553 "https://sesimobilya.com/c22371677240156/" "Mozilla/5.0 (X11; Linux x86_64) AppleWebKit/537.36 (KHTML, like Gecko) Chrome/150.0.7871.46 Safari/537.36"
72.14.199.130 - - [10/Jul/2026:15:27:35 +0300] "GET /wp-content/uploads/elementor/css/post-682.css?ver=1718798738 HTTP/1.1" 200 1239 "https://sesimobilya.com/c22371677240156/" "Mozilla/5.0 (X11; Linux x86_64) AppleWebKit/537.36 (KHTML, like Gecko) Chrome/150.0.7871.46 Safari/537.36"
72.14.199.130 - - [10/Jul/2026:15:27:41 +0300] "GET /wp-content/plugins/ht-mega-for-elementor/assets/js/slick.min.js?ver=2.4.8 HTTP/1.1" 200 43882 "https://sesimobilya.com/c22371677240156/" "Mozilla/5.0 (X11; Linux x86_64) AppleWebKit/537.36 (KHTML, like Gecko) Chrome/150.0.7871.46 Safari/537.36"
72.14.199.196 - - [10/Jul/2026:15:27:42 +0300] "GET /a25444554390974/ HTTP/1.1" 301 0 "-" "Mozilla/5.0 (X11; Linux x86_64) AppleWebKit/537.36 (KHTML, like Gecko) Chrome/150.0.7871.46 Safari/537.36"
72.14.199.130 - - [10/Jul/2026:15:27:46 +0300] "GET /wp-content/plugins/elementor/assets/lib/font-awesome/css/font-awesome.min.css?ver=4.7.0 HTTP/1.1" 200 30999 "https://sesimobilya.com/c22371677240156/" "Mozilla/5.0 (X11; Linux x86_64) AppleWebKit/537.36 (KHTML, like Gecko) Chrome/150.0.7871.46 Safari/537.36"
72.14.199.130 - - [10/Jul/2026:15:27:52 +0300] "GET /wp-content/plugins/astra-sites/inc/lib/onboarding/assets/dist/template-preview/main.js?ver=06758d4d807d9d22c6ea HTTP/1.1" 200 6581 "https://sesimobilya.com/c22371677240156/" "Mozilla/5.0 (X11; Linux x86_64) AppleWebKit/537.36 (KHTML, like Gecko) Chrome/150.0.7871.46 Safari/537.36"
72.14.199.130 - - [10/Jul/2026:15:27:57 +0300] "GET /wp-content/plugins/elementor/assets/lib/font-awesome/css/font-awesome.min.css?ver=4.7.0 HTTP/1.1" 200 30999 "https://sesimobilya.com/b49376193753447/" "Mozilla/5.0 (X11; Linux x86_64) AppleWebKit/537.36 (KHTML, like Gecko) Chrome/150.0.7871.46 Safari/537.36"
72.14.199.130 - - [10/Jul/2026:15:28:03 +0300] "GET /wp-content/uploads/elementor/css/post-682.css?ver=1718798738 HTTP/1.1" 200 1239 "https://sesimobilya.com/b49376193753447/" "Mozilla/5.0 (X11; Linux x86_64) AppleWebKit/537.36 (KHTML, like Gecko) Chrome/150.0.7871.46 Safari/537.36"
72.14.199.130 - - [10/Jul/2026:15:28:08 +0300] "GET /wp-includes/js/jquery/jquery.min.js?ver=3.7.1 HTTP/1.1" 200 87553 "https://sesimobilya.com/b49376193753447/" "Mozilla/5.0 (X11; Linux x86_64) AppleWebKit/537.36 (KHTML, like Gecko) Chrome/150.0.7871.46 Safari/537.36"
72.14.199.130 - - [10/Jul/2026:15:28:14 +0300] "GET /wp-content/plugins/ht-mega-for-elementor/assets/js/slick.min.js?ver=2.4.8 HTTP/1.1" 200 43882 "https://sesimobilya.com/b49376193753447/" "Mozilla/5.0 (X11; Linux x86_64) AppleWebKit/537.36 (KHTML, like Gecko) Chrome/150.0.7871.46 Safari/537.36"
72.14.199.130 - - [10/Jul/2026:15:28:19 +0300] "GET /wp-content/plugins/astra-sites/inc/lib/onboarding/assets/dist/template-preview/main.js?ver=06758d4d807d9d22c6ea HTTP/1.1" 200 6581 "https://sesimobilya.com/b49376193753447/" "Mozilla/5.0 (X11; Linux x86_64) AppleWebKit/537.36 (KHTML, like Gecko) Chrome/150.0.7871.46 Safari/537.36"
72.14.199.130 - - [10/Jul/2026:15:28:24 +0300] "GET /wp-content/plugins/ht-mega-for-elementor/assets/js/popper.min.js?ver=2.4.8 HTTP/1.1" 200 18994 "https://sesimobilya.com/c22371677240156/" "Mozilla/5.0 (X11; Linux x86_64) AppleWebKit/537.36 (KHTML, like Gecko) Chrome/150.0.7871.46 Safari/537.36"
72.14.199.130 - - [10/Jul/2026:15:28:32 +0300] "GET /a25444554390974/ HTTP/1.1" 404 131387 "-" "Mozilla/5.0 (X11; Linux x86_64) AppleWebKit/537.36 (KHTML, like Gecko) Chrome/150.0.7871.46 Safari/537.36"
72.14.199.130 - - [10/Jul/2026:15:28:35 +0300] "GET /wp-content/plugins/gtranslate/js/base.js?ver=7.0 HTTP/1.1" 200 13536 "https://sesimobilya.com/c22371677240156/" "Mozilla/5.0 (X11; Linux x86_64) AppleWebKit/537.36 (KHTML, like Gecko) Chrome/150.0.7871.46 Safari/537.36"
72.14.199.130 - - [10/Jul/2026:15:28:40 +0300] "GET /wp-content/plugins/ht-mega-for-elementor/assets/js/htbbootstrap.js?ver=2.4.8 HTTP/1.1" 200 62651 "https://sesimobilya.com/c22371677240156/" "Mozilla/5.0 (X11; Linux x86_64) AppleWebKit/537.36 (KHTML, like Gecko) Chrome/150.0.7871.46 Safari/537.36"
72.14.199.130 - - [10/Jul/2026:15:28:46 +0300] "GET /wp-content/plugins/essential-addons-for-elementor-lite/assets/front-end/js/view/general.min.js?ver=5.9.13 HTTP/1.1" 200 10287 "https://sesimobilya.com/c22371677240156/" "Mozilla/5.0 (X11; Linux x86_64) AppleWebKit/537.36 (KHTML, like Gecko) Chrome/150.0.7871.46 Safari/537.36"
