202.141.2.207 - - [10/Jul/2026:18:36:28 +0300] "POST /xmlrpc.php HTTP/1.1" 200 439 "-" "Mozilla/5.0 (Windows NT 6.3; arm64) AppleWebKit/537.36 (KHTML, like Gecko) Chrome/107.0.0.0 Safari/537.36"
202.141.2.207 - - [10/Jul/2026:18:36:59 +0300] "POST /xmlrpc.php HTTP/1.1" 200 439 "-" "Mozilla/5.0 (Windows NT 6.2; arm64) AppleWebKit/537.36 (KHTML, like Gecko) Chrome/92.0.0.0 Safari/537.36"
202.141.2.207 - - [10/Jul/2026:18:37:34 +0300] "POST /xmlrpc.php HTTP/1.1" 200 439 "-" "Mozilla/5.0 (Windows NT 10.0; x64) AppleWebKit/537.36 (KHTML, like Gecko) Safari/11.0.0.0 Safari/537.36"
202.141.2.207 - - [10/Jul/2026:18:38:11 +0300] "POST /xmlrpc.php HTTP/1.1" 200 439 "-" "Mozilla/5.0 (Windows NT 10.0; x86) AppleWebKit/537.36 (KHTML, like Gecko) Opera/76.0.0.0 Safari/537.36"
66.249.79.197 - - [10/Jul/2026:18:38:44 +0300] "GET /g37334134591327/ HTTP/1.1" 301 0 "-" "Mozilla/5.0 (Linux; Android 6.0.1; Nexus 5X Build/MMB29P) AppleWebKit/537.36 (KHTML, like Gecko) Chrome/150.0.7871.46 Mobile Safari/537.36 (compatible; Googlebot/2.1; +http://www.google.com/bot.html)"
202.141.2.207 - - [10/Jul/2026:18:38:51 +0300] "POST /xmlrpc.php HTTP/1.1" 200 439 "-" "Mozilla/5.0 (Linux; Android 10; arm64) AppleWebKit/537.36 (KHTML, like Gecko) Edge/98.0.0.0 Safari/537.36"
202.141.2.207 - - [10/Jul/2026:18:39:31 +0300] "POST /xmlrpc.php HTTP/1.1" 200 439 "-" "Mozilla/5.0 (Windows NT 6.3; x64) AppleWebKit/537.36 (KHTML, like Gecko) Safari/11.0.0.0 Safari/537.36"
66.249.79.196 - - [10/Jul/2026:18:40:03 +0300] "GET /x36146664359926/ HTTP/1.1" 301 0 "-" "Mozilla/5.0 (Linux; Android 6.0.1; Nexus 5X Build/MMB29P) AppleWebKit/537.36 (KHTML, like Gecko) Chrome/150.0.7871.46 Mobile Safari/537.36 (compatible; Googlebot/2.1; +http://www.google.com/bot.html)"
202.141.2.207 - - [10/Jul/2026:18:40:15 +0300] "POST /xmlrpc.php HTTP/1.1" 200 439 "-" "Mozilla/5.0 (Windows NT 6.2; x86) AppleWebKit/537.36 (KHTML, like Gecko) Chrome/105.0.0.0 Safari/537.36"
5.161.75.7 - - [10/Jul/2026:18:40:33 +0300] "HEAD / HTTP/1.1" 200 0 "https://sesimobilya.com" "Mozilla/5.0+(compatible; UptimeRobot/2.0; http://www.uptimerobot.com/)"
202.141.2.207 - - [10/Jul/2026:18:40:59 +0300] "POST /xmlrpc.php HTTP/1.1" 200 439 "-" "Mozilla/5.0 (Windows NT 10.0; x86) AppleWebKit/537.36 (KHTML, like Gecko) Edge/94.0.0.0 Safari/537.36"
202.141.2.207 - - [10/Jul/2026:18:41:43 +0300] "POST /xmlrpc.php HTTP/1.1" 200 439 "-" "Mozilla/5.0 (X11; Ubuntu; Linux x86_64; arm64) AppleWebKit/537.36 (KHTML, like Gecko) Edge/84.0.0.0 Safari/537.36"
66.249.79.197 - - [10/Jul/2026:18:41:48 +0300] "GET /h11860396256119 HTTP/1.1" 301 0 "-" "Mozilla/5.0 (Linux; Android 6.0.1; Nexus 5X Build/MMB29P) AppleWebKit/537.36 (KHTML, like Gecko) Chrome/150.0.7871.46 Mobile Safari/537.36 (compatible; Googlebot/2.1; +http://www.google.com/bot.html)"
66.249.79.196 - - [10/Jul/2026:18:41:57 +0300] "GET /n14337085903218 HTTP/1.1" 301 0 "-" "Mozilla/5.0 (Linux; Android 6.0.1; Nexus 5X Build/MMB29P) AppleWebKit/537.36 (KHTML, like Gecko) Chrome/150.0.7871.46 Mobile Safari/537.36 (compatible; Googlebot/2.1; +http://www.google.com/bot.html)"
66.249.79.196 - - [10/Jul/2026:18:41:59 +0300] "GET /s30448345256709 HTTP/1.1" 301 0 "-" "Mozilla/5.0 (Linux; Android 6.0.1; Nexus 5X Build/MMB29P) AppleWebKit/537.36 (KHTML, like Gecko) Chrome/150.0.7871.46 Mobile Safari/537.36 (compatible; Googlebot/2.1; +http://www.google.com/bot.html)"
66.249.79.197 - - [10/Jul/2026:18:42:01 +0300] "GET /g43567857206546 HTTP/1.1" 301 0 "-" "Mozilla/5.0 (Linux; Android 6.0.1; Nexus 5X Build/MMB29P) AppleWebKit/537.36 (KHTML, like Gecko) Chrome/150.0.7871.46 Mobile Safari/537.36 (compatible; Googlebot/2.1; +http://www.google.com/bot.html)"
202.141.2.207 - - [10/Jul/2026:18:42:27 +0300] "POST /xmlrpc.php HTTP/1.1" 200 439 "-" "Mozilla/5.0 (Macintosh; Intel Mac OS X 10_15_7; x64) AppleWebKit/537.36 (KHTML, like Gecko) Chrome/96.0.0.0 Safari/537.36"
202.141.2.207 - - [10/Jul/2026:18:43:12 +0300] "POST /xmlrpc.php HTTP/1.1" 200 439 "-" "Mozilla/5.0 (Windows NT 6.3; x64) AppleWebKit/537.36 (KHTML, like Gecko) Safari/15.0.0.0 Safari/537.36"
202.141.2.207 - - [10/Jul/2026:18:43:55 +0300] "POST /xmlrpc.php HTTP/1.1" 200 439 "-" "Mozilla/5.0 (Windows NT 6.3; arm64) AppleWebKit/537.36 (KHTML, like Gecko) Edge/89.0.0.0 Safari/537.36"
66.249.79.197 - - [10/Jul/2026:18:44:02 +0300] "GET /y13837684441837/ HTTP/1.1" 301 0 "-" "Mozilla/5.0 (Linux; Android 6.0.1; Nexus 5X Build/MMB29P) AppleWebKit/537.36 (KHTML, like Gecko) Chrome/150.0.7871.46 Mobile Safari/537.36 (compatible; Googlebot/2.1; +http://www.google.com/bot.html)"
66.249.79.197 - - [10/Jul/2026:18:44:06 +0300] "GET /d15135926433495 HTTP/1.1" 301 0 "-" "Mozilla/5.0 (Linux; Android 6.0.1; Nexus 5X Build/MMB29P) AppleWebKit/537.36 (KHTML, like Gecko) Chrome/150.0.7871.46 Mobile Safari/537.36 (compatible; Googlebot/2.1; +http://www.google.com/bot.html)"
202.141.2.207 - - [10/Jul/2026:18:44:39 +0300] "POST /xmlrpc.php HTTP/1.1" 200 439 "-" "Mozilla/5.0 (Windows NT 6.3; x64) AppleWebKit/537.36 (KHTML, like Gecko) Opera/75.0.0.0 Safari/537.36"
202.141.2.207 - - [10/Jul/2026:18:45:15 +0300] "POST /xmlrpc.php HTTP/1.1" 200 439 "-" "Mozilla/5.0 (Windows NT 10.0; x86) AppleWebKit/537.36 (KHTML, like Gecko) Edge/91.0.0.0 Safari/537.36"
202.141.2.207 - - [10/Jul/2026:18:45:52 +0300] "POST /xmlrpc.php HTTP/1.1" 200 439 "-" "Mozilla/5.0 (Macintosh; Intel Mac OS X 10_15_7; arm64) AppleWebKit/537.36 (KHTML, like Gecko) Edge/80.0.0.0 Safari/537.36"
216.144.248.28 - - [10/Jul/2026:18:46:04 +0300] "HEAD / HTTP/1.1" 200 0 "https://sesimobilya.com" "Mozilla/5.0+(compatible; UptimeRobot/2.0; http://www.uptimerobot.com/)"
202.141.2.207 - - [10/Jul/2026:18:46:27 +0300] "POST /xmlrpc.php HTTP/1.1" 200 439 "-" "Mozilla/5.0 (Windows NT 6.2; arm64) AppleWebKit/537.36 (KHTML, like Gecko) Safari/13.0.0.0 Safari/537.36"
202.141.2.207 - - [10/Jul/2026:18:47:04 +0300] "POST /xmlrpc.php HTTP/1.1" 200 439 "-" "Mozilla/5.0 (Linux; Android 10; x64) AppleWebKit/537.36 (KHTML, like Gecko) Safari/12.0.0.0 Safari/537.36"
202.141.2.207 - - [10/Jul/2026:18:47:31 +0300] "POST /xmlrpc.php HTTP/1.1" 200 439 "-" "Mozilla/5.0 (Windows NT 6.3; x86) AppleWebKit/537.36 (KHTML, like Gecko) Chrome/108.0.0.0 Safari/537.36"
202.141.2.207 - - [10/Jul/2026:18:47:56 +0300] "POST /xmlrpc.php HTTP/1.1" 200 439 "-" "Mozilla/5.0 (Windows NT 6.3; x64) AppleWebKit/537.36 (KHTML, like Gecko) Safari/11.0.0.0 Safari/537.36"
202.141.2.207 - - [10/Jul/2026:18:48:23 +0300] "POST /xmlrpc.php HTTP/1.1" 200 439 "-" "Mozilla/5.0 (Windows NT 6.2; x64) AppleWebKit/537.36 (KHTML, like Gecko) Opera/60.0.0.0 Safari/537.36"
202.141.2.207 - - [10/Jul/2026:18:48:48 +0300] "POST /xmlrpc.php HTTP/1.1" 200 439 "-" "Mozilla/5.0 (Linux; Android 10; arm64) AppleWebKit/537.36 (KHTML, like Gecko) Safari/15.0.0.0 Safari/537.36"
202.141.2.207 - - [10/Jul/2026:18:49:13 +0300] "POST /xmlrpc.php HTTP/1.1" 200 439 "-" "Mozilla/5.0 (Windows NT 6.3; x86) AppleWebKit/537.36 (KHTML, like Gecko) Chrome/93.0.0.0 Safari/537.36"
202.141.2.207 - - [10/Jul/2026:18:49:39 +0300] "POST /xmlrpc.php HTTP/1.1" 200 439 "-" "Mozilla/5.0 (Windows NT 6.2; arm64) AppleWebKit/537.36 (KHTML, like Gecko) Chrome/81.0.0.0 Safari/537.36"
202.141.2.207 - - [10/Jul/2026:18:50:10 +0300] "POST /xmlrpc.php HTTP/1.1" 200 439 "-" "Mozilla/5.0 (Windows NT 6.3; x86) AppleWebKit/537.36 (KHTML, like Gecko) Firefox/90.0.0.0 Safari/537.36"
202.141.2.207 - - [10/Jul/2026:18:50:37 +0300] "POST /xmlrpc.php HTTP/1.1" 200 439 "-" "Mozilla/5.0 (Windows NT 6.3; x86) AppleWebKit/537.36 (KHTML, like Gecko) Opera/64.0.0.0 Safari/537.36"
66.249.79.197 - - [10/Jul/2026:18:50:57 +0300] "GET /g29199564587549 HTTP/1.1" 301 0 "-" "Mozilla/5.0 (Linux; Android 6.0.1; Nexus 5X Build/MMB29P) AppleWebKit/537.36 (KHTML, like Gecko) Chrome/150.0.7871.46 Mobile Safari/537.36 (compatible; Googlebot/2.1; +http://www.google.com/bot.html)"
202.141.2.207 - - [10/Jul/2026:18:51:02 +0300] "POST /xmlrpc.php HTTP/1.1" 200 439 "-" "Mozilla/5.0 (Windows NT 10.0; x64) AppleWebKit/537.36 (KHTML, like Gecko) Firefox/96.0.0.0 Safari/537.36"
202.141.2.207 - - [10/Jul/2026:18:51:31 +0300] "POST /xmlrpc.php HTTP/1.1" 200 439 "-" "Mozilla/5.0 (Macintosh; Intel Mac OS X 10_15_7; arm64) AppleWebKit/537.36 (KHTML, like Gecko) Opera/63.0.0.0 Safari/537.36"
202.141.2.207 - - [10/Jul/2026:18:51:58 +0300] "POST /xmlrpc.php HTTP/1.1" 200 439 "-" "Mozilla/5.0 (Windows NT 6.3; x64) AppleWebKit/537.36 (KHTML, like Gecko) Firefox/74.0.0.0 Safari/537.36"
35.237.4.214 - - [10/Jul/2026:18:52:11 +0300] "GET / HTTP/1.1" 200 189581 "-" "Mozilla/5.0 (compatible; Discordbot/2.0; +https://discordapp.com)"
35.237.4.214 - - [10/Jul/2026:18:52:14 +0300] "GET /wp-json/oembed/1.0/embed?url=https%3A%2F%2Fsesimobilya.com%2F HTTP/1.1" 200 3173 "-" "Mozilla/5.0 (compatible; Discordbot/2.0; +https://discordapp.com)"
202.141.2.207 - - [10/Jul/2026:18:52:23 +0300] "POST /xmlrpc.php HTTP/1.1" 200 439 "-" "Mozilla/5.0 (Windows NT 10.0; x64) AppleWebKit/537.36 (KHTML, like Gecko) Firefox/89.0.0.0 Safari/537.36"
202.141.2.207 - - [10/Jul/2026:18:52:48 +0300] "POST /xmlrpc.php HTTP/1.1" 200 439 "-" "Mozilla/5.0 (Windows NT 6.2; arm64) AppleWebKit/537.36 (KHTML, like Gecko) Safari/13.0.0.0 Safari/537.36"
202.141.2.207 - - [10/Jul/2026:18:53:14 +0300] "POST /xmlrpc.php HTTP/1.1" 200 439 "-" "Mozilla/5.0 (Windows NT 10.0; x64) AppleWebKit/537.36 (KHTML, like Gecko) Opera/74.0.0.0 Safari/537.36"
202.141.2.207 - - [10/Jul/2026:18:53:38 +0300] "POST /xmlrpc.php HTTP/1.1" 200 439 "-" "Mozilla/5.0 (Windows NT 6.3; x86) AppleWebKit/537.36 (KHTML, like Gecko) Opera/60.0.0.0 Safari/537.36"
202.141.2.207 - - [10/Jul/2026:18:54:03 +0300] "POST /xmlrpc.php HTTP/1.1" 200 439 "-" "Mozilla/5.0 (X11; Ubuntu; Linux x86_64; x64) AppleWebKit/537.36 (KHTML, like Gecko) Edge/92.0.0.0 Safari/537.36"
202.141.2.207 - - [10/Jul/2026:18:54:31 +0300] "POST /xmlrpc.php HTTP/1.1" 200 439 "-" "Mozilla/5.0 (X11; Ubuntu; Linux x86_64; x64) AppleWebKit/537.36 (KHTML, like Gecko) Chrome/97.0.0.0 Safari/537.36"
202.141.2.207 - - [10/Jul/2026:18:54:56 +0300] "POST /xmlrpc.php HTTP/1.1" 200 439 "-" "Mozilla/5.0 (X11; Ubuntu; Linux x86_64; arm64) AppleWebKit/537.36 (KHTML, like Gecko) Edge/91.0.0.0 Safari/537.36"
202.141.2.207 - - [10/Jul/2026:18:55:22 +0300] "POST /xmlrpc.php HTTP/1.1" 200 439 "-" "Mozilla/5.0 (Macintosh; Intel Mac OS X 10_15_7; x64) AppleWebKit/537.36 (KHTML, like Gecko) Firefox/76.0.0.0 Safari/537.36"
202.141.2.207 - - [10/Jul/2026:18:55:49 +0300] "POST /xmlrpc.php HTTP/1.1" 200 439 "-" "Mozilla/5.0 (Windows NT 10.0; arm64) AppleWebKit/537.36 (KHTML, like Gecko) Chrome/89.0.0.0 Safari/537.36"
202.141.2.207 - - [10/Jul/2026:18:56:16 +0300] "POST /xmlrpc.php HTTP/1.1" 200 439 "-" "Mozilla/5.0 (Windows NT 10.0; arm64) AppleWebKit/537.36 (KHTML, like Gecko) Opera/65.0.0.0 Safari/537.36"
202.141.2.207 - - [10/Jul/2026:18:56:42 +0300] "POST /xmlrpc.php HTTP/1.1" 200 439 "-" "Mozilla/5.0 (Linux; Android 10; x86) AppleWebKit/537.36 (KHTML, like Gecko) Safari/12.0.0.0 Safari/537.36"
202.141.2.207 - - [10/Jul/2026:18:57:10 +0300] "POST /xmlrpc.php HTTP/1.1" 200 439 "-" "Mozilla/5.0 (X11; Ubuntu; Linux x86_64; arm64) AppleWebKit/537.36 (KHTML, like Gecko) Chrome/94.0.0.0 Safari/537.36"
202.141.2.207 - - [10/Jul/2026:18:57:36 +0300] "POST /xmlrpc.php HTTP/1.1" 200 439 "-" "Mozilla/5.0 (Windows NT 6.3; x64) AppleWebKit/537.36 (KHTML, like Gecko) Opera/74.0.0.0 Safari/537.36"
202.141.2.207 - - [10/Jul/2026:18:58:00 +0300] "POST /xmlrpc.php HTTP/1.1" 200 439 "-" "Mozilla/5.0 (Windows NT 10.0; arm64) AppleWebKit/537.36 (KHTML, like Gecko) Opera/79.0.0.0 Safari/537.36"
202.141.2.207 - - [10/Jul/2026:18:58:25 +0300] "POST /xmlrpc.php HTTP/1.1" 200 439 "-" "Mozilla/5.0 (Linux; Android 10; arm64) AppleWebKit/537.36 (KHTML, like Gecko) Chrome/96.0.0.0 Safari/537.36"
202.141.2.207 - - [10/Jul/2026:18:58:49 +0300] "POST /xmlrpc.php HTTP/1.1" 200 439 "-" "Mozilla/5.0 (Windows NT 6.2; x64) AppleWebKit/537.36 (KHTML, like Gecko) Chrome/102.0.0.0 Safari/537.36"
202.141.2.207 - - [10/Jul/2026:18:59:14 +0300] "POST /xmlrpc.php HTTP/1.1" 200 439 "-" "Mozilla/5.0 (Macintosh; Intel Mac OS X 10_15_7; arm64) AppleWebKit/537.36 (KHTML, like Gecko) Edge/90.0.0.0 Safari/537.36"
202.141.2.207 - - [10/Jul/2026:18:59:40 +0300] "POST /xmlrpc.php HTTP/1.1" 200 439 "-" "Mozilla/5.0 (Linux; Android 10; arm64) AppleWebKit/537.36 (KHTML, like Gecko) Chrome/97.0.0.0 Safari/537.36"
66.249.79.196 - - [10/Jul/2026:18:59:43 +0300] "GET /v45288004912663/ HTTP/1.1" 301 0 "-" "Mozilla/5.0 (compatible; Googlebot/2.1; +http://www.google.com/bot.html)"
202.141.2.207 - - [10/Jul/2026:19:00:08 +0300] "POST /xmlrpc.php HTTP/1.1" 200 439 "-" "Mozilla/5.0 (Windows NT 6.3; arm64) AppleWebKit/537.36 (KHTML, like Gecko) Safari/14.0.0.0 Safari/537.36"
202.141.2.207 - - [10/Jul/2026:19:00:35 +0300] "POST /xmlrpc.php HTTP/1.1" 200 439 "-" "Mozilla/5.0 (Windows NT 6.2; arm64) AppleWebKit/537.36 (KHTML, like Gecko) Chrome/91.0.0.0 Safari/537.36"
202.141.2.207 - - [10/Jul/2026:19:01:01 +0300] "POST /xmlrpc.php HTTP/1.1" 200 439 "-" "Mozilla/5.0 (Macintosh; Intel Mac OS X 10_15_7; x64) AppleWebKit/537.36 (KHTML, like Gecko) Opera/72.0.0.0 Safari/537.36"
202.141.2.207 - - [10/Jul/2026:19:01:27 +0300] "POST /xmlrpc.php HTTP/1.1" 200 439 "-" "Mozilla/5.0 (Windows NT 10.0; x86) AppleWebKit/537.36 (KHTML, like Gecko) Opera/79.0.0.0 Safari/537.36"
202.141.2.207 - - [10/Jul/2026:19:01:54 +0300] "POST /xmlrpc.php HTTP/1.1" 200 439 "-" "Mozilla/5.0 (Windows NT 6.3; arm64) AppleWebKit/537.36 (KHTML, like Gecko) Opera/70.0.0.0 Safari/537.36"
202.141.2.207 - - [10/Jul/2026:19:02:21 +0300] "POST /xmlrpc.php HTTP/1.1" 200 439 "-" "Mozilla/5.0 (Macintosh; Intel Mac OS X 10_15_7; x86) AppleWebKit/537.36 (KHTML, like Gecko) Safari/11.0.0.0 Safari/537.36"
3.12.251.153 - - [10/Jul/2026:19:02:23 +0300] "HEAD / HTTP/1.1" 200 0 "https://sesimobilya.com" "Mozilla/5.0+(compatible; UptimeRobot/2.0; http://www.uptimerobot.com/)"
202.141.2.207 - - [10/Jul/2026:19:02:47 +0300] "POST /xmlrpc.php HTTP/1.1" 200 439 "-" "Mozilla/5.0 (Macintosh; Intel Mac OS X 10_15_7; x64) AppleWebKit/537.36 (KHTML, like Gecko) Chrome/89.0.0.0 Safari/537.36"
202.141.2.207 - - [10/Jul/2026:19:03:13 +0300] "POST /xmlrpc.php HTTP/1.1" 200 439 "-" "Mozilla/5.0 (Windows NT 10.0; x64) AppleWebKit/537.36 (KHTML, like Gecko) Opera/72.0.0.0 Safari/537.36"
202.141.2.207 - - [10/Jul/2026:19:03:50 +0300] "POST /xmlrpc.php HTTP/1.1" 200 439 "-" "Mozilla/5.0 (Windows NT 10.0; x86) AppleWebKit/537.36 (KHTML, like Gecko) Firefox/72.0.0.0 Safari/537.36"
202.141.2.207 - - [10/Jul/2026:19:04:17 +0300] "POST /xmlrpc.php HTTP/1.1" 200 439 "-" "Mozilla/5.0 (Windows NT 10.0; x64) AppleWebKit/537.36 (KHTML, like Gecko) Chrome/85.0.0.0 Safari/537.36"
202.141.2.207 - - [10/Jul/2026:19:04:43 +0300] "POST /xmlrpc.php HTTP/1.1" 200 439 "-" "Mozilla/5.0 (Windows NT 6.2; x86) AppleWebKit/537.36 (KHTML, like Gecko) Edge/82.0.0.0 Safari/537.36"
202.141.2.207 - - [10/Jul/2026:19:05:14 +0300] "POST /xmlrpc.php HTTP/1.1" 200 439 "-" "Mozilla/5.0 (X11; Ubuntu; Linux x86_64; arm64) AppleWebKit/537.36 (KHTML, like Gecko) Chrome/110.0.0.0 Safari/537.36"
202.141.2.207 - - [10/Jul/2026:19:05:40 +0300] "POST /xmlrpc.php HTTP/1.1" 200 439 "-" "Mozilla/5.0 (Linux; Android 10; arm64) AppleWebKit/537.36 (KHTML, like Gecko) Opera/76.0.0.0 Safari/537.36"
202.141.2.207 - - [10/Jul/2026:19:06:07 +0300] "POST /xmlrpc.php HTTP/1.1" 200 439 "-" "Mozilla/5.0 (Windows NT 6.2; x64) AppleWebKit/537.36 (KHTML, like Gecko) Safari/15.0.0.0 Safari/537.36"
202.141.2.207 - - [10/Jul/2026:19:06:35 +0300] "POST /xmlrpc.php HTTP/1.1" 200 439 "-" "Mozilla/5.0 (Windows NT 6.2; arm64) AppleWebKit/537.36 (KHTML, like Gecko) Edge/81.0.0.0 Safari/537.36"
202.141.2.207 - - [10/Jul/2026:19:07:01 +0300] "POST /xmlrpc.php HTTP/1.1" 200 439 "-" "Mozilla/5.0 (Windows NT 6.3; arm64) AppleWebKit/537.36 (KHTML, like Gecko) Opera/80.0.0.0 Safari/537.36"
202.141.2.207 - - [10/Jul/2026:19:07:31 +0300] "POST /xmlrpc.php HTTP/1.1" 200 439 "-" "Mozilla/5.0 (X11; Ubuntu; Linux x86_64; arm64) AppleWebKit/537.36 (KHTML, like Gecko) Edge/94.0.0.0 Safari/537.36"
202.141.2.207 - - [10/Jul/2026:19:08:16 +0300] "POST /xmlrpc.php HTTP/1.1" 499 0 "-" "Mozilla/5.0 (X11; Ubuntu; Linux x86_64; x64) AppleWebKit/537.36 (KHTML, like Gecko) Edge/86.0.0.0 Safari/537.36"
216.144.248.28 - - [10/Jul/2026:19:08:27 +0300] "HEAD / HTTP/1.1" 200 0 "https://sesimobilya.com" "Mozilla/5.0+(compatible; UptimeRobot/2.0; http://www.uptimerobot.com/)"
202.141.2.207 - - [10/Jul/2026:19:08:45 +0300] "POST /xmlrpc.php HTTP/1.1" 200 439 "-" "Mozilla/5.0 (Windows NT 6.3; x86) AppleWebKit/537.36 (KHTML, like Gecko) Firefox/76.0.0.0 Safari/537.36"
202.141.2.207 - - [10/Jul/2026:19:09:11 +0300] "POST /xmlrpc.php HTTP/1.1" 200 439 "-" "Mozilla/5.0 (Windows NT 6.2; arm64) AppleWebKit/537.36 (KHTML, like Gecko) Firefox/81.0.0.0 Safari/537.36"
202.141.2.207 - - [10/Jul/2026:19:09:39 +0300] "POST /xmlrpc.php HTTP/1.1" 200 439 "-" "Mozilla/5.0 (Linux; Android 10; x86) AppleWebKit/537.36 (KHTML, like Gecko) Chrome/106.0.0.0 Safari/537.36"
202.141.2.207 - - [10/Jul/2026:19:10:07 +0300] "POST /xmlrpc.php HTTP/1.1" 200 439 "-" "Mozilla/5.0 (X11; Ubuntu; Linux x86_64; x86) AppleWebKit/537.36 (KHTML, like Gecko) Safari/15.0.0.0 Safari/537.36"
202.141.2.207 - - [10/Jul/2026:19:10:31 +0300] "POST /xmlrpc.php HTTP/1.1" 200 439 "-" "Mozilla/5.0 (Windows NT 10.0; x64) AppleWebKit/537.36 (KHTML, like Gecko) Safari/10.0.0.0 Safari/537.36"
202.141.2.207 - - [10/Jul/2026:19:10:58 +0300] "POST /xmlrpc.php HTTP/1.1" 200 439 "-" "Mozilla/5.0 (Windows NT 6.3; arm64) AppleWebKit/537.36 (KHTML, like Gecko) Edge/87.0.0.0 Safari/537.36"
66.249.79.196 - - [10/Jul/2026:19:11:03 +0300] "GET /l11096223938781/ HTTP/1.1" 301 0 "-" "Mozilla/5.0 (Linux; Android 6.0.1; Nexus 5X Build/MMB29P) AppleWebKit/537.36 (KHTML, like Gecko) Chrome/150.0.7871.46 Mobile Safari/537.36 (compatible; Googlebot/2.1; +http://www.google.com/bot.html)"
202.141.2.207 - - [10/Jul/2026:19:11:22 +0300] "POST /xmlrpc.php HTTP/1.1" 200 439 "-" "Mozilla/5.0 (Linux; Android 10; arm64) AppleWebKit/537.36 (KHTML, like Gecko) Opera/60.0.0.0 Safari/537.36"
202.141.2.207 - - [10/Jul/2026:19:11:50 +0300] "POST /xmlrpc.php HTTP/1.1" 200 439 "-" "Mozilla/5.0 (Linux; Android 10; x86) AppleWebKit/537.36 (KHTML, like Gecko) Safari/11.0.0.0 Safari/537.36"
202.141.2.207 - - [10/Jul/2026:19:12:17 +0300] "POST /xmlrpc.php HTTP/1.1" 200 439 "-" "Mozilla/5.0 (Windows NT 6.3; x64) AppleWebKit/537.36 (KHTML, like Gecko) Opera/76.0.0.0 Safari/537.36"
202.141.2.207 - - [10/Jul/2026:19:12:43 +0300] "POST /xmlrpc.php HTTP/1.1" 200 439 "-" "Mozilla/5.0 (Windows NT 6.3; arm64) AppleWebKit/537.36 (KHTML, like Gecko) Firefox/70.0.0.0 Safari/537.36"
202.141.2.207 - - [10/Jul/2026:19:13:12 +0300] "POST /xmlrpc.php HTTP/1.1" 499 0 "-" "Mozilla/5.0 (Macintosh; Intel Mac OS X 10_15_7; arm64) AppleWebKit/537.36 (KHTML, like Gecko) Opera/77.0.0.0 Safari/537.36"
202.141.2.207 - - [10/Jul/2026:19:13:44 +0300] "POST /xmlrpc.php HTTP/1.1" 499 0 "-" "Mozilla/5.0 (Linux; Android 10; x64) AppleWebKit/537.36 (KHTML, like Gecko) Opera/65.0.0.0 Safari/537.36"
202.141.2.207 - - [10/Jul/2026:19:14:19 +0300] "POST /xmlrpc.php HTTP/1.1" 200 439 "-" "Mozilla/5.0 (X11; Ubuntu; Linux x86_64; x86) AppleWebKit/537.36 (KHTML, like Gecko) Chrome/89.0.0.0 Safari/537.36"
3.12.251.153 - - [10/Jul/2026:19:14:29 +0300] "HEAD / HTTP/1.1" 200 0 "https://sesimobilya.com" "Mozilla/5.0+(compatible; UptimeRobot/2.0; http://www.uptimerobot.com/)"
66.249.79.198 - - [10/Jul/2026:19:14:46 +0300] "GET /q20613237361575/ HTTP/1.1" 301 0 "-" "Mozilla/5.0 (Linux; Android 6.0.1; Nexus 5X Build/MMB29P) AppleWebKit/537.36 (KHTML, like Gecko) Chrome/150.0.7871.46 Mobile Safari/537.36 (compatible; Googlebot/2.1; +http://www.google.com/bot.html)"
202.141.2.207 - - [10/Jul/2026:19:14:48 +0300] "POST /xmlrpc.php HTTP/1.1" 200 439 "-" "Mozilla/5.0 (Linux; Android 10; arm64) AppleWebKit/537.36 (KHTML, like Gecko) Safari/11.0.0.0 Safari/537.36"
202.141.2.207 - - [10/Jul/2026:19:15:13 +0300] "POST /xmlrpc.php HTTP/1.1" 200 439 "-" "Mozilla/5.0 (X11; Ubuntu; Linux x86_64; x86) AppleWebKit/537.36 (KHTML, like Gecko) Opera/75.0.0.0 Safari/537.36"
202.141.2.207 - - [10/Jul/2026:19:15:39 +0300] "POST /xmlrpc.php HTTP/1.1" 200 439 "-" "Mozilla/5.0 (Windows NT 6.2; x64) AppleWebKit/537.36 (KHTML, like Gecko) Opera/63.0.0.0 Safari/537.36"
202.141.2.207 - - [10/Jul/2026:19:16:12 +0300] "POST /xmlrpc.php HTTP/1.1" 200 439 "-" "Mozilla/5.0 (X11; Ubuntu; Linux x86_64; arm64) AppleWebKit/537.36 (KHTML, like Gecko) Edge/100.0.0.0 Safari/537.36"
202.141.2.207 - - [10/Jul/2026:19:16:45 +0300] "POST /xmlrpc.php HTTP/1.1" 200 439 "-" "Mozilla/5.0 (Windows NT 10.0; x86) AppleWebKit/537.36 (KHTML, like Gecko) Firefox/72.0.0.0 Safari/537.36"
202.141.2.207 - - [10/Jul/2026:19:17:13 +0300] "POST /xmlrpc.php HTTP/1.1" 200 439 "-" "Mozilla/5.0 (Windows NT 6.3; x64) AppleWebKit/537.36 (KHTML, like Gecko) Safari/10.0.0.0 Safari/537.36"
202.141.2.207 - - [10/Jul/2026:19:17:37 +0300] "POST /xmlrpc.php HTTP/1.1" 200 439 "-" "Mozilla/5.0 (Windows NT 6.3; arm64) AppleWebKit/537.36 (KHTML, like Gecko) Firefox/83.0.0.0 Safari/537.36"
202.141.2.207 - - [10/Jul/2026:19:18:05 +0300] "POST /xmlrpc.php HTTP/1.1" 200 439 "-" "Mozilla/5.0 (Windows NT 6.2; x64) AppleWebKit/537.36 (KHTML, like Gecko) Safari/14.0.0.0 Safari/537.36"
202.141.2.207 - - [10/Jul/2026:19:18:30 +0300] "POST /xmlrpc.php HTTP/1.1" 200 439 "-" "Mozilla/5.0 (Windows NT 6.3; x64) AppleWebKit/537.36 (KHTML, like Gecko) Chrome/84.0.0.0 Safari/537.36"
193.111.248.191 - - [10/Jul/2026:19:19:02 +0300] "GET / HTTP/1.1" 200 189589 "-" "BossBacklinkChecker/2.3 (crawler)"
3.212.128.62 - - [10/Jul/2026:19:19:38 +0300] "HEAD / HTTP/1.1" 200 0 "https://sesimobilya.com" "Mozilla/5.0+(compatible; UptimeRobot/2.0; http://www.uptimerobot.com/)"
3.133.226.214 - - [10/Jul/2026:19:25:37 +0300] "HEAD / HTTP/1.1" 200 0 "https://sesimobilya.com" "Mozilla/5.0+(compatible; UptimeRobot/2.0; http://www.uptimerobot.com/)"
102.220.160.176 - - [10/Jul/2026:19:28:41 +0300] "GET /.env HTTP/1.1" 404 131375 "-" "Go-http-client/1.1"
102.220.160.176 - - [10/Jul/2026:19:28:42 +0300] "GET /.git/HEAD HTTP/1.1" 404 131380 "-" "Go-http-client/1.1"
157.143.3.35 - - [10/Jul/2026:19:29:15 +0300] "GET /contact/ HTTP/1.1" 200 555723 "-" "Mozilla/5.0 (Linux; Android 6.0; Nexus 5 Build/MRA58N) AppleWebKit/537.36 (KHTML, like Gecko) Chrome/130.0.0.0 Mobile Safari/537.36"
3.212.128.62 - - [10/Jul/2026:19:30:42 +0300] "HEAD / HTTP/1.1" 200 0 "https://sesimobilya.com" "Mozilla/5.0+(compatible; UptimeRobot/2.0; http://www.uptimerobot.com/)"
3.133.226.214 - - [10/Jul/2026:19:36:15 +0300] "HEAD / HTTP/1.1" 200 0 "https://sesimobilya.com" "Mozilla/5.0+(compatible; UptimeRobot/2.0; http://www.uptimerobot.com/)"
3.133.226.214 - - [10/Jul/2026:19:42:17 +0300] "HEAD / HTTP/1.1" 200 0 "https://sesimobilya.com" "Mozilla/5.0+(compatible; UptimeRobot/2.0; http://www.uptimerobot.com/)"
3.212.128.62 - - [10/Jul/2026:19:47:48 +0300] "HEAD / HTTP/1.1" 200 0 "https://sesimobilya.com" "Mozilla/5.0+(compatible; UptimeRobot/2.0; http://www.uptimerobot.com/)"
216.144.248.28 - - [10/Jul/2026:19:53:21 +0300] "HEAD / HTTP/1.1" 200 0 "https://sesimobilya.com" "Mozilla/5.0+(compatible; UptimeRobot/2.0; http://www.uptimerobot.com/)"
52.87.72.16 - - [10/Jul/2026:19:58:55 +0300] "HEAD / HTTP/1.1" 200 0 "https://sesimobilya.com" "Mozilla/5.0+(compatible; UptimeRobot/2.0; http://www.uptimerobot.com/)"
52.15.147.27 - - [10/Jul/2026:20:04:01 +0300] "HEAD / HTTP/1.1" 200 0 "https://sesimobilya.com" "Mozilla/5.0+(compatible; UptimeRobot/2.0; http://www.uptimerobot.com/)"
52.87.72.16 - - [10/Jul/2026:20:09:31 +0300] "HEAD / HTTP/1.1" 200 0 "https://sesimobilya.com" "Mozilla/5.0+(compatible; UptimeRobot/2.0; http://www.uptimerobot.com/)"
5.161.194.92 - - [10/Jul/2026:20:14:37 +0300] "HEAD / HTTP/1.1" 200 0 "https://sesimobilya.com" "Mozilla/5.0+(compatible; UptimeRobot/2.0; http://www.uptimerobot.com/)"
54.87.112.51 - - [10/Jul/2026:20:20:36 +0300] "HEAD / HTTP/1.1" 200 0 "https://sesimobilya.com" "Mozilla/5.0+(compatible; UptimeRobot/2.0; http://www.uptimerobot.com/)"
3.133.226.214 - - [10/Jul/2026:20:27:01 +0300] "HEAD / HTTP/1.1" 499 0 "https://sesimobilya.com" "Mozilla/5.0+(compatible; UptimeRobot/2.0; http://www.uptimerobot.com/)"
35.196.132.85 - - [10/Jul/2026:20:27:06 +0300] "GET / HTTP/1.1" 200 189581 "-" "Mozilla/5.0 (compatible; Discordbot/2.0; +https://discordapp.com)"
34.75.19.245 - - [10/Jul/2026:20:27:07 +0300] "GET /wp-content/uploads/2023/05/IMG_2679-1024x768.jpg HTTP/1.1" 200 60832 "-" "Mozilla/5.0 (compatible; Discordbot/2.0; +https://discordapp.com)"
35.196.132.85 - - [10/Jul/2026:20:27:08 +0300] "GET /wp-json/oembed/1.0/embed?url=https%3A%2F%2Fsesimobilya.com%2F HTTP/1.1" 200 3173 "-" "Mozilla/5.0 (compatible; Discordbot/2.0; +https://discordapp.com)"
193.111.248.191 - - [10/Jul/2026:20:29:44 +0300] "GET / HTTP/1.1" 200 189581 "-" "BossBacklinkChecker/2.3 (crawler)"
52.87.72.16 - - [10/Jul/2026:20:37:15 +0300] "HEAD / HTTP/1.1" 200 0 "https://sesimobilya.com" "Mozilla/5.0+(compatible; UptimeRobot/2.0; http://www.uptimerobot.com/)"
54.87.112.51 - - [10/Jul/2026:20:42:23 +0300] "HEAD / HTTP/1.1" 200 0 "https://sesimobilya.com" "Mozilla/5.0+(compatible; UptimeRobot/2.0; http://www.uptimerobot.com/)"
52.87.72.16 - - [10/Jul/2026:20:47:29 +0300] "HEAD / HTTP/1.1" 200 0 "https://sesimobilya.com" "Mozilla/5.0+(compatible; UptimeRobot/2.0; http://www.uptimerobot.com/)"
216.144.248.28 - - [10/Jul/2026:20:53:02 +0300] "HEAD / HTTP/1.1" 200 0 "https://sesimobilya.com" "Mozilla/5.0+(compatible; UptimeRobot/2.0; http://www.uptimerobot.com/)"
54.87.112.51 - - [10/Jul/2026:21:04:11 +0300] "HEAD / HTTP/1.1" 200 0 "https://sesimobilya.com" "Mozilla/5.0+(compatible; UptimeRobot/2.0; http://www.uptimerobot.com/)"
202.141.2.207 - - [10/Jul/2026:21:05:19 +0300] "POST /xmlrpc.php HTTP/1.1" 200 439 "-" "Mozilla/5.0 (Macintosh; Intel Mac OS X 10_15_7; x86) AppleWebKit/537.36 (KHTML, like Gecko) Opera/65.0.0.0 Safari/537.36"
5.161.177.47 - - [10/Jul/2026:21:09:18 +0300] "HEAD / HTTP/1.1" 200 0 "https://sesimobilya.com" "Mozilla/5.0+(compatible; UptimeRobot/2.0; http://www.uptimerobot.com/)"
5.161.177.47 - - [10/Jul/2026:21:14:51 +0300] "HEAD / HTTP/1.1" 200 0 "https://sesimobilya.com" "Mozilla/5.0+(compatible; UptimeRobot/2.0; http://www.uptimerobot.com/)"
5.161.194.92 - - [10/Jul/2026:21:19:57 +0300] "HEAD / HTTP/1.1" 200 0 "https://sesimobilya.com" "Mozilla/5.0+(compatible; UptimeRobot/2.0; http://www.uptimerobot.com/)"
54.87.112.51 - - [10/Jul/2026:21:25:54 +0300] "HEAD / HTTP/1.1" 200 0 "https://sesimobilya.com" "Mozilla/5.0+(compatible; UptimeRobot/2.0; http://www.uptimerobot.com/)"
202.78.167.207 - - [10/Jul/2026:21:26:35 +0300] "GET / HTTP/1.1" 301 0 "https://www.sesimobilya.com/" "Mozilla/5.0 (iPhone; CPU iPhone OS 17_5 like Mac OS X) AppleWebKit/605.1.15 (KHTML, like Gecko) Version/17.5 Mobile/15E148 Safari/604.1"
52.15.147.27 - - [10/Jul/2026:21:31:28 +0300] "HEAD / HTTP/1.1" 200 0 "https://sesimobilya.com" "Mozilla/5.0+(compatible; UptimeRobot/2.0; http://www.uptimerobot.com/)"
178.156.185.231 - - [10/Jul/2026:21:36:35 +0300] "HEAD / HTTP/1.1" 200 0 "https://sesimobilya.com" "Mozilla/5.0+(compatible; UptimeRobot/2.0; http://www.uptimerobot.com/)"
66.249.79.198 - - [10/Jul/2026:21:41:46 +0300] "GET /r44693096671280/ HTTP/1.1" 301 0 "-" "Mozilla/5.0 (Linux; Android 6.0.1; Nexus 5X Build/MMB29P) AppleWebKit/537.36 (KHTML, like Gecko) Chrome/150.0.7871.46 Mobile Safari/537.36 (compatible; Googlebot/2.1; +http://www.google.com/bot.html)"
54.171.186.229 - - [10/Jul/2026:21:42:12 +0300] "GET / HTTP/1.0" 301 0 "-" "Mozilla/5.0 (compatible; NetcraftSurveyAgent/1.0; +info@netcraft.com)"
66.249.79.197 - - [10/Jul/2026:21:50:38 +0300] "GET /e47019707026882 HTTP/1.1" 301 0 "-" "Mozilla/5.0 (Linux; Android 6.0.1; Nexus 5X Build/MMB29P) AppleWebKit/537.36 (KHTML, like Gecko) Chrome/150.0.7871.46 Mobile Safari/537.36 (compatible; Googlebot/2.1; +http://www.google.com/bot.html)"
94.154.43.183 - - [10/Jul/2026:21:51:03 +0300] "GET /wp-content/plugins/astra-sites/inc/lib/onboarding/assets/dist/template-preview/main.js HTTP/1.1" 200 6581 "-" "Mozilla/5.0 (Windows NT 10.0; Win64; x64) AppleWebKit/537.36 (KHTML, like Gecko) Chrome/147.0.0.0 Safari/537.36"
66.249.79.198 - - [10/Jul/2026:21:54:40 +0300] "GET /s30517733725330/ HTTP/1.1" 301 0 "-" "Mozilla/5.0 (Linux; Android 6.0.1; Nexus 5X Build/MMB29P) AppleWebKit/537.36 (KHTML, like Gecko) Chrome/150.0.7871.46 Mobile Safari/537.36 (compatible; Googlebot/2.1; +http://www.google.com/bot.html)"
66.249.79.196 - - [10/Jul/2026:21:56:50 +0300] "GET /r44019816951656/ HTTP/1.1" 301 0 "-" "Mozilla/5.0 (Linux; Android 6.0.1; Nexus 5X Build/MMB29P) AppleWebKit/537.36 (KHTML, like Gecko) Chrome/150.0.7871.46 Mobile Safari/537.36 (compatible; Googlebot/2.1; +http://www.google.com/bot.html)"
66.249.79.197 - - [10/Jul/2026:22:01:43 +0300] "GET /n37260774875828 HTTP/1.1" 301 0 "-" "Mozilla/5.0 (Linux; Android 6.0.1; Nexus 5X Build/MMB29P) AppleWebKit/537.36 (KHTML, like Gecko) Chrome/150.0.7871.46 Mobile Safari/537.36 (compatible; Googlebot/2.1; +http://www.google.com/bot.html)"
5.161.194.92 - - [10/Jul/2026:22:03:06 +0300] "HEAD / HTTP/1.1" 200 0 "https://sesimobilya.com" "Mozilla/5.0+(compatible; UptimeRobot/2.0; http://www.uptimerobot.com/)"
35.227.62.178 - - [10/Jul/2026:22:03:11 +0300] "GET / HTTP/1.1" 200 189581 "-" "Mozilla/5.0 (compatible; Discordbot/2.0; +https://discordapp.com)"
35.237.169.55 - - [10/Jul/2026:22:03:11 +0300] "GET /wp-content/uploads/2023/05/IMG_2679-1024x768.jpg HTTP/1.1" 200 60832 "-" "Mozilla/5.0 (compatible; Discordbot/2.0; +https://discordapp.com)"
35.227.62.178 - - [10/Jul/2026:22:03:12 +0300] "GET /wp-json/oembed/1.0/embed?url=https%3A%2F%2Fsesimobilya.com%2F HTTP/1.1" 200 3173 "-" "Mozilla/5.0 (compatible; Discordbot/2.0; +https://discordapp.com)"
66.249.79.196 - - [10/Jul/2026:22:04:03 +0300] "GET /y40167354165853/ HTTP/1.1" 301 0 "-" "Mozilla/5.0 (Linux; Android 6.0.1; Nexus 5X Build/MMB29P) AppleWebKit/537.36 (KHTML, like Gecko) Chrome/150.0.7871.46 Mobile Safari/537.36 (compatible; Googlebot/2.1; +http://www.google.com/bot.html)"
66.249.79.197 - - [10/Jul/2026:22:04:46 +0300] "GET /w43259376671588 HTTP/1.1" 301 0 "-" "Mozilla/5.0 (Linux; Android 6.0.1; Nexus 5X Build/MMB29P) AppleWebKit/537.36 (KHTML, like Gecko) Chrome/150.0.7871.46 Mobile Safari/537.36 (compatible; Googlebot/2.1; +http://www.google.com/bot.html)"
93.94.140.42 - - [10/Jul/2026:22:08:34 +0300] "POST /wp-cron.php?doing_wp_cron=1783710514.3030469417572021484375 HTTP/1.1" 200 0 "-" "WordPress/7.0; https://sesimobilya.com"
3.12.251.153 - - [10/Jul/2026:22:08:34 +0300] "HEAD / HTTP/1.1" 200 0 "https://sesimobilya.com" "Mozilla/5.0+(compatible; UptimeRobot/2.0; http://www.uptimerobot.com/)"
66.249.79.197 - - [10/Jul/2026:22:08:35 +0300] "GET /x12924136554855 HTTP/1.1" 301 0 "-" "Mozilla/5.0 (Linux; Android 6.0.1; Nexus 5X Build/MMB29P) AppleWebKit/537.36 (KHTML, like Gecko) Chrome/150.0.7871.46 Mobile Safari/537.36 (compatible; Googlebot/2.1; +http://www.google.com/bot.html)"
66.249.79.198 - - [10/Jul/2026:22:09:01 +0300] "GET /i25778775576053 HTTP/1.1" 301 0 "-" "Mozilla/5.0 (Linux; Android 6.0.1; Nexus 5X Build/MMB29P) AppleWebKit/537.36 (KHTML, like Gecko) Chrome/150.0.7871.46 Mobile Safari/537.36 (compatible; Googlebot/2.1; +http://www.google.com/bot.html)"
66.249.79.197 - - [10/Jul/2026:22:11:47 +0300] "GET /f17004264297293 HTTP/1.1" 301 0 "-" "Mozilla/5.0 (Linux; Android 6.0.1; Nexus 5X Build/MMB29P) AppleWebKit/537.36 (KHTML, like Gecko) Chrome/150.0.7871.46 Mobile Safari/537.36 (compatible; Googlebot/2.1; +http://www.google.com/bot.html)"
66.249.79.196 - - [10/Jul/2026:22:13:11 +0300] "GET /q47816996630072 HTTP/1.1" 301 0 "-" "Mozilla/5.0 (Linux; Android 6.0.1; Nexus 5X Build/MMB29P) AppleWebKit/537.36 (KHTML, like Gecko) Chrome/150.0.7871.46 Mobile Safari/537.36 (compatible; Googlebot/2.1; +http://www.google.com/bot.html)"
66.249.79.67 - - [10/Jul/2026:22:13:38 +0300] "GET /v31188465901715/ HTTP/1.1" 404 131398 "-" "Mozilla/5.0 (Linux; Android 6.0.1; Nexus 5X Build/MMB29P) AppleWebKit/537.36 (KHTML, like Gecko) Chrome/150.0.7871.46 Mobile Safari/537.36 (compatible; Googlebot/2.1; +http://www.google.com/bot.html)"
3.12.251.153 - - [10/Jul/2026:22:13:40 +0300] "HEAD / HTTP/1.1" 200 0 "https://sesimobilya.com" "Mozilla/5.0+(compatible; UptimeRobot/2.0; http://www.uptimerobot.com/)"
66.249.79.197 - - [10/Jul/2026:22:15:44 +0300] "GET /z36401966949156 HTTP/1.1" 301 0 "-" "Mozilla/5.0 (Linux; Android 6.0.1; Nexus 5X Build/MMB29P) AppleWebKit/537.36 (KHTML, like Gecko) Chrome/150.0.7871.46 Mobile Safari/537.36 (compatible; Googlebot/2.1; +http://www.google.com/bot.html)"
66.249.79.68 - - [10/Jul/2026:22:18:17 +0300] "GET /s14871065611133 HTTP/1.1" 404 131397 "-" "Mozilla/5.0 (Linux; Android 6.0.1; Nexus 5X Build/MMB29P) AppleWebKit/537.36 (KHTML, like Gecko) Chrome/150.0.7871.46 Mobile Safari/537.36 (compatible; Googlebot/2.1; +http://www.google.com/bot.html)"
66.249.79.67 - - [10/Jul/2026:22:18:25 +0300] "GET /z29754623992484 HTTP/1.1" 404 131397 "-" "Mozilla/5.0 (Linux; Android 6.0.1; Nexus 5X Build/MMB29P) AppleWebKit/537.36 (KHTML, like Gecko) Chrome/150.0.7871.46 Mobile Safari/537.36 (compatible; Googlebot/2.1; +http://www.google.com/bot.html)"
52.15.147.27 - - [10/Jul/2026:22:18:45 +0300] "HEAD / HTTP/1.1" 200 0 "https://sesimobilya.com" "Mozilla/5.0+(compatible; UptimeRobot/2.0; http://www.uptimerobot.com/)"
72.14.199.196 - - [10/Jul/2026:22:21:03 +0300] "GET /i48866687609609/ HTTP/1.1" 301 0 "-" "Mozilla/5.0 (X11; Linux x86_64) AppleWebKit/537.36 (KHTML, like Gecko) Chrome/150.0.7871.46 Safari/537.36"
72.14.199.131 - - [10/Jul/2026:22:21:05 +0300] "GET /i48866687609609/ HTTP/1.1" 404 131387 "-" "Mozilla/5.0 (X11; Linux x86_64) AppleWebKit/537.36 (KHTML, like Gecko) Chrome/150.0.7871.46 Safari/537.36"
72.14.199.130 - - [10/Jul/2026:22:21:12 +0300] "GET /wp-content/themes/astra/assets/css/minified/frontend.min.css?ver=4.6.9 HTTP/1.1" 200 48583 "https://sesimobilya.com/i48866687609609/" "Mozilla/5.0 (X11; Linux x86_64) AppleWebKit/537.36 (KHTML, like Gecko) Chrome/150.0.7871.46 Safari/537.36"
72.14.199.130 - - [10/Jul/2026:22:21:19 +0300] "GET /wp-content/plugins/ht-mega-for-elementor/admin/assets/extensions/ht-menu/css/font-awesome.min.css?ver=2.4.8 HTTP/1.1" 200 31000 "https://sesimobilya.com/i48866687609609/" "Mozilla/5.0 (X11; Linux x86_64) AppleWebKit/537.36 (KHTML, like Gecko) Chrome/150.0.7871.46 Safari/537.36"
72.14.199.130 - - [10/Jul/2026:22:21:25 +0300] "GET /wp-content/themes/astra/assets/css/minified/menu-animation.min.css?ver=4.6.9 HTTP/1.1" 200 3501 "https://sesimobilya.com/i48866687609609/" "Mozilla/5.0 (X11; Linux x86_64) AppleWebKit/537.36 (KHTML, like Gecko) Chrome/150.0.7871.46 Safari/537.36"
72.14.199.130 - - [10/Jul/2026:22:21:33 +0300] "GET /wp-content/plugins/ht-mega-for-elementor/htmega-blocks/build/style-blocks-htmega.css?ver=2.4.8 HTTP/1.1" 200 69756 "https://sesimobilya.com/i48866687609609/" "Mozilla/5.0 (X11; Linux x86_64) AppleWebKit/537.36 (KHTML, like Gecko) Chrome/150.0.7871.46 Safari/537.36"
72.14.199.130 - - [10/Jul/2026:22:21:41 +0300] "GET /wp-content/plugins/elementor/assets/css/frontend-lite.min.css?ver=3.20.3 HTTP/1.1" 200 118630 "https://sesimobilya.com/i48866687609609/" "Mozilla/5.0 (X11; Linux x86_64) AppleWebKit/537.36 (KHTML, like Gecko) Chrome/150.0.7871.46 Safari/537.36"
72.14.199.130 - - [10/Jul/2026:22:21:49 +0300] "GET /wp-content/plugins/elementor/assets/lib/eicons/css/elementor-icons.min.css?ver=5.29.0 HTTP/1.1" 200 19778 "https://sesimobilya.com/i48866687609609/" "Mozilla/5.0 (X11; Linux x86_64) AppleWebKit/537.36 (KHTML, like Gecko) Chrome/150.0.7871.46 Safari/537.36"
66.249.79.197 - - [10/Jul/2026:22:21:49 +0300] "GET /e34928984359766 HTTP/1.1" 301 0 "-" "Mozilla/5.0 (Linux; Android 6.0.1; Nexus 5X Build/MMB29P) AppleWebKit/537.36 (KHTML, like Gecko) Chrome/150.0.7871.46 Mobile Safari/537.36 (compatible; Googlebot/2.1; +http://www.google.com/bot.html)"
66.249.79.196 - - [10/Jul/2026:22:21:51 +0300] "GET /d36373774756434 HTTP/1.1" 301 0 "-" "Mozilla/5.0 (Linux; Android 6.0.1; Nexus 5X Build/MMB29P) AppleWebKit/537.36 (KHTML, like Gecko) Chrome/150.0.7871.46 Mobile Safari/537.36 (compatible; Googlebot/2.1; +http://www.google.com/bot.html)"
72.14.199.130 - - [10/Jul/2026:22:21:56 +0300] "GET /wp-content/plugins/header-footer-elementor/assets/css/header-footer-elementor.css?ver=1.6.26 HTTP/1.1" 200 776 "https://sesimobilya.com/i48866687609609/" "Mozilla/5.0 (X11; Linux x86_64) AppleWebKit/537.36 (KHTML, like Gecko) Chrome/150.0.7871.46 Safari/537.36"
72.14.199.130 - - [10/Jul/2026:22:22:04 +0300] "GET /wp-content/plugins/elementor/assets/lib/font-awesome/css/font-awesome.min.css?ver=4.7.0 HTTP/1.1" 200 30999 "https://sesimobilya.com/i48866687609609/" "Mozilla/5.0 (X11; Linux x86_64) AppleWebKit/537.36 (KHTML, like Gecko) Chrome/150.0.7871.46 Safari/537.36"
18.97.9.171 - - [10/Jul/2026:22:22:12 +0300] "GET /robots.txt HTTP/1.1" 200 184 "-" "CCBot/2.0 (https://commoncrawl.org/faq/)"
72.14.199.131 - - [10/Jul/2026:22:22:12 +0300] "GET /wp-content/plugins/elementor/assets/lib/font-awesome/css/v4-shims.min.css?ver=3.20.3 HTTP/1.1" 200 26702 "https://sesimobilya.com/i48866687609609/" "Mozilla/5.0 (X11; Linux x86_64) AppleWebKit/537.36 (KHTML, like Gecko) Chrome/150.0.7871.46 Safari/537.36"
18.97.9.171 - - [10/Jul/2026:22:22:15 +0300] "GET /zanas/ HTTP/1.1" 200 170819 "-" "CCBot/2.0 (https://commoncrawl.org/faq/)"
72.14.199.130 - - [10/Jul/2026:22:22:19 +0300] "GET /wp-content/plugins/ht-mega-for-elementor/assets/css/htmega-keyframes.css?ver=2.4.8 HTTP/1.1" 200 4730 "https://sesimobilya.com/i48866687609609/" "Mozilla/5.0 (X11; Linux x86_64) AppleWebKit/537.36 (KHTML, like Gecko) Chrome/150.0.7871.46 Safari/537.36"
72.14.199.130 - - [10/Jul/2026:22:22:27 +0300] "GET /wp-content/plugins/elementor/assets/lib/font-awesome/css/all.min.css?ver=3.20.3 HTTP/1.1" 200 59344 "https://sesimobilya.com/i48866687609609/" "Mozilla/5.0 (X11; Linux x86_64) AppleWebKit/537.36 (KHTML, like Gecko) Chrome/150.0.7871.46 Safari/537.36"
72.14.199.130 - - [10/Jul/2026:22:22:34 +0300] "GET /wp-content/plugins/essential-addons-for-elementor-lite/assets/front-end/css/view/general.min.css?ver=5.9.13 HTTP/1.1" 200 3758 "https://sesimobilya.com/i48866687609609/" "Mozilla/5.0 (X11; Linux x86_64) AppleWebKit/537.36 (KHTML, like Gecko) Chrome/150.0.7871.46 Safari/537.36"
72.14.199.130 - - [10/Jul/2026:22:22:41 +0300] "GET /wp-content/uploads/2023/05/sesimebelilogo1-300x300.png HTTP/1.1" 200 28524 "https://sesimobilya.com/i48866687609609/" "Mozilla/5.0 (X11; Linux x86_64) AppleWebKit/537.36 (KHTML, like Gecko) Chrome/150.0.7871.46 Safari/537.36"
72.14.199.130 - - [10/Jul/2026:22:22:49 +0300] "GET /wp-content/plugins/ht-mega-for-elementor/assets/css/htbbootstrap.css?ver=2.4.8 HTTP/1.1" 200 55435 "https://sesimobilya.com/i48866687609609/" "Mozilla/5.0 (X11; Linux x86_64) AppleWebKit/537.36 (KHTML, like Gecko) Chrome/150.0.7871.46 Safari/537.36"
72.14.199.130 - - [10/Jul/2026:22:22:56 +0300] "GET /wp-content/uploads/elementor/css/post-682.css?ver=1718798738 HTTP/1.1" 200 1239 "https://sesimobilya.com/i48866687609609/" "Mozilla/5.0 (X11; Linux x86_64) AppleWebKit/537.36 (KHTML, like Gecko) Chrome/150.0.7871.46 Safari/537.36"
72.14.199.131 - - [10/Jul/2026:22:23:03 +0300] "GET /wp-includes/js/jquery/jquery-migrate.min.js?ver=3.4.1 HTTP/1.1" 200 13577 "https://sesimobilya.com/i48866687609609/" "Mozilla/5.0 (X11; Linux x86_64) AppleWebKit/537.36 (KHTML, like Gecko) Chrome/150.0.7871.46 Safari/537.36"
72.14.199.130 - - [10/Jul/2026:22:23:10 +0300] "GET /wp-content/plugins/ht-mega-for-elementor/assets/js/slick.min.js?ver=2.4.8 HTTP/1.1" 200 43882 "https://sesimobilya.com/i48866687609609/" "Mozilla/5.0 (X11; Linux x86_64) AppleWebKit/537.36 (KHTML, like Gecko) Chrome/150.0.7871.46 Safari/537.36"
72.14.199.130 - - [10/Jul/2026:22:23:17 +0300] "GET /wp-content/plugins/ht-mega-for-elementor/htmega-blocks/src/assets/js/script.js?ver=2.4.8 HTTP/1.1" 200 2882 "https://sesimobilya.com/i48866687609609/" "Mozilla/5.0 (X11; Linux x86_64) AppleWebKit/537.36 (KHTML, like Gecko) Chrome/150.0.7871.46 Safari/537.36"
66.249.79.66 - - [10/Jul/2026:22:23:30 +0300] "GET /b13903174995106/ HTTP/1.1" 404 131398 "-" "Mozilla/5.0 (Linux; Android 6.0.1; Nexus 5X Build/MMB29P) AppleWebKit/537.36 (KHTML, like Gecko) Chrome/150.0.7871.46 Mobile Safari/537.36 (compatible; Googlebot/2.1; +http://www.google.com/bot.html)"
52.22.236.30 - - [10/Jul/2026:22:24:45 +0300] "HEAD / HTTP/1.1" 200 0 "https://sesimobilya.com" "Mozilla/5.0+(compatible; UptimeRobot/2.0; http://www.uptimerobot.com/)"
66.249.79.198 - - [10/Jul/2026:22:24:52 +0300] "GET /a49422054768555/ HTTP/1.1" 301 0 "-" "Mozilla/5.0 (Linux; Android 6.0.1; Nexus 5X Build/MMB29P) AppleWebKit/537.36 (KHTML, like Gecko) Chrome/150.0.7871.46 Mobile Safari/537.36 (compatible; Googlebot/2.1; +http://www.google.com/bot.html)"
72.14.199.198 - - [10/Jul/2026:22:25:02 +0300] "GET /a13664406481275/ HTTP/1.1" 301 0 "-" "Mozilla/5.0 (X11; Linux x86_64) AppleWebKit/537.36 (KHTML, like Gecko) Chrome/150.0.7871.46 Safari/537.36"
72.14.199.132 - - [10/Jul/2026:22:25:04 +0300] "GET /a13664406481275/ HTTP/1.1" 404 131387 "-" "Mozilla/5.0 (X11; Linux x86_64) AppleWebKit/537.36 (KHTML, like Gecko) Chrome/150.0.7871.46 Safari/537.36"
72.14.199.131 - - [10/Jul/2026:22:25:08 +0300] "GET /wp-includes/css/dashicons.min.css?ver=7.0 HTTP/1.1" 200 59004 "https://sesimobilya.com/a13664406481275/" "Mozilla/5.0 (X11; Linux x86_64) AppleWebKit/537.36 (KHTML, like Gecko) Chrome/150.0.7871.46 Safari/537.36"
72.14.199.130 - - [10/Jul/2026:22:25:14 +0300] "GET /wp-content/plugins/elementor/assets/lib/font-awesome/js/v4-shims.min.js?ver=3.20.3 HTTP/1.1" 200 15073 "https://sesimobilya.com/a13664406481275/" "Mozilla/5.0 (X11; Linux x86_64) AppleWebKit/537.36 (KHTML, like Gecko) Chrome/150.0.7871.46 Safari/537.36"
72.14.199.130 - - [10/Jul/2026:22:25:21 +0300] "GET /wp-content/plugins/ht-mega-for-elementor/htmega-blocks/src/assets/css/common-style.css?ver=2.4.8 HTTP/1.1" 200 6029 "https://sesimobilya.com/a13664406481275/" "Mozilla/5.0 (X11; Linux x86_64) AppleWebKit/537.36 (KHTML, like Gecko) Chrome/150.0.7871.46 Safari/537.36"
72.14.199.196 - - [10/Jul/2026:22:25:22 +0300] "GET /u24713984627235/ HTTP/1.1" 301 0 "-" "Mozilla/5.0 (X11; Linux x86_64) AppleWebKit/537.36 (KHTML, like Gecko) Chrome/150.0.7871.46 Safari/537.36"
72.14.199.130 - - [10/Jul/2026:22:25:28 +0300] "GET /wp-content/plugins/elementor/assets/lib/swiper/v8/css/swiper.min.css?ver=8.4.5 HTTP/1.1" 200 16471 "https://sesimobilya.com/a13664406481275/" "Mozilla/5.0 (X11; Linux x86_64) AppleWebKit/537.36 (KHTML, like Gecko) Chrome/150.0.7871.46 Safari/537.36"
72.14.199.130 - - [10/Jul/2026:22:25:35 +0300] "GET /wp-content/plugins/ht-mega-for-elementor/assets/css/animation.css?ver=2.4.8 HTTP/1.1" 200 71292 "https://sesimobilya.com/a13664406481275/" "Mozilla/5.0 (X11; Linux x86_64) AppleWebKit/537.36 (KHTML, like Gecko) Chrome/150.0.7871.46 Safari/537.36"
72.14.199.130 - - [10/Jul/2026:22:25:41 +0300] "GET /wp-content/plugins/ht-mega-for-elementor/assets/css/slick.min.css?ver=2.4.8 HTTP/1.1" 200 3779 "https://sesimobilya.com/a13664406481275/" "Mozilla/5.0 (X11; Linux x86_64) AppleWebKit/537.36 (KHTML, like Gecko) Chrome/150.0.7871.46 Safari/537.36"
72.14.199.130 - - [10/Jul/2026:22:25:48 +0300] "GET /wp-includes/js/jquery/jquery.min.js?ver=3.7.1 HTTP/1.1" 200 87553 "https://sesimobilya.com/a13664406481275/" "Mozilla/5.0 (X11; Linux x86_64) AppleWebKit/537.36 (KHTML, like Gecko) Chrome/150.0.7871.46 Safari/537.36"
72.14.199.130 - - [10/Jul/2026:22:25:55 +0300] "GET /wp-content/themes/astra/assets/js/minified/frontend.min.js?ver=4.6.9 HTTP/1.1" 200 21646 "https://sesimobilya.com/a13664406481275/" "Mozilla/5.0 (X11; Linux x86_64) AppleWebKit/537.36 (KHTML, like Gecko) Chrome/150.0.7871.46 Safari/537.36"
72.14.199.131 - - [10/Jul/2026:22:26:01 +0300] "GET /wp-includes/js/dist/dom-ready.min.js?ver=a06281ae5cf5500e9317 HTTP/1.1" 200 783 "https://sesimobilya.com/a13664406481275/" "Mozilla/5.0 (X11; Linux x86_64) AppleWebKit/537.36 (KHTML, like Gecko) Chrome/150.0.7871.46 Safari/537.36"
72.14.199.130 - - [10/Jul/2026:22:26:09 +0300] "GET /u24713984627235/ HTTP/1.1" 404 131387 "-" "Mozilla/5.0 (X11; Linux x86_64) AppleWebKit/537.36 (KHTML, like Gecko) Chrome/150.0.7871.46 Safari/537.36"
72.14.199.130 - - [10/Jul/2026:22:26:14 +0300] "GET /wp-content/plugins/astra-sites/inc/lib/onboarding/assets/dist/template-preview/main.js?ver=06758d4d807d9d22c6ea HTTP/1.1" 200 6581 "https://sesimobilya.com/a13664406481275/" "Mozilla/5.0 (X11; Linux x86_64) AppleWebKit/537.36 (KHTML, like Gecko) Chrome/150.0.7871.46 Safari/537.36"
72.14.199.130 - - [10/Jul/2026:22:26:21 +0300] "GET /wp-content/plugins/ht-mega-for-elementor/assets/js/popper.min.js?ver=2.4.8 HTTP/1.1" 200 18994 "https://sesimobilya.com/a13664406481275/" "Mozilla/5.0 (X11; Linux x86_64) AppleWebKit/537.36 (KHTML, like Gecko) Chrome/150.0.7871.46 Safari/537.36"
72.14.199.130 - - [10/Jul/2026:22:26:27 +0300] "GET /wp-content/plugins/ht-mega-for-elementor/assets/js/popper.min.js?ver=2.4.8 HTTP/1.1" 200 18994 "https://sesimobilya.com/u24713984627235/" "Mozilla/5.0 (X11; Linux x86_64) AppleWebKit/537.36 (KHTML, like Gecko) Chrome/150.0.7871.46 Safari/537.36"
72.14.199.130 - - [10/Jul/2026:22:26:33 +0300] "GET /wp-content/plugins/astra-sites/inc/lib/onboarding/assets/dist/template-preview/main.js?ver=06758d4d807d9d22c6ea HTTP/1.1" 200 6581 "https://sesimobilya.com/u24713984627235/" "Mozilla/5.0 (X11; Linux x86_64) AppleWebKit/537.36 (KHTML, like Gecko) Chrome/150.0.7871.46 Safari/537.36"
72.14.199.130 - - [10/Jul/2026:22:26:40 +0300] "GET /wp-content/plugins/essential-addons-for-elementor-lite/assets/front-end/js/view/general.min.js?ver=5.9.13 HTTP/1.1" 200 10287 "https://sesimobilya.com/u24713984627235/" "Mozilla/5.0 (X11; Linux x86_64) AppleWebKit/537.36 (KHTML, like Gecko) Chrome/150.0.7871.46 Safari/537.36"
72.14.199.130 - - [10/Jul/2026:22:26:46 +0300] "GET /wp-content/plugins/gtranslate/js/base.js?ver=7.0 HTTP/1.1" 200 13536 "https://sesimobilya.com/u24713984627235/" "Mozilla/5.0 (X11; Linux x86_64) AppleWebKit/537.36 (KHTML, like Gecko) Chrome/150.0.7871.46 Safari/537.36"
72.14.199.130 - - [10/Jul/2026:22:26:52 +0300] "GET /wp-content/plugins/ht-mega-for-elementor/assets/js/waypoints.js?ver=2.4.8 HTTP/1.1" 200 9029 "https://sesimobilya.com/u24713984627235/" "Mozilla/5.0 (X11; Linux x86_64) AppleWebKit/537.36 (KHTML, like Gecko) Chrome/150.0.7871.46 Safari/537.36"
72.14.199.132 - - [10/Jul/2026:22:26:59 +0300] "GET /wp-content/plugins/ht-mega-for-elementor/assets/js/htbbootstrap.js?ver=2.4.8 HTTP/1.1" 200 62651 "https://sesimobilya.com/u24713984627235/" "Mozilla/5.0 (X11; Linux x86_64) AppleWebKit/537.36 (KHTML, like Gecko) Chrome/150.0.7871.46 Safari/537.36"
72.14.199.130 - - [10/Jul/2026:22:27:04 +0300] "GET /wp-content/themes/astra/assets/fonts/astra.woff HTTP/1.1" 200 3304 "https://sesimobilya.com/u24713984627235/" "Mozilla/5.0 (X11; Linux x86_64) AppleWebKit/537.36 (KHTML, like Gecko) Chrome/150.0.7871.46 Safari/537.36"
72.14.199.130 - - [10/Jul/2026:22:27:10 +0300] "GET /wp-content/plugins/ht-mega-for-elementor/assets/js/htbbootstrap.js?ver=2.4.8 HTTP/1.1" 200 62651 "https://sesimobilya.com/a13664406481275/" "Mozilla/5.0 (X11; Linux x86_64) AppleWebKit/537.36 (KHTML, like Gecko) Chrome/150.0.7871.46 Safari/537.36"
72.14.199.130 - - [10/Jul/2026:22:27:16 +0300] "GET /wp-content/plugins/ht-mega-for-elementor/assets/js/waypoints.js?ver=2.4.8 HTTP/1.1" 200 9029 "https://sesimobilya.com/a13664406481275/" "Mozilla/5.0 (X11; Linux x86_64) AppleWebKit/537.36 (KHTML, like Gecko) Chrome/150.0.7871.46 Safari/537.36"
72.14.199.130 - - [10/Jul/2026:22:27:22 +0300] "GET /wp-content/plugins/gtranslate/flags/svg/bg.svg HTTP/1.1" 200 257 "https://sesimobilya.com/u24713984627235/" "Mozilla/5.0 (X11; Linux x86_64) AppleWebKit/537.36 (KHTML, like Gecko) Chrome/150.0.7871.46 Safari/537.36"
72.14.199.198 - - [10/Jul/2026:22:28:11 +0300] "GET /c22371677240156/ HTTP/1.1" 301 0 "-" "Mozilla/5.0 (X11; Linux x86_64) AppleWebKit/537.36 (KHTML, like Gecko) Chrome/150.0.7871.46 Safari/537.36"
72.14.199.131 - - [10/Jul/2026:22:28:12 +0300] "GET /c22371677240156/ HTTP/1.1" 404 131387 "-" "Mozilla/5.0 (X11; Linux x86_64) AppleWebKit/537.36 (KHTML, like Gecko) Chrome/150.0.7871.46 Safari/537.36"
72.14.199.131 - - [10/Jul/2026:22:28:16 +0300] "GET /b49376193753447/ HTTP/1.1" 404 131387 "-" "Mozilla/5.0 (X11; Linux x86_64) AppleWebKit/537.36 (KHTML, like Gecko) Chrome/150.0.7871.46 Safari/537.36"
72.14.199.197 - - [10/Jul/2026:22:28:27 +0300] "GET /a25444554390974/ HTTP/1.1" 301 0 "-" "Mozilla/5.0 (X11; Linux x86_64) AppleWebKit/537.36 (KHTML, like Gecko) Chrome/150.0.7871.46 Safari/537.36"
66.249.79.66 - - [10/Jul/2026:22:28:33 +0300] "GET /a42182513891255/ HTTP/1.1" 404 131398 "-" "Mozilla/5.0 (Linux; Android 6.0.1; Nexus 5X Build/MMB29P) AppleWebKit/537.36 (KHTML, like Gecko) Chrome/150.0.7871.46 Mobile Safari/537.36 (compatible; Googlebot/2.1; +http://www.google.com/bot.html)"
64.89.160.220 - - [10/Jul/2026:22:32:44 +0300] "GET / HTTP/1.1" 200 189581 "-" "-"
64.89.160.220 - - [10/Jul/2026:22:32:44 +0300] "GET / HTTP/1.1" 200 189581 "-" "-"
66.249.79.196 - - [10/Jul/2026:22:33:02 +0300] "GET /o43341767118160 HTTP/1.1" 301 0 "-" "Mozilla/5.0 (Linux; Android 6.0.1; Nexus 5X Build/MMB29P) AppleWebKit/537.36 (KHTML, like Gecko) Chrome/150.0.7871.46 Mobile Safari/537.36 (compatible; Googlebot/2.1; +http://www.google.com/bot.html)"
66.249.79.67 - - [10/Jul/2026:22:33:06 +0300] "GET /w35117097211714/ HTTP/1.1" 404 131387 "-" "Mozilla/5.0 (compatible; Googlebot/2.1; +http://www.google.com/bot.html)"
66.249.79.197 - - [10/Jul/2026:22:33:09 +0300] "GET /n33714155808193/ HTTP/1.1" 301 0 "-" "Mozilla/5.0 (Linux; Android 6.0.1; Nexus 5X Build/MMB29P) AppleWebKit/537.36 (KHTML, like Gecko) Chrome/150.0.7871.46 Mobile Safari/537.36 (compatible; Googlebot/2.1; +http://www.google.com/bot.html)"
